{"id":7,"date":"2020-06-17T18:42:43","date_gmt":"2020-06-17T16:42:43","guid":{"rendered":"https:\/\/gruene-wuppertal.de\/fraktion\/?page_id=7"},"modified":"2025-05-27T13:13:09","modified_gmt":"2025-05-27T11:13:09","slug":"impressum","status":"publish","type":"page","link":"https:\/\/gruene-wuppertal.de\/fraktion\/impressum\/","title":{"rendered":"Impressum"},"content":{"rendered":"<p>[vc_row content_width=&#8220;grid&#8220;][vc_column][vc_column_text css=&#8220;.vc_custom_1594405436372{margin-bottom: 32px !important;padding-top: 32px !important;padding-right: 32px !important;padding-bottom: 32px !important;padding-left: 32px !important;background-color: #ffffff !important;}&#8220; el_class=&#8220;shadowbox&#8220;]<\/p>\n<h1>Impressum<\/h1>\n<p>[\/vc_column_text][\/vc_column][\/vc_row][vc_row content_width=&#8220;grid&#8220;][vc_column][vc_row_inner el_class=&#8220;shadowbox&#8220;][vc_column_inner css=&#8220;.vc_custom_1594414629121{margin-bottom: 32px !important;padding-top: 32px !important;padding-right: 32px !important;padding-bottom: 32px !important;padding-left: 32px !important;background-color: #ffffff !important;}&#8220;]<div class=\"qodef-elements-holder qodef-two-columns qodef-responsive-mode-768\" ><div class=\"qodef-elements-holder-item qodef-vertical-alignment-middle qodef-horizontal-alignment-left\" >\n\t<div class=\"qodef-elements-holder-item-inner\">\n\t\t<div class=\"qodef-elements-holder-item-content qodef-elements-holder-custom-866418\" >\n\t\t\t\t\t\t[vc_column_text css=&#8220;.vc_custom_1596459423173{margin-bottom: 32px !important;}&#8220;]<\/p>\n<h2>Fraktion von B\u00fcndnis 90\/DIE GR\u00dcNEN<\/h2>\n<p><strong>im Rat der Stadt Wuppertal<\/strong><\/p>\n<p>Rathaus Barmen<br \/>\nZimmer 147<br \/>\nJohannes-Rau-Platz 1<br \/>\n42269 Wuppertal[\/vc_column_text]\t\t<\/div>\n\t<\/div>\n<\/div><div class=\"qodef-elements-holder-item qodef-vertical-alignment-middle qodef-horizontal-alignment-left\" >\n\t<div class=\"qodef-elements-holder-item-inner\">\n\t\t<div class=\"qodef-elements-holder-item-content qodef-elements-holder-custom-610892\" >\n\t\t\t\t\t\t[vc_column_text]<\/p>\n<h2>Verantwortlich gem\u00e4\u00df \u00a7 6 MDStV:<\/h2>\n<p><strong>Denise Frings und Paul Yves Orth-Ramette (V.i.S.d.P.)<\/strong><\/p>\n<p><strong>T:<\/strong> 0202 \u2013 563 6204<br \/>\n<a href=\"mailto: fraktion@gruene-wuppertal.de\">\u00bb E-Mail<\/a>[\/vc_column_text]\t\t<\/div>\n\t<\/div>\n<\/div><\/div>[\/vc_column_inner][\/vc_row_inner][\/vc_column][\/vc_row][vc_row content_width=&#8220;grid&#8220; css=&#8220;.vc_custom_1592514833515{margin-bottom: 32px !important;}&#8220;][vc_column][vc_column_text css=&#8220;.vc_custom_1592514847592{padding-top: 32px !important;padding-right: 32px !important;padding-bottom: 32px !important;padding-left: 32px !important;background-color: #ffffff !important;}&#8220; el_class=&#8220;shadowbox&#8220;]<\/p>\n<h3>Betreuung der Internetseite<\/h3>\n<p><a href=\"https:\/\/computento.de\/\" target=\"_blank\" rel=\"noopener noreferrer\">computento.de<\/a>[\/vc_column_text][\/vc_column][\/vc_row][vc_row content_width=&#8220;grid&#8220; css=&#8220;.vc_custom_1594943886979{margin-bottom: 32px !important;}&#8220;][vc_column][vc_column_text css=&#8220;.vc_custom_1600289962403{padding-top: 32px !important;padding-right: 32px !important;padding-bottom: 32px !important;padding-left: 32px !important;background-color: #ffffff !important;}&#8220; el_class=&#8220;shadowbox&#8220;]<\/p>\n<h3>Rechtliche Hinweise<\/h3>\n<h4>Bildnachweise<\/h4>\n<p>Seite &#8222;<a href=\"https:\/\/gruene-wuppertal.de\/fraktion\/links\/\">Links<\/a>&#8222;: Bild <a href=\"https:\/\/pixabay.com\/de\/photos\/sonnenblume-sonnenuntergang-sommer-1502357\/\" target=\"_blank\" rel=\"noopener noreferrer\">Pixabay<\/a>, user <a class=\"hover_opacity\" href=\"https:\/\/pixabay.com\/de\/users\/adamkontor-79075\/\" target=\"_blank\" rel=\"noopener noreferrer\">adamkontor<\/a><\/p>\n<p>Seite &#8222;<a href=\"https:\/\/gruene-wuppertal.de\/fraktion\/impressum\/\">Impressum<\/a>&#8222;: Bild <a href=\"https:\/\/pixabay.com\/de\/photos\/sonnenblumen-sonnenblume-4998633\/\" target=\"_blank\" rel=\"noopener noreferrer\">Pixabay<\/a>, user <a class=\"hover_opacity\" href=\"https:\/\/pixabay.com\/de\/users\/paul_gruber-15874338\/\" target=\"_blank\" rel=\"noopener noreferrer\">paul_gruber<\/a><\/p>\n<p>Seite &#8222;<a href=\"https:\/\/gruene-wuppertal.de\/fraktion\/dokumente\/\">Dokumente<\/a>&#8222;: Bild <a href=\"https:\/\/pixabay.com\/de\/photos\/reise-architektur-verkehrssystem-3098985\/\" target=\"_blank\" rel=\"noopener noreferrer\">Pixabay<\/a>, user <a class=\"hover_opacity\" href=\"https:\/\/pixabay.com\/de\/users\/norbertkarow-7607078\/\" target=\"_blank\" rel=\"noopener noreferrer\">norbertkarow<\/a><\/p>\n<p>Seite &#8222;<a href=\"https:\/\/gruene-wuppertal.de\/fraktion\/aktuell\/\">Aktuell<\/a>&#8222;: Bild <a href=\"https:\/\/pixabay.com\/de\/photos\/wuppertal-schwebebahn-viadukt-3568817\/\" target=\"_blank\" rel=\"noopener noreferrer\">Pixabay<\/a>, user <a class=\"hover_opacity\" href=\"https:\/\/pixabay.com\/de\/users\/StephanieAlbert-8562402\/\" target=\"_blank\" rel=\"noopener noreferrer\">StephanieAlbert<\/a><\/p>\n<p>Karte Bezirksvertretung: Wikipedia<\/p>\n<p>&nbsp;<\/p>\n<h4>Haftung f\u00fcr Links<\/h4>\n<p>Unser Angebot enth\u00e4lt Links zu externen Webseiten Dritter, auf deren Inhalte wir keinen Einfluss haben. Deshalb k\u00f6nnen wir f\u00fcr diese fremden Inhalte auch keine Gew\u00e4hr \u00fcbernehmen. F\u00fcr die Inhalte der verlinkten Seiten ist stets der jeweilige Anbieter oder Betreiber der Seiten verantwortlich. Die verlinkten Seiten wurden zum Zeitpunkt der Verlinkung auf m\u00f6gliche Rechtsverst\u00f6\u00dfe \u00fcberpr\u00fcft. Rechtswidrige Inhalte waren zum Zeitpunkt der Verlinkung nicht erkennbar. Eine permanente inhaltliche Kontrolle der verlinkten Seiten ist jedoch ohne konkrete Anhaltspunkte einer Rechtsverletzung nicht zumutbar. Bei bekannt werden von Rechtsverletzungen werden wir derartige Links umgehend entfernen.[\/vc_column_text][\/vc_column][\/vc_row]<\/p>\n<div class=\"hupso-share-buttons\"><!-- Hupso Share Buttons - https:\/\/www.hupso.com\/share\/ --><a class=\"hupso_toolbar\" href=\"https:\/\/www.hupso.com\/share\/\"><img decoding=\"async\" src=\"https:\/\/static.hupso.com\/share\/buttons\/dot.png\" style=\"border:0px; padding-top: 5px; float:left;\" alt=\"Share Button\"\/><\/a><script type=\"text\/javascript\">var hupso_services_t=new Array(\"Twitter\",\"Facebook\",\"Pinterest\",\"Linkedin\",\"Email\");var hupso_background_t=\"#EAF4FF\";var hupso_border_t=\"#66CCFF\";var hupso_toolbar_size_t=\"medium\";var hupso_image_folder_url = \"\";var hupso_url_t=\"\";var hupso_title_t=\"Impressum\";<\/script><script type=\"text\/javascript\" src=\"https:\/\/static.hupso.com\/share\/js\/share_toolbar.js\"><\/script><!-- Hupso Share Buttons --><\/div>","protected":false},"excerpt":{"rendered":"<p>[vc_row content_width=&#8220;grid&#8220;][vc_column][vc_column_text css=&#8220;.vc_custom_1594405436372{margin-bottom: 32px !important;padding-top: 32px !important;padding-right: 32px !important;padding-bottom: 32px !important;padding-left: 32px !important;background-color: #ffffff !important;}&#8220; el_class=&#8220;shadowbox&#8220;] Impressum [\/vc_column_text][\/vc_column][\/vc_row][vc_row content_width=&#8220;grid&#8220;][vc_column][vc_row_inner el_class=&#8220;shadowbox&#8220;][vc_column_inner css=&#8220;.vc_custom_1594414629121{margin-bottom: 32px !important;padding-top: 32px !important;padding-right: 32px !important;padding-bottom: 32px !important;padding-left: 32px !important;background-color: #ffffff !important;}&#8220;][\/vc_column_inner][\/vc_row_inner][\/vc_column][\/vc_row][vc_row content_width=&#8220;grid&#8220; css=&#8220;.vc_custom_1592514833515{margin-bottom: 32px !important;}&#8220;][vc_column][vc_column_text css=&#8220;.vc_custom_1592514847592{padding-top: 32px !important;padding-right: 32px !important;padding-bottom: 32px !important;padding-left: 32px&#8230;<\/p>\n","protected":false},"author":1,"featured_media":0,"parent":0,"menu_order":100,"comment_status":"closed","ping_status":"closed","template":"full-width.php","meta":{"footnotes":"","_wp_rev_ctl_limit":""},"yoast_head":"<!-- This site is optimized with the Yoast SEO plugin v21.8 - https:\/\/yoast.com\/wordpress\/plugins\/seo\/ -->\n<title>Impressum - Fraktion von B\u00fcndnis 90 \/ DIE GR\u00dcNEN im Rat der Stadt Wuppertal<\/title>\n<meta name=\"robots\" content=\"index, follow, max-snippet:-1, max-image-preview:large, max-video-preview:-1\" \/>\n<link rel=\"canonical\" href=\"https:\/\/gruene-wuppertal.de\/fraktion\/impressum\/\" \/>\n<meta property=\"og:locale\" content=\"de_DE\" \/>\n<meta property=\"og:type\" content=\"article\" \/>\n<meta property=\"og:title\" content=\"Impressum - Fraktion von B\u00fcndnis 90 \/ DIE GR\u00dcNEN im Rat der Stadt Wuppertal\" \/>\n<meta property=\"og:description\" content=\"[vc_row content_width=&#8220;grid&#8220;][vc_column][vc_column_text css=&#8220;.vc_custom_1594405436372{margin-bottom: 32px !important;padding-top: 32px !important;padding-right: 32px !important;padding-bottom: 32px !important;padding-left: 32px !important;background-color: #ffffff !important;}&#8220; el_class=&#8220;shadowbox&#8220;] Impressum [\/vc_column_text][\/vc_column][\/vc_row][vc_row content_width=&#8220;grid&#8220;][vc_column][vc_row_inner el_class=&#8220;shadowbox&#8220;][vc_column_inner css=&#8220;.vc_custom_1594414629121{margin-bottom: 32px !important;padding-top: 32px !important;padding-right: 32px !important;padding-bottom: 32px !important;padding-left: 32px !important;background-color: #ffffff !important;}&#8220;][\/vc_column_inner][\/vc_row_inner][\/vc_column][\/vc_row][vc_row content_width=&#8220;grid&#8220; css=&#8220;.vc_custom_1592514833515{margin-bottom: 32px !important;}&#8220;][vc_column][vc_column_text css=&#8220;.vc_custom_1592514847592{padding-top: 32px !important;padding-right: 32px !important;padding-bottom: 32px !important;padding-left: 32px...\" \/>\n<meta property=\"og:url\" content=\"https:\/\/gruene-wuppertal.de\/fraktion\/impressum\/\" \/>\n<meta property=\"og:site_name\" content=\"Fraktion von B\u00fcndnis 90 \/ DIE GR\u00dcNEN im Rat der Stadt Wuppertal\" \/>\n<meta property=\"article:modified_time\" content=\"2025-05-27T11:13:09+00:00\" \/>\n<meta name=\"twitter:card\" content=\"summary_large_image\" \/>\n<meta name=\"twitter:label1\" content=\"Gesch\u00e4tzte Lesezeit\" \/>\n\t<meta name=\"twitter:data1\" content=\"2 Minuten\" \/>\n<script type=\"application\/ld+json\" class=\"yoast-schema-graph\">{\"@context\":\"https:\/\/schema.org\",\"@graph\":[{\"@type\":\"WebPage\",\"@id\":\"https:\/\/gruene-wuppertal.de\/fraktion\/impressum\/\",\"url\":\"https:\/\/gruene-wuppertal.de\/fraktion\/impressum\/\",\"name\":\"Impressum - Fraktion von B\u00fcndnis 90 \/ DIE GR\u00dcNEN im Rat der Stadt Wuppertal\",\"isPartOf\":{\"@id\":\"https:\/\/gruene-wuppertal.de\/fraktion\/#website\"},\"datePublished\":\"2020-06-17T16:42:43+00:00\",\"dateModified\":\"2025-05-27T11:13:09+00:00\",\"breadcrumb\":{\"@id\":\"https:\/\/gruene-wuppertal.de\/fraktion\/impressum\/#breadcrumb\"},\"inLanguage\":\"de-DE\",\"potentialAction\":[{\"@type\":\"ReadAction\",\"target\":[\"https:\/\/gruene-wuppertal.de\/fraktion\/impressum\/\"]}]},{\"@type\":\"BreadcrumbList\",\"@id\":\"https:\/\/gruene-wuppertal.de\/fraktion\/impressum\/#breadcrumb\",\"itemListElement\":[{\"@type\":\"ListItem\",\"position\":1,\"name\":\"Startseite\",\"item\":\"https:\/\/gruene-wuppertal.de\/fraktion\/\"},{\"@type\":\"ListItem\",\"position\":2,\"name\":\"Impressum\"}]},{\"@type\":\"WebSite\",\"@id\":\"https:\/\/gruene-wuppertal.de\/fraktion\/#website\",\"url\":\"https:\/\/gruene-wuppertal.de\/fraktion\/\",\"name\":\"Fraktion von B\u00fcndnis 90 \/ DIE GR\u00dcNEN im Rat der Stadt Wuppertal\",\"description\":\"\",\"potentialAction\":[{\"@type\":\"SearchAction\",\"target\":{\"@type\":\"EntryPoint\",\"urlTemplate\":\"https:\/\/gruene-wuppertal.de\/fraktion\/?s={search_term_string}\"},\"query-input\":\"required name=search_term_string\"}],\"inLanguage\":\"de-DE\"}]}<\/script>\n<!-- \/ Yoast SEO plugin. -->","yoast_head_json":{"title":"Impressum - Fraktion von B\u00fcndnis 90 \/ DIE GR\u00dcNEN im Rat der Stadt Wuppertal","robots":{"index":"index","follow":"follow","max-snippet":"max-snippet:-1","max-image-preview":"max-image-preview:large","max-video-preview":"max-video-preview:-1"},"canonical":"https:\/\/gruene-wuppertal.de\/fraktion\/impressum\/","og_locale":"de_DE","og_type":"article","og_title":"Impressum - Fraktion von B\u00fcndnis 90 \/ DIE GR\u00dcNEN im Rat der Stadt Wuppertal","og_description":"[vc_row content_width=&#8220;grid&#8220;][vc_column][vc_column_text css=&#8220;.vc_custom_1594405436372{margin-bottom: 32px !important;padding-top: 32px !important;padding-right: 32px !important;padding-bottom: 32px !important;padding-left: 32px !important;background-color: #ffffff !important;}&#8220; el_class=&#8220;shadowbox&#8220;] Impressum [\/vc_column_text][\/vc_column][\/vc_row][vc_row content_width=&#8220;grid&#8220;][vc_column][vc_row_inner el_class=&#8220;shadowbox&#8220;][vc_column_inner css=&#8220;.vc_custom_1594414629121{margin-bottom: 32px !important;padding-top: 32px !important;padding-right: 32px !important;padding-bottom: 32px !important;padding-left: 32px !important;background-color: #ffffff !important;}&#8220;][\/vc_column_inner][\/vc_row_inner][\/vc_column][\/vc_row][vc_row content_width=&#8220;grid&#8220; css=&#8220;.vc_custom_1592514833515{margin-bottom: 32px !important;}&#8220;][vc_column][vc_column_text css=&#8220;.vc_custom_1592514847592{padding-top: 32px !important;padding-right: 32px !important;padding-bottom: 32px !important;padding-left: 32px...","og_url":"https:\/\/gruene-wuppertal.de\/fraktion\/impressum\/","og_site_name":"Fraktion von B\u00fcndnis 90 \/ DIE GR\u00dcNEN im Rat der Stadt Wuppertal","article_modified_time":"2025-05-27T11:13:09+00:00","twitter_card":"summary_large_image","twitter_misc":{"Gesch\u00e4tzte Lesezeit":"2 Minuten"},"schema":{"@context":"https:\/\/schema.org","@graph":[{"@type":"WebPage","@id":"https:\/\/gruene-wuppertal.de\/fraktion\/impressum\/","url":"https:\/\/gruene-wuppertal.de\/fraktion\/impressum\/","name":"Impressum - Fraktion von B\u00fcndnis 90 \/ DIE GR\u00dcNEN im Rat der Stadt Wuppertal","isPartOf":{"@id":"https:\/\/gruene-wuppertal.de\/fraktion\/#website"},"datePublished":"2020-06-17T16:42:43+00:00","dateModified":"2025-05-27T11:13:09+00:00","breadcrumb":{"@id":"https:\/\/gruene-wuppertal.de\/fraktion\/impressum\/#breadcrumb"},"inLanguage":"de-DE","potentialAction":[{"@type":"ReadAction","target":["https:\/\/gruene-wuppertal.de\/fraktion\/impressum\/"]}]},{"@type":"BreadcrumbList","@id":"https:\/\/gruene-wuppertal.de\/fraktion\/impressum\/#breadcrumb","itemListElement":[{"@type":"ListItem","position":1,"name":"Startseite","item":"https:\/\/gruene-wuppertal.de\/fraktion\/"},{"@type":"ListItem","position":2,"name":"Impressum"}]},{"@type":"WebSite","@id":"https:\/\/gruene-wuppertal.de\/fraktion\/#website","url":"https:\/\/gruene-wuppertal.de\/fraktion\/","name":"Fraktion von B\u00fcndnis 90 \/ DIE GR\u00dcNEN im Rat der Stadt Wuppertal","description":"","potentialAction":[{"@type":"SearchAction","target":{"@type":"EntryPoint","urlTemplate":"https:\/\/gruene-wuppertal.de\/fraktion\/?s={search_term_string}"},"query-input":"required name=search_term_string"}],"inLanguage":"de-DE"}]}},"post_mailing_queue_ids":[],"_links":{"self":[{"href":"https:\/\/gruene-wuppertal.de\/fraktion\/wp-json\/wp\/v2\/pages\/7"}],"collection":[{"href":"https:\/\/gruene-wuppertal.de\/fraktion\/wp-json\/wp\/v2\/pages"}],"about":[{"href":"https:\/\/gruene-wuppertal.de\/fraktion\/wp-json\/wp\/v2\/types\/page"}],"author":[{"embeddable":true,"href":"https:\/\/gruene-wuppertal.de\/fraktion\/wp-json\/wp\/v2\/users\/1"}],"replies":[{"embeddable":true,"href":"https:\/\/gruene-wuppertal.de\/fraktion\/wp-json\/wp\/v2\/comments?post=7"}],"version-history":[{"count":10,"href":"https:\/\/gruene-wuppertal.de\/fraktion\/wp-json\/wp\/v2\/pages\/7\/revisions"}],"predecessor-version":[{"id":22462,"href":"https:\/\/gruene-wuppertal.de\/fraktion\/wp-json\/wp\/v2\/pages\/7\/revisions\/22462"}],"wp:attachment":[{"href":"https:\/\/gruene-wuppertal.de\/fraktion\/wp-json\/wp\/v2\/media?parent=7"}],"curies":[{"name":"wp","href":"https:\/\/api.w.org\/{rel}","templated":true}]}}