{"id":17827,"date":"2020-07-16T22:18:06","date_gmt":"2020-07-16T20:18:06","guid":{"rendered":"https:\/\/gruene-wuppertal.de\/fraktion\/?page_id=17827"},"modified":"2020-07-24T23:53:12","modified_gmt":"2020-07-24T21:53:12","slug":"vohwinkel","status":"publish","type":"page","link":"https:\/\/gruene-wuppertal.de\/fraktion\/bezirksvertreterinnen\/vohwinkel\/","title":{"rendered":"Vohwinkel"},"content":{"rendered":"<p>[vc_row content_width=&#8220;grid&#8220;][vc_column][vc_column_text el_class=&#8220;shadowbox&#8220; css=&#8220;.vc_custom_1594930670651{margin-bottom: 32px !important;padding-top: 32px !important;padding-right: 32px !important;padding-bottom: 32px !important;padding-left: 32px !important;background-color: #ffffff !important;}&#8220;]<\/p>\n<h1>Bezirk<\/h1>\n<h2>Vohwinkel<\/h2>\n<p>[\/vc_column_text][\/vc_column][\/vc_row][vc_row content_width=&#8220;grid&#8220;][vc_column][vc_column_text el_class=&#8220;shadowbox&#8220; css=&#8220;.vc_custom_1594930677308{margin-bottom: 32px !important;padding-top: 32px !important;padding-right: 32px !important;padding-bottom: 32px !important;padding-left: 32px !important;background-color: #ffffff !important;}&#8220;]<div class=\"bezirk-subtitle\"><h3>Ihre Bezirksvertreter*innen<\/h3><\/div><div class=\"userbox-outer\"><div class=\"userbox-inner\"><div class=\"mitarbeiterbox-content\"><div class=\"userbox-imagebox\"><img decoding=\"async\" src=\"https:\/\/gruene-wuppertal.de\/fraktion\/wp-content\/uploads\/2020\/09\/barbara_hochkant.jpg\" class=\"userbox-image\" \/><\/div><div class=\"userbox-name\"><h3>Barbara Naguib<\/h3><\/div><div class=\"bezirksfunktionen-content\"><div class=\"userbox-bezirksfunktion\">Zweite stellv. Bezirksb\u00fcrgermeisterin<\/div><\/div><div class=\"userbox-email\"><a href=\"mailto:barbara.naguib@gruene-wuppertal.de\" title=\"E-Mail senden\"><div class=\"dashicons dashicons-email\"><\/div> E-Mail senden<\/a><\/div><\/div><\/div><\/div><div class=\"userbox-outer\"><div class=\"userbox-inner\"><div class=\"mitarbeiterbox-content\"><div class=\"userbox-imagebox\"><img decoding=\"async\" src=\"https:\/\/gruene-wuppertal.de\/fraktion\/wp-content\/uploads\/2025\/11\/Portrait_placeholder.png\" class=\"userbox-image\" \/><\/div><div class=\"userbox-name\"><h3>Miriam Alexandra J\u00e4ger<\/h3><\/div><div class=\"bezirksfunktionen-content\"><div class=\"userbox-bezirksfunktion\">Fraktionssprecherin<\/div><\/div><div class=\"userbox-email\"><a href=\"mailto:miriam.alexandra.jaeger@gruene-wuppertal.de\" title=\"E-Mail senden\"><div class=\"dashicons dashicons-email\"><\/div> E-Mail senden<\/a><\/div><\/div><\/div><\/div><div style=\"clear:both;\"><\/div>[\/vc_column_text][\/vc_column][\/vc_row][vc_row content_width=&#8220;grid&#8220;][vc_column][vc_column_text el_class=&#8220;shadowbox&#8220; css=&#8220;.vc_custom_1594930683033{margin-bottom: 32px !important;padding-top: 32px !important;padding-right: 32px !important;padding-bottom: 32px !important;padding-left: 32px !important;background-color: #ffffff !important;}&#8220;]<div class=\"bezirk-subtitle\"><h3>Nachrichten<\/h3><\/div><div class=\"themen-outerbox\"><ul><li class=\"beitrag_wrapper\"><div class=\"beitrag_wrapper_inner\"><div class=\"beitrag_titel\"><h4><a href=\"https:\/\/gruene-wuppertal.de\/fraktion\/bezirksvertretung\/weihnachtsmarkt-schloss-gruenewald\/\" title=\"Weihnachtsmarkt Schloss Gr\u00fcnewald\">Weihnachtsmarkt Schloss Gr\u00fcnewald<\/a><\/h4><\/div><div class=\"beitrag_datum\">18. December 2025<\/div><div class=\"beitrag_kurzbeschreibung\"><p>Der Weihnachtsmarkt auf Schloss Gr\u00fcnewald erreicht von Jahr zu Jahr gr\u00f6\u00dfere Beliebtheit und ist inzwischen\u00a0 an allen 4 Adventswochenenden von Freitag bis Sonntag ge\u00f6ffnet. Er erreicht ein \u00fcberregionales Publikum, wobei leider die Abwicklung des An- und Abreiseverkehrs f\u00fcr die Nachbarschaft deutlich belastend und wenig umweltvertr\u00e4glich l\u00e4uft. So werden die Fahrradstreifen auf der Gr\u00e4frather Seite kurzerhand aufgehoben und zu &#8222;Pop-up-Parkpl\u00e4tzen&#8220; umfunktioniert. Abstellfl\u00e4chen f\u00fcr Fahrr\u00e4der fehlen dagegen v\u00f6llig, als Radfahrer\/in ist man also eindeutig nicht vorgesehen. Die &#8230;<\/p>\n<div class=\"hupso-share-buttons\"><!-- Hupso Share Buttons - https:\/\/www.hupso.com\/share\/ --><a class=\"hupso_toolbar\" href=\"https:\/\/www.hupso.com\/share\/\"><img decoding=\"async\" src=\"https:\/\/static.hupso.com\/share\/buttons\/dot.png\" style=\"border:0px; padding-top: 5px; float:left;\" alt=\"Share Button\"\/><\/a><script type=\"text\/javascript\">var hupso_services_t=new Array(\"Twitter\",\"Facebook\",\"Pinterest\",\"Linkedin\",\"Email\");var hupso_background_t=\"#EAF4FF\";var hupso_border_t=\"#66CCFF\";var hupso_toolbar_size_t=\"medium\";var hupso_image_folder_url = \"\";var hupso_url_t=\"\";var hupso_title_t=\"Vohwinkel\";<\/script><script type=\"text\/javascript\" src=\"https:\/\/static.hupso.com\/share\/js\/share_toolbar.js\"><\/script><!-- Hupso Share Buttons --><\/div><\/div><div class=\"beitrag_link\"><a href=\"https:\/\/gruene-wuppertal.de\/fraktion\/bezirksvertretung\/weihnachtsmarkt-schloss-gruenewald\/\" title=\"Weihnachtsmarkt Schloss Gr\u00fcnewald\" class=\"readmore\">Weiterlesen &raquo;<\/a><\/div><div style=\"clear:both;\"><\/div><\/div><\/li><li class=\"beitrag_wrapper\"><div class=\"beitrag_wrapper_inner\"><div class=\"beitrag_titel\"><h4><a href=\"https:\/\/gruene-wuppertal.de\/fraktion\/bezirksvertretung\/s-28-was-lange-waehrt-wird-endlich-gut\/\" title=\"S 28: Was lange w\u00e4hrt, wird endlich gut!\">S 28: Was lange w\u00e4hrt, wird endlich gut!<\/a><\/h4><\/div><div class=\"beitrag_datum\">14. December 2020<\/div><div class=\"beitrag_kurzbeschreibung\"><p><img loading=\"lazy\" decoding=\"async\" class=\"alignnone size-medium wp-image-18360\" src=\"https:\/\/gruene-wuppertal.de\/fraktion\/wp-content\/uploads\/2020\/12\/S28_Vohwinkel-300x166.jpg\" alt=\"\" width=\"300\" height=\"166\" srcset=\"https:\/\/gruene-wuppertal.de\/fraktion\/wp-content\/uploads\/2020\/12\/S28_Vohwinkel-300x166.jpg 300w, https:\/\/gruene-wuppertal.de\/fraktion\/wp-content\/uploads\/2020\/12\/S28_Vohwinkel-1024x567.jpg 1024w, https:\/\/gruene-wuppertal.de\/fraktion\/wp-content\/uploads\/2020\/12\/S28_Vohwinkel-768x425.jpg 768w, https:\/\/gruene-wuppertal.de\/fraktion\/wp-content\/uploads\/2020\/12\/S28_Vohwinkel-1536x850.jpg 1536w, https:\/\/gruene-wuppertal.de\/fraktion\/wp-content\/uploads\/2020\/12\/S28_Vohwinkel.jpg 1900w\" sizes=\"(max-width: 300px) 100vw, 300px\" \/><\/p>\n<p>&#8230;Endlich &#8211; heute Morgen (13.12.20),\u00a0 7:06 Uhr in Wuppertal-Vohwinkel, die S 28 bei ihrer \u201e Jungfernfahrt&#8220;. Mit dabei Mitglieder der BV Vohwinkel<br \/>\nv.l.n.r.<br \/>\nGeorg Dieker-Brennecke (Bezirksvertretung Vohwinkel, DIE LINKE),<br \/>\nDer Lokf\u00fchrer der ersten S28 von Mettmann-Stadtwald nach Wuppertal Hbf,<br \/>\nGeorg Brodmann (Bezirksb\u00fcrgermeister in Vohwinkel, SPD)<br \/>\nBarbara Naguib (stellv. Bezirksb\u00fcrgermeisterin in Vohwinkel, B\u00dcNDNIS 90\/DIE GR\u00dcNEN)<\/p>\n<p>Georg Brodmann \u00fcberreicht dem Lokf\u00fchrer ein s\u00fc\u00dfes Vohwinkeler Willkommenspr\u00e4sent.<\/p>\n<div class=\"hupso-share-buttons\"><!-- Hupso Share Buttons - https:\/\/www.hupso.com\/share\/ --><a class=\"hupso_toolbar\" href=\"https:\/\/www.hupso.com\/share\/\"><img decoding=\"async\" src=\"https:\/\/static.hupso.com\/share\/buttons\/dot.png\" style=\"border:0px; padding-top: 5px; float:left;\" alt=\"Share Button\"\/><\/a><script type=\"text\/javascript\">var hupso_services_t=new Array(\"Twitter\",\"Facebook\",\"Pinterest\",\"Linkedin\",\"Email\");var hupso_background_t=\"#EAF4FF\";var hupso_border_t=\"#66CCFF\";var hupso_toolbar_size_t=\"medium\";var hupso_image_folder_url = \"\";var hupso_url_t=\"\";var hupso_title_t=\"Vohwinkel\";<\/script><script type=\"text\/javascript\" src=\"https:\/\/static.hupso.com\/share\/js\/share_toolbar.js\"><\/script><!-- Hupso Share Buttons --><\/div><\/div><div class=\"beitrag_link\"><a href=\"https:\/\/gruene-wuppertal.de\/fraktion\/bezirksvertretung\/s-28-was-lange-waehrt-wird-endlich-gut\/\" title=\"S 28: Was lange w\u00e4hrt, wird endlich gut!\" class=\"readmore\">Weiterlesen &raquo;<\/a><\/div><div style=\"clear:both;\"><\/div><\/div><\/li><li class=\"beitrag_wrapper\"><div class=\"beitrag_wrapper_inner\"><div class=\"beitrag_titel\"><h4><a href=\"https:\/\/gruene-wuppertal.de\/fraktion\/bezirksvertretung\/einrichtung-einer-tempo-30-strecke-mit-unterstutzenden-masnahmen-auf-der-vohwinkler-strase-zwischen-rubensstrase-und-kaiserstrase\/\" title=\"Einrichtung einer Tempo-30-Strecke mit unterst\u00fctzenden Ma\u00dfnahmen auf der  Vohwinkler Stra\u00dfe zwischen Rubensstra\u00dfe und Kaiserstra\u00dfe\">Einrichtung einer Tempo-30-Strecke mit unterst\u00fctzenden Ma\u00dfnahmen auf der  Vohwinkler Stra\u00dfe zwischen Rubensstra\u00dfe und Kaiserstra\u00dfe<\/a><\/h4><\/div><div class=\"beitrag_datum\"> 5. December 2017<\/div><div class=\"beitrag_kurzbeschreibung\"><p>Antrag der Fraktionen von B\u00dcNDNIS 90\/DIE GR\u00dcNEN und SPD an die Bezirksvertretung Vohwinkel am 29.11.17<\/p>\n<p><strong>Der Antrag wurde als Pr\u00fcfauftrag beschlossen.<\/strong><\/p>\n<p>&nbsp;<\/p>\n<p>Sehr geehrter Herr Bezirksb\u00fcrgermeister,<\/p>\n<p>die Fraktionen von B\u00fcndnis 90\/DIE GR\u00dcNEN und der SPD beantragen, die Bezirksvertretung Vohwinkel m\u00f6ge folgendes beschlie\u00dfen:<\/p>\n<p>Die Verwaltung wird gebeten M\u00f6glichkeiten aufzuzeigen, wie eine Tempo 30 &#8211; Zone im Bereich der Vohwinkeler Stra\u00dfe, zwischen Rubensstra\u00dfe und Kaiserplatz eingerichtet werden kann?<\/p>\n<p>Dar\u00fcber\u00a0 hinaus\u00a0 bitten\u00a0 &#8230;<\/p>\n<div class=\"hupso-share-buttons\"><!-- Hupso Share Buttons - https:\/\/www.hupso.com\/share\/ --><a class=\"hupso_toolbar\" href=\"https:\/\/www.hupso.com\/share\/\"><img decoding=\"async\" src=\"https:\/\/static.hupso.com\/share\/buttons\/dot.png\" style=\"border:0px; padding-top: 5px; float:left;\" alt=\"Share Button\"\/><\/a><script type=\"text\/javascript\">var hupso_services_t=new Array(\"Twitter\",\"Facebook\",\"Pinterest\",\"Linkedin\",\"Email\");var hupso_background_t=\"#EAF4FF\";var hupso_border_t=\"#66CCFF\";var hupso_toolbar_size_t=\"medium\";var hupso_image_folder_url = \"\";var hupso_url_t=\"\";var hupso_title_t=\"Vohwinkel\";<\/script><script type=\"text\/javascript\" src=\"https:\/\/static.hupso.com\/share\/js\/share_toolbar.js\"><\/script><!-- Hupso Share Buttons --><\/div><\/div><div class=\"beitrag_link\"><a href=\"https:\/\/gruene-wuppertal.de\/fraktion\/bezirksvertretung\/einrichtung-einer-tempo-30-strecke-mit-unterstutzenden-masnahmen-auf-der-vohwinkler-strase-zwischen-rubensstrase-und-kaiserstrase\/\" title=\"Einrichtung einer Tempo-30-Strecke mit unterst\u00fctzenden Ma\u00dfnahmen auf der  Vohwinkler Stra\u00dfe zwischen Rubensstra\u00dfe und Kaiserstra\u00dfe\" class=\"readmore\">Weiterlesen &raquo;<\/a><\/div><div style=\"clear:both;\"><\/div><\/div><\/li><li class=\"beitrag_wrapper\"><div class=\"beitrag_wrapper_inner\"><div class=\"beitrag_titel\"><h4><a href=\"https:\/\/gruene-wuppertal.de\/fraktion\/bezirksvertretung\/radfahren-auf-den-strasen-vohwinkler-feld-waldkampfbahn\/\" title=\"Radfahren auf den Stra\u00dfen \u201eVohwinkler Feld \u2013 Waldkampfbahn\u201c\">Radfahren auf den Stra\u00dfen \u201eVohwinkler Feld \u2013 Waldkampfbahn\u201c<\/a><\/h4><\/div><div class=\"beitrag_datum\">20. March 2017<\/div><div class=\"beitrag_kurzbeschreibung\"><p><strong>Antrag zur Sondersitzung der Bezirksvertretung am 29. M\u00e4rz.2017<br \/>\n<\/strong><br \/>\n<strong>Die Antwort der Verwaltung finden Sie in dieser PDF-Datei:<\/strong><br \/>\n<a href=\"https:\/\/gruene-wuppertal.de\/fraktion\/wp-content\/uploads\/2017\/03\/Antwort_Radfahren.pdf\">Antwort_Radfahren<\/a><\/p>\n<p>Sehr geehrter Herr Bezirksb\u00fcrgermeister,<\/p>\n<p>die Fraktion B\u00fcndnis 90\/DIE GR\u00dcNEN in der Bezirksvertretung beantragt, die<br \/>\nBezirksvertretung Vohwinkel m\u00f6ge folgendes beschlie\u00dfen:<\/p>\n<p>Die Verwaltung wird gebeten, nach dem Wegfall des gemeinsamen Fu\u00df- und Radweges<br \/>\nan den o. g. Stra\u00dfen, f\u00fcr dieVermeidung einer Gefahrensituation durch geeignete<br \/>\nMa\u00dfnahmen (z. B. Einzeichnung von Schutzstreifen etc.)auf der Fahrbahn in &#8230;<\/p>\n<div class=\"hupso-share-buttons\"><!-- Hupso Share Buttons - https:\/\/www.hupso.com\/share\/ --><a class=\"hupso_toolbar\" href=\"https:\/\/www.hupso.com\/share\/\"><img decoding=\"async\" src=\"https:\/\/static.hupso.com\/share\/buttons\/dot.png\" style=\"border:0px; padding-top: 5px; float:left;\" alt=\"Share Button\"\/><\/a><script type=\"text\/javascript\">var hupso_services_t=new Array(\"Twitter\",\"Facebook\",\"Pinterest\",\"Linkedin\",\"Email\");var hupso_background_t=\"#EAF4FF\";var hupso_border_t=\"#66CCFF\";var hupso_toolbar_size_t=\"medium\";var hupso_image_folder_url = \"\";var hupso_url_t=\"\";var hupso_title_t=\"Vohwinkel\";<\/script><script type=\"text\/javascript\" src=\"https:\/\/static.hupso.com\/share\/js\/share_toolbar.js\"><\/script><!-- Hupso Share Buttons --><\/div><\/div><div class=\"beitrag_link\"><a href=\"https:\/\/gruene-wuppertal.de\/fraktion\/bezirksvertretung\/radfahren-auf-den-strasen-vohwinkler-feld-waldkampfbahn\/\" title=\"Radfahren auf den Stra\u00dfen \u201eVohwinkler Feld \u2013 Waldkampfbahn\u201c\" class=\"readmore\">Weiterlesen &raquo;<\/a><\/div><div style=\"clear:both;\"><\/div><\/div><\/li><li class=\"beitrag_wrapper\"><div class=\"beitrag_wrapper_inner\"><div class=\"beitrag_titel\"><h4><a href=\"https:\/\/gruene-wuppertal.de\/fraktion\/bezirksvertretung\/grune-bezirksvertretungen-wollen-weiterfuhrung-der-schulsozialarbeit\/\" title=\"GR\u00dcNE: Bezirksvertretungen wollen Weiterf\u00fchrung der Schulsozialarbeit\">GR\u00dcNE: Bezirksvertretungen wollen Weiterf\u00fchrung der Schulsozialarbeit<\/a><\/h4><\/div><div class=\"beitrag_datum\"> 3. November 2014<\/div><div class=\"beitrag_kurzbeschreibung\"><p>In der letzten Woche haben die BVen Vohwinkel und Uellendahl-Katernberg sich einstimmig f\u00fcr eine Weiterf\u00fchrung der Schulsozialarbeit in Wuppertal eingesetzt. Bleibt zu hoffen, dass dies Eindruck auf die Ratsfraktionen von SPD und CDU macht und diese sich dem Votum ihrer Bezirkvertreter*innen anschlie\u00dfen.<\/p>\n<p><strong>Gerhard Sch\u00e4fer<\/strong>, stellvertretender Bezirksb\u00fcrgermeister der GR\u00dcNEN in Vohwinkel:<br \/>\n\u201eWir haben die Fortschreibung des Haushaltssanierungsplans am Mittwoch in der Bezirksvertretungssitzung mehrheitlich abgelehnt, weil dort ab dem n\u00e4chsten Jahr keine Gelder f\u00fcr die Schulsozialarbeit &#8230;<\/p>\n<div class=\"hupso-share-buttons\"><!-- Hupso Share Buttons - https:\/\/www.hupso.com\/share\/ --><a class=\"hupso_toolbar\" href=\"https:\/\/www.hupso.com\/share\/\"><img decoding=\"async\" src=\"https:\/\/static.hupso.com\/share\/buttons\/dot.png\" style=\"border:0px; padding-top: 5px; float:left;\" alt=\"Share Button\"\/><\/a><script type=\"text\/javascript\">var hupso_services_t=new Array(\"Twitter\",\"Facebook\",\"Pinterest\",\"Linkedin\",\"Email\");var hupso_background_t=\"#EAF4FF\";var hupso_border_t=\"#66CCFF\";var hupso_toolbar_size_t=\"medium\";var hupso_image_folder_url = \"\";var hupso_url_t=\"\";var hupso_title_t=\"Vohwinkel\";<\/script><script type=\"text\/javascript\" src=\"https:\/\/static.hupso.com\/share\/js\/share_toolbar.js\"><\/script><!-- Hupso Share Buttons --><\/div><\/div><div class=\"beitrag_link\"><a href=\"https:\/\/gruene-wuppertal.de\/fraktion\/bezirksvertretung\/grune-bezirksvertretungen-wollen-weiterfuhrung-der-schulsozialarbeit\/\" title=\"GR\u00dcNE: Bezirksvertretungen wollen Weiterf\u00fchrung der Schulsozialarbeit\" class=\"readmore\">Weiterlesen &raquo;<\/a><\/div><div style=\"clear:both;\"><\/div><\/div><\/li><\/ul><\/div>[\/vc_column_text][\/vc_column][\/vc_row]<\/p>\n<div class=\"hupso-share-buttons\"><!-- Hupso Share Buttons - https:\/\/www.hupso.com\/share\/ --><a class=\"hupso_toolbar\" href=\"https:\/\/www.hupso.com\/share\/\"><img decoding=\"async\" src=\"https:\/\/static.hupso.com\/share\/buttons\/dot.png\" style=\"border:0px; padding-top: 5px; float:left;\" alt=\"Share Button\"\/><\/a><script type=\"text\/javascript\">var hupso_services_t=new Array(\"Twitter\",\"Facebook\",\"Pinterest\",\"Linkedin\",\"Email\");var hupso_background_t=\"#EAF4FF\";var hupso_border_t=\"#66CCFF\";var hupso_toolbar_size_t=\"medium\";var hupso_image_folder_url = \"\";var hupso_url_t=\"\";var hupso_title_t=\"Vohwinkel\";<\/script><script type=\"text\/javascript\" src=\"https:\/\/static.hupso.com\/share\/js\/share_toolbar.js\"><\/script><!-- Hupso Share Buttons --><\/div>","protected":false},"excerpt":{"rendered":"<p>[vc_row content_width=&#8220;grid&#8220;][vc_column][vc_column_text el_class=&#8220;shadowbox&#8220; css=&#8220;.vc_custom_1594930670651{margin-bottom: 32px !important;padding-top: 32px !important;padding-right: 32px !important;padding-bottom: 32px !important;padding-left: 32px !important;background-color: #ffffff !important;}&#8220;] Bezirk Vohwinkel [\/vc_column_text][\/vc_column][\/vc_row][vc_row content_width=&#8220;grid&#8220;][vc_column][vc_column_text el_class=&#8220;shadowbox&#8220; css=&#8220;.vc_custom_1594930677308{margin-bottom: 32px !important;padding-top: 32px !important;padding-right: 32px !important;padding-bottom: 32px !important;padding-left: 32px !important;background-color: #ffffff !important;}&#8220;][\/vc_column_text][\/vc_column][\/vc_row][vc_row content_width=&#8220;grid&#8220;][vc_column][vc_column_text el_class=&#8220;shadowbox&#8220; css=&#8220;.vc_custom_1594930683033{margin-bottom: 32px !important;padding-top: 32px !important;padding-right: 32px !important;padding-bottom: 32px !important;padding-left:&#8230;<\/p>\n","protected":false},"author":1,"featured_media":0,"parent":115,"menu_order":30,"comment_status":"closed","ping_status":"closed","template":"full-width.php","meta":{"footnotes":"","_wp_rev_ctl_limit":""},"yoast_head":"<!-- This site is optimized with the Yoast SEO plugin v21.8 - https:\/\/yoast.com\/wordpress\/plugins\/seo\/ -->\n<title>Vohwinkel - Fraktion von B\u00fcndnis 90 \/ DIE GR\u00dcNEN im Rat der Stadt Wuppertal<\/title>\n<meta name=\"robots\" content=\"index, follow, max-snippet:-1, max-image-preview:large, max-video-preview:-1\" \/>\n<link rel=\"canonical\" href=\"https:\/\/gruene-wuppertal.de\/fraktion\/bezirksvertreterinnen\/vohwinkel\/\" \/>\n<meta property=\"og:locale\" content=\"de_DE\" \/>\n<meta property=\"og:type\" content=\"article\" \/>\n<meta property=\"og:title\" content=\"Vohwinkel - Fraktion von B\u00fcndnis 90 \/ DIE GR\u00dcNEN im Rat der Stadt Wuppertal\" \/>\n<meta property=\"og:description\" content=\"[vc_row content_width=&#8220;grid&#8220;][vc_column][vc_column_text el_class=&#8220;shadowbox&#8220; css=&#8220;.vc_custom_1594930670651{margin-bottom: 32px !important;padding-top: 32px !important;padding-right: 32px !important;padding-bottom: 32px !important;padding-left: 32px !important;background-color: #ffffff !important;}&#8220;] Bezirk Vohwinkel [\/vc_column_text][\/vc_column][\/vc_row][vc_row content_width=&#8220;grid&#8220;][vc_column][vc_column_text el_class=&#8220;shadowbox&#8220; css=&#8220;.vc_custom_1594930677308{margin-bottom: 32px !important;padding-top: 32px !important;padding-right: 32px !important;padding-bottom: 32px !important;padding-left: 32px !important;background-color: #ffffff !important;}&#8220;][\/vc_column_text][\/vc_column][\/vc_row][vc_row content_width=&#8220;grid&#8220;][vc_column][vc_column_text el_class=&#8220;shadowbox&#8220; css=&#8220;.vc_custom_1594930683033{margin-bottom: 32px !important;padding-top: 32px !important;padding-right: 32px !important;padding-bottom: 32px !important;padding-left:...\" \/>\n<meta property=\"og:url\" content=\"https:\/\/gruene-wuppertal.de\/fraktion\/bezirksvertreterinnen\/vohwinkel\/\" \/>\n<meta property=\"og:site_name\" content=\"Fraktion von B\u00fcndnis 90 \/ DIE GR\u00dcNEN im Rat der Stadt Wuppertal\" \/>\n<meta property=\"article:modified_time\" content=\"2020-07-24T21:53:12+00:00\" \/>\n<meta name=\"twitter:card\" content=\"summary_large_image\" \/>\n<meta name=\"twitter:label1\" content=\"Gesch\u00e4tzte Lesezeit\" \/>\n\t<meta name=\"twitter:data1\" content=\"1 Minute\" \/>\n<script type=\"application\/ld+json\" class=\"yoast-schema-graph\">{\"@context\":\"https:\/\/schema.org\",\"@graph\":[{\"@type\":\"WebPage\",\"@id\":\"https:\/\/gruene-wuppertal.de\/fraktion\/bezirksvertreterinnen\/vohwinkel\/\",\"url\":\"https:\/\/gruene-wuppertal.de\/fraktion\/bezirksvertreterinnen\/vohwinkel\/\",\"name\":\"Vohwinkel - Fraktion von B\u00fcndnis 90 \/ DIE GR\u00dcNEN im Rat der Stadt Wuppertal\",\"isPartOf\":{\"@id\":\"https:\/\/gruene-wuppertal.de\/fraktion\/#website\"},\"datePublished\":\"2020-07-16T20:18:06+00:00\",\"dateModified\":\"2020-07-24T21:53:12+00:00\",\"breadcrumb\":{\"@id\":\"https:\/\/gruene-wuppertal.de\/fraktion\/bezirksvertreterinnen\/vohwinkel\/#breadcrumb\"},\"inLanguage\":\"de-DE\",\"potentialAction\":[{\"@type\":\"ReadAction\",\"target\":[\"https:\/\/gruene-wuppertal.de\/fraktion\/bezirksvertreterinnen\/vohwinkel\/\"]}]},{\"@type\":\"BreadcrumbList\",\"@id\":\"https:\/\/gruene-wuppertal.de\/fraktion\/bezirksvertreterinnen\/vohwinkel\/#breadcrumb\",\"itemListElement\":[{\"@type\":\"ListItem\",\"position\":1,\"name\":\"Startseite\",\"item\":\"https:\/\/gruene-wuppertal.de\/fraktion\/\"},{\"@type\":\"ListItem\",\"position\":2,\"name\":\"Bezirksvertreter*innen\",\"item\":\"https:\/\/gruene-wuppertal.de\/fraktion\/bezirksvertreterinnen\/\"},{\"@type\":\"ListItem\",\"position\":3,\"name\":\"Vohwinkel\"}]},{\"@type\":\"WebSite\",\"@id\":\"https:\/\/gruene-wuppertal.de\/fraktion\/#website\",\"url\":\"https:\/\/gruene-wuppertal.de\/fraktion\/\",\"name\":\"Fraktion von B\u00fcndnis 90 \/ DIE GR\u00dcNEN im Rat der Stadt Wuppertal\",\"description\":\"\",\"potentialAction\":[{\"@type\":\"SearchAction\",\"target\":{\"@type\":\"EntryPoint\",\"urlTemplate\":\"https:\/\/gruene-wuppertal.de\/fraktion\/?s={search_term_string}\"},\"query-input\":\"required name=search_term_string\"}],\"inLanguage\":\"de-DE\"}]}<\/script>\n<!-- \/ Yoast SEO plugin. -->","yoast_head_json":{"title":"Vohwinkel - Fraktion von B\u00fcndnis 90 \/ DIE GR\u00dcNEN im Rat der Stadt Wuppertal","robots":{"index":"index","follow":"follow","max-snippet":"max-snippet:-1","max-image-preview":"max-image-preview:large","max-video-preview":"max-video-preview:-1"},"canonical":"https:\/\/gruene-wuppertal.de\/fraktion\/bezirksvertreterinnen\/vohwinkel\/","og_locale":"de_DE","og_type":"article","og_title":"Vohwinkel - Fraktion von B\u00fcndnis 90 \/ DIE GR\u00dcNEN im Rat der Stadt Wuppertal","og_description":"[vc_row content_width=&#8220;grid&#8220;][vc_column][vc_column_text el_class=&#8220;shadowbox&#8220; css=&#8220;.vc_custom_1594930670651{margin-bottom: 32px !important;padding-top: 32px !important;padding-right: 32px !important;padding-bottom: 32px !important;padding-left: 32px !important;background-color: #ffffff !important;}&#8220;] Bezirk Vohwinkel [\/vc_column_text][\/vc_column][\/vc_row][vc_row content_width=&#8220;grid&#8220;][vc_column][vc_column_text el_class=&#8220;shadowbox&#8220; css=&#8220;.vc_custom_1594930677308{margin-bottom: 32px !important;padding-top: 32px !important;padding-right: 32px !important;padding-bottom: 32px !important;padding-left: 32px !important;background-color: #ffffff !important;}&#8220;][\/vc_column_text][\/vc_column][\/vc_row][vc_row content_width=&#8220;grid&#8220;][vc_column][vc_column_text el_class=&#8220;shadowbox&#8220; css=&#8220;.vc_custom_1594930683033{margin-bottom: 32px !important;padding-top: 32px !important;padding-right: 32px !important;padding-bottom: 32px !important;padding-left:...","og_url":"https:\/\/gruene-wuppertal.de\/fraktion\/bezirksvertreterinnen\/vohwinkel\/","og_site_name":"Fraktion von B\u00fcndnis 90 \/ DIE GR\u00dcNEN im Rat der Stadt Wuppertal","article_modified_time":"2020-07-24T21:53:12+00:00","twitter_card":"summary_large_image","twitter_misc":{"Gesch\u00e4tzte Lesezeit":"1 Minute"},"schema":{"@context":"https:\/\/schema.org","@graph":[{"@type":"WebPage","@id":"https:\/\/gruene-wuppertal.de\/fraktion\/bezirksvertreterinnen\/vohwinkel\/","url":"https:\/\/gruene-wuppertal.de\/fraktion\/bezirksvertreterinnen\/vohwinkel\/","name":"Vohwinkel - Fraktion von B\u00fcndnis 90 \/ DIE GR\u00dcNEN im Rat der Stadt Wuppertal","isPartOf":{"@id":"https:\/\/gruene-wuppertal.de\/fraktion\/#website"},"datePublished":"2020-07-16T20:18:06+00:00","dateModified":"2020-07-24T21:53:12+00:00","breadcrumb":{"@id":"https:\/\/gruene-wuppertal.de\/fraktion\/bezirksvertreterinnen\/vohwinkel\/#breadcrumb"},"inLanguage":"de-DE","potentialAction":[{"@type":"ReadAction","target":["https:\/\/gruene-wuppertal.de\/fraktion\/bezirksvertreterinnen\/vohwinkel\/"]}]},{"@type":"BreadcrumbList","@id":"https:\/\/gruene-wuppertal.de\/fraktion\/bezirksvertreterinnen\/vohwinkel\/#breadcrumb","itemListElement":[{"@type":"ListItem","position":1,"name":"Startseite","item":"https:\/\/gruene-wuppertal.de\/fraktion\/"},{"@type":"ListItem","position":2,"name":"Bezirksvertreter*innen","item":"https:\/\/gruene-wuppertal.de\/fraktion\/bezirksvertreterinnen\/"},{"@type":"ListItem","position":3,"name":"Vohwinkel"}]},{"@type":"WebSite","@id":"https:\/\/gruene-wuppertal.de\/fraktion\/#website","url":"https:\/\/gruene-wuppertal.de\/fraktion\/","name":"Fraktion von B\u00fcndnis 90 \/ DIE GR\u00dcNEN im Rat der Stadt Wuppertal","description":"","potentialAction":[{"@type":"SearchAction","target":{"@type":"EntryPoint","urlTemplate":"https:\/\/gruene-wuppertal.de\/fraktion\/?s={search_term_string}"},"query-input":"required name=search_term_string"}],"inLanguage":"de-DE"}]}},"post_mailing_queue_ids":[],"_links":{"self":[{"href":"https:\/\/gruene-wuppertal.de\/fraktion\/wp-json\/wp\/v2\/pages\/17827"}],"collection":[{"href":"https:\/\/gruene-wuppertal.de\/fraktion\/wp-json\/wp\/v2\/pages"}],"about":[{"href":"https:\/\/gruene-wuppertal.de\/fraktion\/wp-json\/wp\/v2\/types\/page"}],"author":[{"embeddable":true,"href":"https:\/\/gruene-wuppertal.de\/fraktion\/wp-json\/wp\/v2\/users\/1"}],"replies":[{"embeddable":true,"href":"https:\/\/gruene-wuppertal.de\/fraktion\/wp-json\/wp\/v2\/comments?post=17827"}],"version-history":[{"count":1,"href":"https:\/\/gruene-wuppertal.de\/fraktion\/wp-json\/wp\/v2\/pages\/17827\/revisions"}],"predecessor-version":[{"id":17828,"href":"https:\/\/gruene-wuppertal.de\/fraktion\/wp-json\/wp\/v2\/pages\/17827\/revisions\/17828"}],"up":[{"embeddable":true,"href":"https:\/\/gruene-wuppertal.de\/fraktion\/wp-json\/wp\/v2\/pages\/115"}],"wp:attachment":[{"href":"https:\/\/gruene-wuppertal.de\/fraktion\/wp-json\/wp\/v2\/media?parent=17827"}],"curies":[{"name":"wp","href":"https:\/\/api.w.org\/{rel}","templated":true}]}}