{"id":8990,"date":"2016-06-20T07:55:47","date_gmt":"2016-06-20T07:55:47","guid":{"rendered":"https:\/\/gruene-wuppertal.de\/fraktion\/?post_type=bezirksvertretung&amp;p=8990"},"modified":"2016-06-20T07:55:47","modified_gmt":"2016-06-20T07:55:47","slug":"erweiterung-der-30-kmh-zone-kullenhahn","status":"publish","type":"bezirksvertretung","link":"https:\/\/gruene-wuppertal.de\/fraktion\/bezirksvertretung\/erweiterung-der-30-kmh-zone-kullenhahn\/","title":{"rendered":"Erweiterung der 30 km\/h Zone K\u00fcllenhahn"},"content":{"rendered":"<p>Die BV Cronenberg hat folgenden Antrag der Fraktion B\u00dcNDNIS 90\/DIE GR\u00dcNEN\u00a0 am 15.06.16 einstimmig beschlossen:<\/p>\n<p>Sehr geehrte Frau Ab\u00e9,<\/p>\n<p>die Fraktion B\u00dcNDNIS 90\/DIE GR\u00dcNEN beantragt die Bezirksvertretung Cronenberg m\u00f6ge eine\u00a0 Erweiterung\u00a0 der\u00a0 30\u00a0 KM\/H-Zone\u00a0 im\u00a0 Ortsteil\u00a0 K\u00fcllenhahn\u00a0 beschlie\u00dfen.\u00a0 Aus\u00a0 Elberfeld kommend soll die 30 KM\/H-Zone nicht erst vor dem Haus Rh\u00f6nstr. 11, sondern schon vor der Einfahrt Rh\u00f6nstr. 22-66 beginnen.<\/p>\n<p><strong>Begr\u00fcndung:<\/strong><br \/>\nZur Zeit befindet sich der Beginn der 30 KM\/H-Zone aus Richtung Elberfeld vor<br \/>\ndem Haus Rh\u00f6nstr. 11 und beginnt somit mitten in der Bebauung der Rh\u00f6nstra\u00dfe.<br \/>\nDer Beginn der 30 KM\/H-Zone am Ortseingang Cronenbergs\u00a0 \u2013hier befindet sich auch das \u201e950\u00a0 Jahre\u00a0 Cronenberg\u201c-Schild\u00a0 w\u00fcrde\u00a0 hingegen\u00a0 zu\u00a0 einer\u00a0 \u201elogischen\u201c,\u00a0 weil\u00a0 der\u00a0 Bebauung folgend,\u00a0 Begrenzung der verkehrsberuhigten Zone f\u00fchren und die n\u00f6rdlichen K\u00fcllenhahner vor unn\u00f6tigen L\u00e4rm- und Schadstoffemissionen sch\u00fctzen und die Unfallgefahr senken.<\/p>\n<p>Mit freundlichen Gr\u00fc\u00dfen<br \/>\nRegina Orth\u00a0\u00a0\u00a0\u00a0\u00a0\u00a0\u00a0\u00a0\u00a0\u00a0\u00a0 Dirk Wallraf<\/p>\n","protected":false},"excerpt":{"rendered":"<p>Die BV Cronenberg hat folgenden Antrag der Fraktion B\u00dcNDNIS 90\/DIE GR\u00dcNEN\u00a0 am 15.06.16 einstimmig beschlossen: Sehr geehrte Frau Ab\u00e9, die Fraktion B\u00dcNDNIS 90\/DIE GR\u00dcNEN beantragt die Bezirksvertretung Cronenberg m\u00f6ge eine\u00a0 Erweiterung\u00a0 der\u00a0 30\u00a0 KM\/H-Zone\u00a0 im\u00a0 Ortsteil\u00a0 K\u00fcllenhahn\u00a0 beschlie\u00dfen.\u00a0 Aus\u00a0 Elberfeld kommend soll die 30 KM\/H-Zone&#8230;<\/p>\n","protected":false},"author":6,"featured_media":0,"menu_order":0,"comment_status":"closed","ping_status":"closed","template":"","meta":{"_wp_rev_ctl_limit":""},"themen":[134,51],"bezirke":[133],"yoast_head":"<!-- This site is optimized with the Yoast SEO plugin v21.8 - https:\/\/yoast.com\/wordpress\/plugins\/seo\/ -->\n<title>Erweiterung der 30 km\/h Zone K\u00fcllenhahn - Fraktion von B\u00fcndnis 90 \/ DIE GR\u00dcNEN im Rat der Stadt Wuppertal<\/title>\n<meta name=\"robots\" content=\"index, follow, max-snippet:-1, max-image-preview:large, max-video-preview:-1\" \/>\n<link rel=\"canonical\" href=\"https:\/\/gruene-wuppertal.de\/fraktion\/bezirksvertretung\/erweiterung-der-30-kmh-zone-kullenhahn\/\" \/>\n<meta property=\"og:locale\" content=\"de_DE\" \/>\n<meta property=\"og:type\" content=\"article\" \/>\n<meta property=\"og:title\" content=\"Erweiterung der 30 km\/h Zone K\u00fcllenhahn - Fraktion von B\u00fcndnis 90 \/ DIE GR\u00dcNEN im Rat der Stadt Wuppertal\" \/>\n<meta property=\"og:description\" content=\"Die BV Cronenberg hat folgenden Antrag der Fraktion B\u00dcNDNIS 90\/DIE GR\u00dcNEN\u00a0 am 15.06.16 einstimmig beschlossen: Sehr geehrte Frau Ab\u00e9, die Fraktion B\u00dcNDNIS 90\/DIE GR\u00dcNEN beantragt die Bezirksvertretung Cronenberg m\u00f6ge eine\u00a0 Erweiterung\u00a0 der\u00a0 30\u00a0 KM\/H-Zone\u00a0 im\u00a0 Ortsteil\u00a0 K\u00fcllenhahn\u00a0 beschlie\u00dfen.\u00a0 Aus\u00a0 Elberfeld kommend soll die 30 KM\/H-Zone...\" \/>\n<meta property=\"og:url\" content=\"https:\/\/gruene-wuppertal.de\/fraktion\/bezirksvertretung\/erweiterung-der-30-kmh-zone-kullenhahn\/\" \/>\n<meta property=\"og:site_name\" content=\"Fraktion von B\u00fcndnis 90 \/ DIE GR\u00dcNEN im Rat der Stadt Wuppertal\" \/>\n<meta name=\"twitter:card\" content=\"summary_large_image\" \/>\n<meta name=\"twitter:label1\" content=\"Gesch\u00e4tzte Lesezeit\" \/>\n\t<meta name=\"twitter:data1\" content=\"1 Minute\" \/>\n<script type=\"application\/ld+json\" class=\"yoast-schema-graph\">{\"@context\":\"https:\/\/schema.org\",\"@graph\":[{\"@type\":\"WebPage\",\"@id\":\"https:\/\/gruene-wuppertal.de\/fraktion\/bezirksvertretung\/erweiterung-der-30-kmh-zone-kullenhahn\/\",\"url\":\"https:\/\/gruene-wuppertal.de\/fraktion\/bezirksvertretung\/erweiterung-der-30-kmh-zone-kullenhahn\/\",\"name\":\"Erweiterung der 30 km\/h Zone K\u00fcllenhahn - Fraktion von B\u00fcndnis 90 \/ DIE GR\u00dcNEN im Rat der Stadt Wuppertal\",\"isPartOf\":{\"@id\":\"https:\/\/gruene-wuppertal.de\/fraktion\/#website\"},\"datePublished\":\"2016-06-20T07:55:47+00:00\",\"dateModified\":\"2016-06-20T07:55:47+00:00\",\"breadcrumb\":{\"@id\":\"https:\/\/gruene-wuppertal.de\/fraktion\/bezirksvertretung\/erweiterung-der-30-kmh-zone-kullenhahn\/#breadcrumb\"},\"inLanguage\":\"de-DE\",\"potentialAction\":[{\"@type\":\"ReadAction\",\"target\":[\"https:\/\/gruene-wuppertal.de\/fraktion\/bezirksvertretung\/erweiterung-der-30-kmh-zone-kullenhahn\/\"]}]},{\"@type\":\"BreadcrumbList\",\"@id\":\"https:\/\/gruene-wuppertal.de\/fraktion\/bezirksvertretung\/erweiterung-der-30-kmh-zone-kullenhahn\/#breadcrumb\",\"itemListElement\":[{\"@type\":\"ListItem\",\"position\":1,\"name\":\"Startseite\",\"item\":\"https:\/\/gruene-wuppertal.de\/fraktion\/\"},{\"@type\":\"ListItem\",\"position\":2,\"name\":\"Erweiterung der 30 km\/h Zone K\u00fcllenhahn\"}]},{\"@type\":\"WebSite\",\"@id\":\"https:\/\/gruene-wuppertal.de\/fraktion\/#website\",\"url\":\"https:\/\/gruene-wuppertal.de\/fraktion\/\",\"name\":\"Fraktion von B\u00fcndnis 90 \/ DIE GR\u00dcNEN im Rat der Stadt Wuppertal\",\"description\":\"\",\"potentialAction\":[{\"@type\":\"SearchAction\",\"target\":{\"@type\":\"EntryPoint\",\"urlTemplate\":\"https:\/\/gruene-wuppertal.de\/fraktion\/?s={search_term_string}\"},\"query-input\":\"required name=search_term_string\"}],\"inLanguage\":\"de-DE\"}]}<\/script>\n<!-- \/ Yoast SEO plugin. -->","yoast_head_json":{"title":"Erweiterung der 30 km\/h Zone K\u00fcllenhahn - Fraktion von B\u00fcndnis 90 \/ DIE GR\u00dcNEN im Rat der Stadt Wuppertal","robots":{"index":"index","follow":"follow","max-snippet":"max-snippet:-1","max-image-preview":"max-image-preview:large","max-video-preview":"max-video-preview:-1"},"canonical":"https:\/\/gruene-wuppertal.de\/fraktion\/bezirksvertretung\/erweiterung-der-30-kmh-zone-kullenhahn\/","og_locale":"de_DE","og_type":"article","og_title":"Erweiterung der 30 km\/h Zone K\u00fcllenhahn - Fraktion von B\u00fcndnis 90 \/ DIE GR\u00dcNEN im Rat der Stadt Wuppertal","og_description":"Die BV Cronenberg hat folgenden Antrag der Fraktion B\u00dcNDNIS 90\/DIE GR\u00dcNEN\u00a0 am 15.06.16 einstimmig beschlossen: Sehr geehrte Frau Ab\u00e9, die Fraktion B\u00dcNDNIS 90\/DIE GR\u00dcNEN beantragt die Bezirksvertretung Cronenberg m\u00f6ge eine\u00a0 Erweiterung\u00a0 der\u00a0 30\u00a0 KM\/H-Zone\u00a0 im\u00a0 Ortsteil\u00a0 K\u00fcllenhahn\u00a0 beschlie\u00dfen.\u00a0 Aus\u00a0 Elberfeld kommend soll die 30 KM\/H-Zone...","og_url":"https:\/\/gruene-wuppertal.de\/fraktion\/bezirksvertretung\/erweiterung-der-30-kmh-zone-kullenhahn\/","og_site_name":"Fraktion von B\u00fcndnis 90 \/ DIE GR\u00dcNEN im Rat der Stadt Wuppertal","twitter_card":"summary_large_image","twitter_misc":{"Gesch\u00e4tzte Lesezeit":"1 Minute"},"schema":{"@context":"https:\/\/schema.org","@graph":[{"@type":"WebPage","@id":"https:\/\/gruene-wuppertal.de\/fraktion\/bezirksvertretung\/erweiterung-der-30-kmh-zone-kullenhahn\/","url":"https:\/\/gruene-wuppertal.de\/fraktion\/bezirksvertretung\/erweiterung-der-30-kmh-zone-kullenhahn\/","name":"Erweiterung der 30 km\/h Zone K\u00fcllenhahn - Fraktion von B\u00fcndnis 90 \/ DIE GR\u00dcNEN im Rat der Stadt Wuppertal","isPartOf":{"@id":"https:\/\/gruene-wuppertal.de\/fraktion\/#website"},"datePublished":"2016-06-20T07:55:47+00:00","dateModified":"2016-06-20T07:55:47+00:00","breadcrumb":{"@id":"https:\/\/gruene-wuppertal.de\/fraktion\/bezirksvertretung\/erweiterung-der-30-kmh-zone-kullenhahn\/#breadcrumb"},"inLanguage":"de-DE","potentialAction":[{"@type":"ReadAction","target":["https:\/\/gruene-wuppertal.de\/fraktion\/bezirksvertretung\/erweiterung-der-30-kmh-zone-kullenhahn\/"]}]},{"@type":"BreadcrumbList","@id":"https:\/\/gruene-wuppertal.de\/fraktion\/bezirksvertretung\/erweiterung-der-30-kmh-zone-kullenhahn\/#breadcrumb","itemListElement":[{"@type":"ListItem","position":1,"name":"Startseite","item":"https:\/\/gruene-wuppertal.de\/fraktion\/"},{"@type":"ListItem","position":2,"name":"Erweiterung der 30 km\/h Zone K\u00fcllenhahn"}]},{"@type":"WebSite","@id":"https:\/\/gruene-wuppertal.de\/fraktion\/#website","url":"https:\/\/gruene-wuppertal.de\/fraktion\/","name":"Fraktion von B\u00fcndnis 90 \/ DIE GR\u00dcNEN im Rat der Stadt Wuppertal","description":"","potentialAction":[{"@type":"SearchAction","target":{"@type":"EntryPoint","urlTemplate":"https:\/\/gruene-wuppertal.de\/fraktion\/?s={search_term_string}"},"query-input":"required name=search_term_string"}],"inLanguage":"de-DE"}]}},"post_mailing_queue_ids":[],"_links":{"self":[{"href":"https:\/\/gruene-wuppertal.de\/fraktion\/wp-json\/wp\/v2\/bezirksvertretung\/8990"}],"collection":[{"href":"https:\/\/gruene-wuppertal.de\/fraktion\/wp-json\/wp\/v2\/bezirksvertretung"}],"about":[{"href":"https:\/\/gruene-wuppertal.de\/fraktion\/wp-json\/wp\/v2\/types\/bezirksvertretung"}],"author":[{"embeddable":true,"href":"https:\/\/gruene-wuppertal.de\/fraktion\/wp-json\/wp\/v2\/users\/6"}],"replies":[{"embeddable":true,"href":"https:\/\/gruene-wuppertal.de\/fraktion\/wp-json\/wp\/v2\/comments?post=8990"}],"version-history":[{"count":0,"href":"https:\/\/gruene-wuppertal.de\/fraktion\/wp-json\/wp\/v2\/bezirksvertretung\/8990\/revisions"}],"wp:attachment":[{"href":"https:\/\/gruene-wuppertal.de\/fraktion\/wp-json\/wp\/v2\/media?parent=8990"}],"wp:term":[{"taxonomy":"themen","embeddable":true,"href":"https:\/\/gruene-wuppertal.de\/fraktion\/wp-json\/wp\/v2\/themen?post=8990"},{"taxonomy":"bezirke","embeddable":true,"href":"https:\/\/gruene-wuppertal.de\/fraktion\/wp-json\/wp\/v2\/bezirke?post=8990"}],"curies":[{"name":"wp","href":"https:\/\/api.w.org\/{rel}","templated":true}]}}

Erweiterung der 30 km/h Zone Küllenhahn

<p>Die BV Cronenberg hat folgenden Antrag der Fraktion BÜNDNIS 90/DIE GRÜNEN  am 15.06.16 einstimmig beschlossen:</p>
<p>Sehr geehrte Frau Abé,</p>
<p>die Fraktion BÜNDNIS 90/DIE GRÜNEN beantragt die Bezirksvertretung Cronenberg möge eine  Erweiterung  der  30  KM/H-Zone  im  Ortsteil  Küllenhahn  beschließen.  Aus  Elberfeld kommend soll die 30 KM/H-Zone nicht erst vor dem Haus Rhönstr. 11, sondern schon vor der Einfahrt Rhönstr. 22-66 beginnen.</p>
<p><strong>Begründung:</strong><br />
Zur Zeit befindet sich der Beginn der 30 KM/H-Zone aus Richtung Elberfeld vor<br />
dem Haus Rhönstr. 11 und beginnt somit mitten in der Bebauung der Rhönstraße.<br />
Der Beginn der 30 KM/H-Zone am Ortseingang Cronenbergs  –hier befindet sich auch das „950  Jahre  Cronenberg“-Schild  würde  hingegen  zu  einer  „logischen“,  weil  der  Bebauung folgend,  Begrenzung der verkehrsberuhigten Zone führen und die nördlichen Küllenhahner vor unnötigen Lärm- und Schadstoffemissionen schützen und die Unfallgefahr senken.</p>
<p>Mit freundlichen Grüßen<br />
Regina Orth            Dirk Wallraf</p>

<p>Die BV Cronenberg hat folgenden Antrag der Fraktion BÜNDNIS 90/DIE GRÜNEN  am 15.06.16 einstimmig beschlossen: Sehr geehrte Frau Abé, die Fraktion BÜNDNIS 90/DIE GRÜNEN beantragt die Bezirksvertretung Cronenberg möge eine  Erweiterung  der  30  KM/H-Zone  im  Ortsteil  Küllenhahn  beschließen.  Aus  Elberfeld kommend soll die 30 KM/H-Zone&#8230;</p>

<!-- This site is optimized with the Yoast SEO plugin v21.8 - https://yoast.com/wordpress/plugins/seo/ -->
<title>Erweiterung der 30 km/h Zone Küllenhahn - Fraktion von Bündnis 90 / DIE GRÜNEN im Rat der Stadt Wuppertal</title>
<meta name="robots" content="index, follow, max-snippet:-1, max-image-preview:large, max-video-preview:-1" />
<link rel="canonical" href="https://gruene-wuppertal.de/fraktion/bezirksvertretung/erweiterung-der-30-kmh-zone-kullenhahn/" />
<meta property="og:locale" content="de_DE" />
<meta property="og:type" content="article" />
<meta property="og:title" content="Erweiterung der 30 km/h Zone Küllenhahn - Fraktion von Bündnis 90 / DIE GRÜNEN im Rat der Stadt Wuppertal" />
<meta property="og:description" content="Die BV Cronenberg hat folgenden Antrag der Fraktion BÜNDNIS 90/DIE GRÜNEN  am 15.06.16 einstimmig beschlossen: Sehr geehrte Frau Abé, die Fraktion BÜNDNIS 90/DIE GRÜNEN beantragt die Bezirksvertretung Cronenberg möge eine  Erweiterung  der  30  KM/H-Zone  im  Ortsteil  Küllenhahn  beschließen.  Aus  Elberfeld kommend soll die 30 KM/H-Zone..." />
<meta property="og:url" content="https://gruene-wuppertal.de/fraktion/bezirksvertretung/erweiterung-der-30-kmh-zone-kullenhahn/" />
<meta property="og:site_name" content="Fraktion von Bündnis 90 / DIE GRÜNEN im Rat der Stadt Wuppertal" />
<meta name="twitter:card" content="summary_large_image" />
<meta name="twitter:label1" content="Geschätzte Lesezeit" />
	<meta name="twitter:data1" content="1 Minute" />
<script type="application/ld+json" class="yoast-schema-graph">{"@context":"https://schema.org","@graph":[{"@type":"WebPage","@id":"https://gruene-wuppertal.de/fraktion/bezirksvertretung/erweiterung-der-30-kmh-zone-kullenhahn/","url":"https://gruene-wuppertal.de/fraktion/bezirksvertretung/erweiterung-der-30-kmh-zone-kullenhahn/","name":"Erweiterung der 30 km/h Zone Küllenhahn - Fraktion von Bündnis 90 / DIE GRÜNEN im Rat der Stadt Wuppertal","isPartOf":{"@id":"https://gruene-wuppertal.de/fraktion/#website"},"datePublished":"2016-06-20T07:55:47+00:00","dateModified":"2016-06-20T07:55:47+00:00","breadcrumb":{"@id":"https://gruene-wuppertal.de/fraktion/bezirksvertretung/erweiterung-der-30-kmh-zone-kullenhahn/#breadcrumb"},"inLanguage":"de-DE","potentialAction":[{"@type":"ReadAction","target":["https://gruene-wuppertal.de/fraktion/bezirksvertretung/erweiterung-der-30-kmh-zone-kullenhahn/"]}]},{"@type":"BreadcrumbList","@id":"https://gruene-wuppertal.de/fraktion/bezirksvertretung/erweiterung-der-30-kmh-zone-kullenhahn/#breadcrumb","itemListElement":[{"@type":"ListItem","position":1,"name":"Startseite","item":"https://gruene-wuppertal.de/fraktion/"},{"@type":"ListItem","position":2,"name":"Erweiterung der 30 km/h Zone Küllenhahn"}]},{"@type":"WebSite","@id":"https://gruene-wuppertal.de/fraktion/#website","url":"https://gruene-wuppertal.de/fraktion/","name":"Fraktion von Bündnis 90 / DIE GRÜNEN im Rat der Stadt Wuppertal","description":"","potentialAction":[{"@type":"SearchAction","target":{"@type":"EntryPoint","urlTemplate":"https://gruene-wuppertal.de/fraktion/?s={search_term_string}"},"query-input":"required name=search_term_string"}],"inLanguage":"de-DE"}]}</script>
<!-- / Yoast SEO plugin. -->

Erweiterung der 30 km/h Zone Küllenhahn - Fraktion von Bündnis 90 / DIE GRÜNEN im Rat der Stadt Wuppertal

Die BV Cronenberg hat folgenden Antrag der Fraktion BÜNDNIS 90/DIE GRÜNEN  am 15.06.16 einstimmig beschlossen: Sehr geehrte Frau Abé, die Fraktion BÜNDNIS 90/DIE GRÜNEN beantragt die Bezirksvertretung Cronenberg möge eine  Erweiterung  der  30  KM/H-Zone  im  Ortsteil  Küllenhahn  beschließen.  Aus  Elberfeld kommend soll die 30 KM/H-Zone...

Fraktion von Bündnis 90 / DIE GRÜNEN im Rat der Stadt Wuppertal
