{"id":19774,"date":"2021-08-09T13:36:54","date_gmt":"2021-08-09T11:36:54","guid":{"rendered":"https:\/\/gruene-wuppertal.de\/fraktion\/?post_type=bezirksvertretung&#038;p=19774"},"modified":"2021-09-16T14:03:20","modified_gmt":"2021-09-16T12:03:20","slug":"antrag-zur-durchfuehrung-einer-gewaesserschau-am-mirker-bach","status":"publish","type":"bezirksvertretung","link":"https:\/\/gruene-wuppertal.de\/fraktion\/bezirksvertretung\/antrag-zur-durchfuehrung-einer-gewaesserschau-am-mirker-bach\/","title":{"rendered":"Antrag zur Durchf\u00fchrung einer Gew\u00e4sserschau am Mirker Bach"},"content":{"rendered":"<p><strong>Antrag an die Bezirksvertretung Uellendahl-Katernberg am 19.08.2021\u00a0\u00a0<\/strong><\/p>\n<p><strong>\u00a0<\/strong><\/p>\n<p>Sehr geehrter Herr L\u00fcppken,<\/p>\n<p>die Fraktion von B\u00dcNDNIS 90\/DIE GR\u00dcNEN beantragt, die Bezirksvertretung m\u00f6ge folgenden Beschluss fassen:<\/p>\n<p>Die BV Uellendahl-Katernberg f\u00fchrt gemeinsam mit den zust\u00e4ndigen Beh\u00f6rden (Untere Wasserbeh\u00f6rde, Wupperverband, Biologische Station Mittlere Wupper usw) am Mirker Bach und dessen gr\u00f6\u00dferen Nebenb\u00e4chen eine Gew\u00e4sserschau durch mit dem Ziel, Gefahrengut zu beseitigen und f\u00fcr m\u00f6gliche erforderliche Schutzma\u00dfnahmen gegen Hochwassersch\u00e4den zu sorgen.<\/p>\n<p><strong>Begr\u00fcndung:<br \/>\n<\/strong>Aus den Erfahrungen beim Hochwasser 2018 wurde der Bau des Regenr\u00fcckhaltebeckens beschlossen, das 2022 fertig erstellt werden soll. Das allein reicht nicht aus. Beim Hochwasser in diesem Jahr waren zwar in unserem Stadtteil nur geringe Sch\u00e4den entstanden. Dennoch sind unserer Fraktion einige Stellen am Mirker Bach aufgefallen, die bei zuk\u00fcnftigen Starkregen gro\u00dfe Sch\u00e4den anrichten k\u00f6nnen: tote B\u00e4ume z.B. am Bachrand bei der Fa. Aldi, dichtes Gestr\u00fcpp, dass sich \u00fcber dem Bach legt, sperriger M\u00fcll usw..\u00a0 Im Falle eines Starkregens wie in diesem Jahr\u00a0k\u00f6nnte dies alles in den Bach abrutschen, den Abfluss versperren und f\u00fcr eine Auft\u00fcrmung des Wassers und damit f\u00fcr eine weitere \u00dcberschwemmung sorgen.<\/p>\n<p>Unterhalb der Mirker H\u00f6he (neben dem Haus Uellendahler Str. 132) verl\u00e4uft der Mirker Bach unterirdisch. Es ist uns nicht bekannt, ob es sich dabei um eine Verrohrung handelt oder um eine Doline. Bei Hochwasser k\u00f6nnen die Dolinen untersp\u00fclt werden und gr\u00f6\u00dfere Sch\u00e4den verursachen.<\/p>\n<p>Da der Wupperverband f\u00fcr die Pflege der Gew\u00e4sser zust\u00e4ndig ist, ist es sinnvoll, gemeinsam mit den oben aufgef\u00fchrten Beh\u00f6rden und der BV-Uellendahl-Katernberg eine Gew\u00e4sserschau durchzuf\u00fchren. Anschlie\u00dfend kann der Wupperverband im Rahmen seiner Zust\u00e4ndigkeit\u00a0Gefahren beseitigen und f\u00fcr weitere erforderliche Schutzma\u00dfnahmen sorgen.<\/p>\n<p>Mit freundlichen Gr\u00fc\u00dfen<\/p>\n<p>Sylvia Meyer<br \/>\nFraktionssprecherin<\/p>\n","protected":false},"excerpt":{"rendered":"<p>Antrag an die Bezirksvertretung Uellendahl-Katernberg am 19.08.2021\u00a0\u00a0 \u00a0 Sehr geehrter Herr L\u00fcppken, die Fraktion von B\u00dcNDNIS 90\/DIE GR\u00dcNEN beantragt, die Bezirksvertretung m\u00f6ge folgenden Beschluss fassen: Die BV Uellendahl-Katernberg f\u00fchrt gemeinsam mit den zust\u00e4ndigen Beh\u00f6rden (Untere Wasserbeh\u00f6rde, Wupperverband, Biologische Station Mittlere Wupper usw) am Mirker Bach&#8230;<\/p>\n","protected":false},"author":20,"featured_media":0,"menu_order":0,"comment_status":"open","ping_status":"open","template":"","meta":{"_wp_rev_ctl_limit":""},"themen":[58,23],"bezirke":[137],"yoast_head":"<!-- This site is optimized with the Yoast SEO plugin v21.8 - https:\/\/yoast.com\/wordpress\/plugins\/seo\/ -->\n<title>Antrag zur Durchf\u00fchrung einer Gew\u00e4sserschau am Mirker Bach - Fraktion von B\u00fcndnis 90 \/ DIE GR\u00dcNEN im Rat der Stadt Wuppertal<\/title>\n<meta name=\"robots\" content=\"index, follow, max-snippet:-1, max-image-preview:large, max-video-preview:-1\" \/>\n<link rel=\"canonical\" href=\"https:\/\/gruene-wuppertal.de\/fraktion\/bezirksvertretung\/antrag-zur-durchfuehrung-einer-gewaesserschau-am-mirker-bach\/\" \/>\n<meta property=\"og:locale\" content=\"de_DE\" \/>\n<meta property=\"og:type\" content=\"article\" \/>\n<meta property=\"og:title\" content=\"Antrag zur Durchf\u00fchrung einer Gew\u00e4sserschau am Mirker Bach - Fraktion von B\u00fcndnis 90 \/ DIE GR\u00dcNEN im Rat der Stadt Wuppertal\" \/>\n<meta property=\"og:description\" content=\"Antrag an die Bezirksvertretung Uellendahl-Katernberg am 19.08.2021\u00a0\u00a0 \u00a0 Sehr geehrter Herr L\u00fcppken, die Fraktion von B\u00dcNDNIS 90\/DIE GR\u00dcNEN beantragt, die Bezirksvertretung m\u00f6ge folgenden Beschluss fassen: Die BV Uellendahl-Katernberg f\u00fchrt gemeinsam mit den zust\u00e4ndigen Beh\u00f6rden (Untere Wasserbeh\u00f6rde, Wupperverband, Biologische Station Mittlere Wupper usw) am Mirker Bach...\" \/>\n<meta property=\"og:url\" content=\"https:\/\/gruene-wuppertal.de\/fraktion\/bezirksvertretung\/antrag-zur-durchfuehrung-einer-gewaesserschau-am-mirker-bach\/\" \/>\n<meta property=\"og:site_name\" content=\"Fraktion von B\u00fcndnis 90 \/ DIE GR\u00dcNEN im Rat der Stadt Wuppertal\" \/>\n<meta property=\"article:modified_time\" content=\"2021-09-16T12:03:20+00:00\" \/>\n<meta name=\"twitter:card\" content=\"summary_large_image\" \/>\n<meta name=\"twitter:label1\" content=\"Gesch\u00e4tzte Lesezeit\" \/>\n\t<meta name=\"twitter:data1\" content=\"2 Minuten\" \/>\n<script type=\"application\/ld+json\" class=\"yoast-schema-graph\">{\"@context\":\"https:\/\/schema.org\",\"@graph\":[{\"@type\":\"WebPage\",\"@id\":\"https:\/\/gruene-wuppertal.de\/fraktion\/bezirksvertretung\/antrag-zur-durchfuehrung-einer-gewaesserschau-am-mirker-bach\/\",\"url\":\"https:\/\/gruene-wuppertal.de\/fraktion\/bezirksvertretung\/antrag-zur-durchfuehrung-einer-gewaesserschau-am-mirker-bach\/\",\"name\":\"Antrag zur Durchf\u00fchrung einer Gew\u00e4sserschau am Mirker Bach - Fraktion von B\u00fcndnis 90 \/ DIE GR\u00dcNEN im Rat der Stadt Wuppertal\",\"isPartOf\":{\"@id\":\"https:\/\/gruene-wuppertal.de\/fraktion\/#website\"},\"datePublished\":\"2021-08-09T11:36:54+00:00\",\"dateModified\":\"2021-09-16T12:03:20+00:00\",\"breadcrumb\":{\"@id\":\"https:\/\/gruene-wuppertal.de\/fraktion\/bezirksvertretung\/antrag-zur-durchfuehrung-einer-gewaesserschau-am-mirker-bach\/#breadcrumb\"},\"inLanguage\":\"de-DE\",\"potentialAction\":[{\"@type\":\"ReadAction\",\"target\":[\"https:\/\/gruene-wuppertal.de\/fraktion\/bezirksvertretung\/antrag-zur-durchfuehrung-einer-gewaesserschau-am-mirker-bach\/\"]}]},{\"@type\":\"BreadcrumbList\",\"@id\":\"https:\/\/gruene-wuppertal.de\/fraktion\/bezirksvertretung\/antrag-zur-durchfuehrung-einer-gewaesserschau-am-mirker-bach\/#breadcrumb\",\"itemListElement\":[{\"@type\":\"ListItem\",\"position\":1,\"name\":\"Startseite\",\"item\":\"https:\/\/gruene-wuppertal.de\/fraktion\/\"},{\"@type\":\"ListItem\",\"position\":2,\"name\":\"Antrag zur Durchf\u00fchrung einer Gew\u00e4sserschau am Mirker Bach\"}]},{\"@type\":\"WebSite\",\"@id\":\"https:\/\/gruene-wuppertal.de\/fraktion\/#website\",\"url\":\"https:\/\/gruene-wuppertal.de\/fraktion\/\",\"name\":\"Fraktion von B\u00fcndnis 90 \/ DIE GR\u00dcNEN im Rat der Stadt Wuppertal\",\"description\":\"\",\"potentialAction\":[{\"@type\":\"SearchAction\",\"target\":{\"@type\":\"EntryPoint\",\"urlTemplate\":\"https:\/\/gruene-wuppertal.de\/fraktion\/?s={search_term_string}\"},\"query-input\":\"required name=search_term_string\"}],\"inLanguage\":\"de-DE\"}]}<\/script>\n<!-- \/ Yoast SEO plugin. -->","yoast_head_json":{"title":"Antrag zur Durchf\u00fchrung einer Gew\u00e4sserschau am Mirker Bach - Fraktion von B\u00fcndnis 90 \/ DIE GR\u00dcNEN im Rat der Stadt Wuppertal","robots":{"index":"index","follow":"follow","max-snippet":"max-snippet:-1","max-image-preview":"max-image-preview:large","max-video-preview":"max-video-preview:-1"},"canonical":"https:\/\/gruene-wuppertal.de\/fraktion\/bezirksvertretung\/antrag-zur-durchfuehrung-einer-gewaesserschau-am-mirker-bach\/","og_locale":"de_DE","og_type":"article","og_title":"Antrag zur Durchf\u00fchrung einer Gew\u00e4sserschau am Mirker Bach - Fraktion von B\u00fcndnis 90 \/ DIE GR\u00dcNEN im Rat der Stadt Wuppertal","og_description":"Antrag an die Bezirksvertretung Uellendahl-Katernberg am 19.08.2021\u00a0\u00a0 \u00a0 Sehr geehrter Herr L\u00fcppken, die Fraktion von B\u00dcNDNIS 90\/DIE GR\u00dcNEN beantragt, die Bezirksvertretung m\u00f6ge folgenden Beschluss fassen: Die BV Uellendahl-Katernberg f\u00fchrt gemeinsam mit den zust\u00e4ndigen Beh\u00f6rden (Untere Wasserbeh\u00f6rde, Wupperverband, Biologische Station Mittlere Wupper usw) am Mirker Bach...","og_url":"https:\/\/gruene-wuppertal.de\/fraktion\/bezirksvertretung\/antrag-zur-durchfuehrung-einer-gewaesserschau-am-mirker-bach\/","og_site_name":"Fraktion von B\u00fcndnis 90 \/ DIE GR\u00dcNEN im Rat der Stadt Wuppertal","article_modified_time":"2021-09-16T12:03:20+00:00","twitter_card":"summary_large_image","twitter_misc":{"Gesch\u00e4tzte Lesezeit":"2 Minuten"},"schema":{"@context":"https:\/\/schema.org","@graph":[{"@type":"WebPage","@id":"https:\/\/gruene-wuppertal.de\/fraktion\/bezirksvertretung\/antrag-zur-durchfuehrung-einer-gewaesserschau-am-mirker-bach\/","url":"https:\/\/gruene-wuppertal.de\/fraktion\/bezirksvertretung\/antrag-zur-durchfuehrung-einer-gewaesserschau-am-mirker-bach\/","name":"Antrag zur Durchf\u00fchrung einer Gew\u00e4sserschau am Mirker Bach - Fraktion von B\u00fcndnis 90 \/ DIE GR\u00dcNEN im Rat der Stadt Wuppertal","isPartOf":{"@id":"https:\/\/gruene-wuppertal.de\/fraktion\/#website"},"datePublished":"2021-08-09T11:36:54+00:00","dateModified":"2021-09-16T12:03:20+00:00","breadcrumb":{"@id":"https:\/\/gruene-wuppertal.de\/fraktion\/bezirksvertretung\/antrag-zur-durchfuehrung-einer-gewaesserschau-am-mirker-bach\/#breadcrumb"},"inLanguage":"de-DE","potentialAction":[{"@type":"ReadAction","target":["https:\/\/gruene-wuppertal.de\/fraktion\/bezirksvertretung\/antrag-zur-durchfuehrung-einer-gewaesserschau-am-mirker-bach\/"]}]},{"@type":"BreadcrumbList","@id":"https:\/\/gruene-wuppertal.de\/fraktion\/bezirksvertretung\/antrag-zur-durchfuehrung-einer-gewaesserschau-am-mirker-bach\/#breadcrumb","itemListElement":[{"@type":"ListItem","position":1,"name":"Startseite","item":"https:\/\/gruene-wuppertal.de\/fraktion\/"},{"@type":"ListItem","position":2,"name":"Antrag zur Durchf\u00fchrung einer Gew\u00e4sserschau am Mirker Bach"}]},{"@type":"WebSite","@id":"https:\/\/gruene-wuppertal.de\/fraktion\/#website","url":"https:\/\/gruene-wuppertal.de\/fraktion\/","name":"Fraktion von B\u00fcndnis 90 \/ DIE GR\u00dcNEN im Rat der Stadt Wuppertal","description":"","potentialAction":[{"@type":"SearchAction","target":{"@type":"EntryPoint","urlTemplate":"https:\/\/gruene-wuppertal.de\/fraktion\/?s={search_term_string}"},"query-input":"required name=search_term_string"}],"inLanguage":"de-DE"}]}},"post_mailing_queue_ids":[],"_links":{"self":[{"href":"https:\/\/gruene-wuppertal.de\/fraktion\/wp-json\/wp\/v2\/bezirksvertretung\/19774"}],"collection":[{"href":"https:\/\/gruene-wuppertal.de\/fraktion\/wp-json\/wp\/v2\/bezirksvertretung"}],"about":[{"href":"https:\/\/gruene-wuppertal.de\/fraktion\/wp-json\/wp\/v2\/types\/bezirksvertretung"}],"author":[{"embeddable":true,"href":"https:\/\/gruene-wuppertal.de\/fraktion\/wp-json\/wp\/v2\/users\/20"}],"replies":[{"embeddable":true,"href":"https:\/\/gruene-wuppertal.de\/fraktion\/wp-json\/wp\/v2\/comments?post=19774"}],"version-history":[{"count":2,"href":"https:\/\/gruene-wuppertal.de\/fraktion\/wp-json\/wp\/v2\/bezirksvertretung\/19774\/revisions"}],"predecessor-version":[{"id":19776,"href":"https:\/\/gruene-wuppertal.de\/fraktion\/wp-json\/wp\/v2\/bezirksvertretung\/19774\/revisions\/19776"}],"wp:attachment":[{"href":"https:\/\/gruene-wuppertal.de\/fraktion\/wp-json\/wp\/v2\/media?parent=19774"}],"wp:term":[{"taxonomy":"themen","embeddable":true,"href":"https:\/\/gruene-wuppertal.de\/fraktion\/wp-json\/wp\/v2\/themen?post=19774"},{"taxonomy":"bezirke","embeddable":true,"href":"https:\/\/gruene-wuppertal.de\/fraktion\/wp-json\/wp\/v2\/bezirke?post=19774"}],"curies":[{"name":"wp","href":"https:\/\/api.w.org\/{rel}","templated":true}]}}

Antrag zur Durchführung einer Gewässerschau am Mirker Bach

<p><strong>Antrag an die Bezirksvertretung Uellendahl-Katernberg am 19.08.2021  </strong></p>
<p><strong> </strong></p>
<p>Sehr geehrter Herr Lüppken,</p>
<p>die Fraktion von BÜNDNIS 90/DIE GRÜNEN beantragt, die Bezirksvertretung möge folgenden Beschluss fassen:</p>
<p>Die BV Uellendahl-Katernberg führt gemeinsam mit den zuständigen Behörden (Untere Wasserbehörde, Wupperverband, Biologische Station Mittlere Wupper usw) am Mirker Bach und dessen größeren Nebenbächen eine Gewässerschau durch mit dem Ziel, Gefahrengut zu beseitigen und für mögliche erforderliche Schutzmaßnahmen gegen Hochwasserschäden zu sorgen.</p>
<p><strong>Begründung:<br />
</strong>Aus den Erfahrungen beim Hochwasser 2018 wurde der Bau des Regenrückhaltebeckens beschlossen, das 2022 fertig erstellt werden soll. Das allein reicht nicht aus. Beim Hochwasser in diesem Jahr waren zwar in unserem Stadtteil nur geringe Schäden entstanden. Dennoch sind unserer Fraktion einige Stellen am Mirker Bach aufgefallen, die bei zukünftigen Starkregen große Schäden anrichten können: tote Bäume z.B. am Bachrand bei der Fa. Aldi, dichtes Gestrüpp, dass sich über dem Bach legt, sperriger Müll usw..  Im Falle eines Starkregens wie in diesem Jahr könnte dies alles in den Bach abrutschen, den Abfluss versperren und für eine Auftürmung des Wassers und damit für eine weitere Überschwemmung sorgen.</p>
<p>Unterhalb der Mirker Höhe (neben dem Haus Uellendahler Str. 132) verläuft der Mirker Bach unterirdisch. Es ist uns nicht bekannt, ob es sich dabei um eine Verrohrung handelt oder um eine Doline. Bei Hochwasser können die Dolinen unterspült werden und größere Schäden verursachen.</p>
<p>Da der Wupperverband für die Pflege der Gewässer zuständig ist, ist es sinnvoll, gemeinsam mit den oben aufgeführten Behörden und der BV-Uellendahl-Katernberg eine Gewässerschau durchzuführen. Anschließend kann der Wupperverband im Rahmen seiner Zuständigkeit Gefahren beseitigen und für weitere erforderliche Schutzmaßnahmen sorgen.</p>
<p>Mit freundlichen Grüßen</p>
<p>Sylvia Meyer<br />
Fraktionssprecherin</p>

<p>Antrag an die Bezirksvertretung Uellendahl-Katernberg am 19.08.2021     Sehr geehrter Herr Lüppken, die Fraktion von BÜNDNIS 90/DIE GRÜNEN beantragt, die Bezirksvertretung möge folgenden Beschluss fassen: Die BV Uellendahl-Katernberg führt gemeinsam mit den zuständigen Behörden (Untere Wasserbehörde, Wupperverband, Biologische Station Mittlere Wupper usw) am Mirker Bach&#8230;</p>

<!-- This site is optimized with the Yoast SEO plugin v21.8 - https://yoast.com/wordpress/plugins/seo/ -->
<title>Antrag zur Durchführung einer Gewässerschau am Mirker Bach - Fraktion von Bündnis 90 / DIE GRÜNEN im Rat der Stadt Wuppertal</title>
<meta name="robots" content="index, follow, max-snippet:-1, max-image-preview:large, max-video-preview:-1" />
<link rel="canonical" href="https://gruene-wuppertal.de/fraktion/bezirksvertretung/antrag-zur-durchfuehrung-einer-gewaesserschau-am-mirker-bach/" />
<meta property="og:locale" content="de_DE" />
<meta property="og:type" content="article" />
<meta property="og:title" content="Antrag zur Durchführung einer Gewässerschau am Mirker Bach - Fraktion von Bündnis 90 / DIE GRÜNEN im Rat der Stadt Wuppertal" />
<meta property="og:description" content="Antrag an die Bezirksvertretung Uellendahl-Katernberg am 19.08.2021     Sehr geehrter Herr Lüppken, die Fraktion von BÜNDNIS 90/DIE GRÜNEN beantragt, die Bezirksvertretung möge folgenden Beschluss fassen: Die BV Uellendahl-Katernberg führt gemeinsam mit den zuständigen Behörden (Untere Wasserbehörde, Wupperverband, Biologische Station Mittlere Wupper usw) am Mirker Bach..." />
<meta property="og:url" content="https://gruene-wuppertal.de/fraktion/bezirksvertretung/antrag-zur-durchfuehrung-einer-gewaesserschau-am-mirker-bach/" />
<meta property="og:site_name" content="Fraktion von Bündnis 90 / DIE GRÜNEN im Rat der Stadt Wuppertal" />
<meta property="article:modified_time" content="2021-09-16T12:03:20+00:00" />
<meta name="twitter:card" content="summary_large_image" />
<meta name="twitter:label1" content="Geschätzte Lesezeit" />
	<meta name="twitter:data1" content="2 Minuten" />
<script type="application/ld+json" class="yoast-schema-graph">{"@context":"https://schema.org","@graph":[{"@type":"WebPage","@id":"https://gruene-wuppertal.de/fraktion/bezirksvertretung/antrag-zur-durchfuehrung-einer-gewaesserschau-am-mirker-bach/","url":"https://gruene-wuppertal.de/fraktion/bezirksvertretung/antrag-zur-durchfuehrung-einer-gewaesserschau-am-mirker-bach/","name":"Antrag zur Durchführung einer Gewässerschau am Mirker Bach - Fraktion von Bündnis 90 / DIE GRÜNEN im Rat der Stadt Wuppertal","isPartOf":{"@id":"https://gruene-wuppertal.de/fraktion/#website"},"datePublished":"2021-08-09T11:36:54+00:00","dateModified":"2021-09-16T12:03:20+00:00","breadcrumb":{"@id":"https://gruene-wuppertal.de/fraktion/bezirksvertretung/antrag-zur-durchfuehrung-einer-gewaesserschau-am-mirker-bach/#breadcrumb"},"inLanguage":"de-DE","potentialAction":[{"@type":"ReadAction","target":["https://gruene-wuppertal.de/fraktion/bezirksvertretung/antrag-zur-durchfuehrung-einer-gewaesserschau-am-mirker-bach/"]}]},{"@type":"BreadcrumbList","@id":"https://gruene-wuppertal.de/fraktion/bezirksvertretung/antrag-zur-durchfuehrung-einer-gewaesserschau-am-mirker-bach/#breadcrumb","itemListElement":[{"@type":"ListItem","position":1,"name":"Startseite","item":"https://gruene-wuppertal.de/fraktion/"},{"@type":"ListItem","position":2,"name":"Antrag zur Durchführung einer Gewässerschau am Mirker Bach"}]},{"@type":"WebSite","@id":"https://gruene-wuppertal.de/fraktion/#website","url":"https://gruene-wuppertal.de/fraktion/","name":"Fraktion von Bündnis 90 / DIE GRÜNEN im Rat der Stadt Wuppertal","description":"","potentialAction":[{"@type":"SearchAction","target":{"@type":"EntryPoint","urlTemplate":"https://gruene-wuppertal.de/fraktion/?s={search_term_string}"},"query-input":"required name=search_term_string"}],"inLanguage":"de-DE"}]}</script>
<!-- / Yoast SEO plugin. -->

Antrag zur Durchführung einer Gewässerschau am Mirker Bach - Fraktion von Bündnis 90 / DIE GRÜNEN im Rat der Stadt Wuppertal

Antrag an die Bezirksvertretung Uellendahl-Katernberg am 19.08.2021     Sehr geehrter Herr Lüppken, die Fraktion von BÜNDNIS 90/DIE GRÜNEN beantragt, die Bezirksvertretung möge folgenden Beschluss fassen: Die BV Uellendahl-Katernberg führt gemeinsam mit den zuständigen Behörden (Untere Wasserbehörde, Wupperverband, Biologische Station Mittlere Wupper usw) am Mirker Bach...

Fraktion von Bündnis 90 / DIE GRÜNEN im Rat der Stadt Wuppertal
