{"id":14272,"date":"2018-12-06T13:06:27","date_gmt":"2018-12-06T13:06:27","guid":{"rendered":"https:\/\/gruene-wuppertal.de\/fraktion\/?post_type=bezirksvertretung&amp;p=14272"},"modified":"2018-12-06T13:06:27","modified_gmt":"2018-12-06T13:06:27","slug":"bv-elberfeld-west-eltern-und-grundschulen-erzielen-einen-teilerfolg-aber-nur-bis-zu-den-sommerferien","status":"publish","type":"bezirksvertretung","link":"https:\/\/gruene-wuppertal.de\/fraktion\/bezirksvertretung\/bv-elberfeld-west-eltern-und-grundschulen-erzielen-einen-teilerfolg-aber-nur-bis-zu-den-sommerferien\/","title":{"rendered":"BV-Elberfeld-West: Eltern und Grundschulen erzielen einen Teilerfolg, aber nur bis zu den Sommerferien."},"content":{"rendered":"<p>Grundschulkinder, die in Richtung Eskesberg, Pahlkestrasse oder D\u00fcsseldorfer Stra\u00dfe wohnen, werden zumindest bis zu den Sommerferien 2019 um 13.25 Uhr mit der Linie 835 vom N\u00fctzenberg nach Hause fahren k\u00f6nnen. Die Einsatzwagen nach der 4. und 5. Stunde sind gestrichen.<br \/>\nDas ist die Zwischenl\u00f6sung der WSW. Jetzt muss aber an einer Regelung gearbeitet werden, die unseren Kleinsten und ihren Familien gerecht wird. Denn wir k\u00f6nnen nicht \u00fcber Elterntaxis klagen, die die Selbstst\u00e4ndigkeit unserer Kinder untergr\u00e4bt und gleichzeitig eine fahrplanm\u00e4\u00dfige \u00dcberforderung einrichten.<\/p>\n<p><strong>Kordula Pfaller<\/strong>, Fraktionssprecherin von B\u00dcNDNIS90\/Die GR\u00dcNEN in der Bezirksvertretung Elberfeld-West: \u201eDie Komplexit\u00e4t des Nahverkehrsnetzes zu erfassen und die angesichts von kindlichem Spielbed\u00fcrfnissen zum Teil gef\u00e4hrlichen Warte- und Umsteigesituationen zum Beispiel am Robert-Daum-Platz oder Otto-Hausmann-Ring zu meistern, ist eine Feuertaufe f\u00fcr Schulanf\u00e4nger und Schulanf\u00e4ngerinnen. Die Erwartung, dass unsere Erstkl\u00e4ssler zudem noch vor dem schulischen Schreiben- und Lesenlernen den Busfahrplan und die Anzeigetafeln der WSW lesen, verstehen und nutzen lernen sollen, ist nicht hinnehmbar. Die Schulwegsicherheit f\u00fcr unsere Kinder ist eine gemeinsame Verantwortung, die wir nicht aus finanziellen Gr\u00fcnden einstellen k\u00f6nnen.\u201c<\/p>\n<p>Die Schulen, das Schulamt und die WSW m\u00fcssen sich an einen Tisch setzen und L\u00f6sungen f\u00fcr die Anforderungen des Ganztags-Schulbetriebs erarbeiten. Durch die verl\u00e4ssliche Ganztagsbetreuung in den Grundschulen haben sich in den letzten Jahren die R\u00fcckfahrtzeiten nach Hause ge\u00e4ndert.Jetzt w\u00e4re es wichtig und richtig, die Fahrtzeiten der Einsatzwagen am Bedarf zu orientieren und das Nahverkehrsnetz kindgerecht aufzustellen.<\/p>\n<p>Der N\u00fctzenberg liegt mitten in Wuppertal, ist aber im \u00f6ffentlichen Nahverkehr eine Diaspora. Kein Bus verbindet das gro\u00dfe Wohnviertel mit einem Einkaufszentrum und auch das Einzugsgebiet der beiden Grundschulen ist im \u00d6PNV nur verschlungen eingebunden. Die viel diskutierte Verkehrswende kann aber nur mit einem klugen \u00d6PNV-Netz gelingen, dass bestehende L\u00fccken schlie\u00dft und nicht neue aufrei\u00dft.<\/p>\n","protected":false},"excerpt":{"rendered":"<p>Grundschulkinder, die in Richtung Eskesberg, Pahlkestrasse oder D\u00fcsseldorfer Stra\u00dfe wohnen, werden zumindest bis zu den Sommerferien 2019 um 13.25 Uhr mit der Linie 835 vom N\u00fctzenberg nach Hause fahren k\u00f6nnen. Die Einsatzwagen nach der 4. und 5. Stunde sind gestrichen. Das ist die Zwischenl\u00f6sung der&#8230;<\/p>\n","protected":false},"author":20,"featured_media":0,"menu_order":0,"comment_status":"closed","ping_status":"closed","template":"","meta":{"_wp_rev_ctl_limit":""},"themen":[56,39,44,82],"bezirke":[139],"yoast_head":"<!-- This site is optimized with the Yoast SEO plugin v21.8 - https:\/\/yoast.com\/wordpress\/plugins\/seo\/ -->\n<title>BV-Elberfeld-West: Eltern und Grundschulen erzielen einen Teilerfolg, aber nur bis zu den Sommerferien. - Fraktion von B\u00fcndnis 90 \/ DIE GR\u00dcNEN im Rat der Stadt Wuppertal<\/title>\n<meta name=\"robots\" content=\"index, follow, max-snippet:-1, max-image-preview:large, max-video-preview:-1\" \/>\n<link rel=\"canonical\" href=\"https:\/\/gruene-wuppertal.de\/fraktion\/bezirksvertretung\/bv-elberfeld-west-eltern-und-grundschulen-erzielen-einen-teilerfolg-aber-nur-bis-zu-den-sommerferien\/\" \/>\n<meta property=\"og:locale\" content=\"de_DE\" \/>\n<meta property=\"og:type\" content=\"article\" \/>\n<meta property=\"og:title\" content=\"BV-Elberfeld-West: Eltern und Grundschulen erzielen einen Teilerfolg, aber nur bis zu den Sommerferien. - Fraktion von B\u00fcndnis 90 \/ DIE GR\u00dcNEN im Rat der Stadt Wuppertal\" \/>\n<meta property=\"og:description\" content=\"Grundschulkinder, die in Richtung Eskesberg, Pahlkestrasse oder D\u00fcsseldorfer Stra\u00dfe wohnen, werden zumindest bis zu den Sommerferien 2019 um 13.25 Uhr mit der Linie 835 vom N\u00fctzenberg nach Hause fahren k\u00f6nnen. Die Einsatzwagen nach der 4. und 5. Stunde sind gestrichen. Das ist die Zwischenl\u00f6sung der...\" \/>\n<meta property=\"og:url\" content=\"https:\/\/gruene-wuppertal.de\/fraktion\/bezirksvertretung\/bv-elberfeld-west-eltern-und-grundschulen-erzielen-einen-teilerfolg-aber-nur-bis-zu-den-sommerferien\/\" \/>\n<meta property=\"og:site_name\" content=\"Fraktion von B\u00fcndnis 90 \/ DIE GR\u00dcNEN im Rat der Stadt Wuppertal\" \/>\n<meta name=\"twitter:card\" content=\"summary_large_image\" \/>\n<meta name=\"twitter:label1\" content=\"Gesch\u00e4tzte Lesezeit\" \/>\n\t<meta name=\"twitter:data1\" content=\"2 Minuten\" \/>\n<script type=\"application\/ld+json\" class=\"yoast-schema-graph\">{\"@context\":\"https:\/\/schema.org\",\"@graph\":[{\"@type\":\"WebPage\",\"@id\":\"https:\/\/gruene-wuppertal.de\/fraktion\/bezirksvertretung\/bv-elberfeld-west-eltern-und-grundschulen-erzielen-einen-teilerfolg-aber-nur-bis-zu-den-sommerferien\/\",\"url\":\"https:\/\/gruene-wuppertal.de\/fraktion\/bezirksvertretung\/bv-elberfeld-west-eltern-und-grundschulen-erzielen-einen-teilerfolg-aber-nur-bis-zu-den-sommerferien\/\",\"name\":\"BV-Elberfeld-West: Eltern und Grundschulen erzielen einen Teilerfolg, aber nur bis zu den Sommerferien. - Fraktion von B\u00fcndnis 90 \/ DIE GR\u00dcNEN im Rat der Stadt Wuppertal\",\"isPartOf\":{\"@id\":\"https:\/\/gruene-wuppertal.de\/fraktion\/#website\"},\"datePublished\":\"2018-12-06T13:06:27+00:00\",\"dateModified\":\"2018-12-06T13:06:27+00:00\",\"breadcrumb\":{\"@id\":\"https:\/\/gruene-wuppertal.de\/fraktion\/bezirksvertretung\/bv-elberfeld-west-eltern-und-grundschulen-erzielen-einen-teilerfolg-aber-nur-bis-zu-den-sommerferien\/#breadcrumb\"},\"inLanguage\":\"de-DE\",\"potentialAction\":[{\"@type\":\"ReadAction\",\"target\":[\"https:\/\/gruene-wuppertal.de\/fraktion\/bezirksvertretung\/bv-elberfeld-west-eltern-und-grundschulen-erzielen-einen-teilerfolg-aber-nur-bis-zu-den-sommerferien\/\"]}]},{\"@type\":\"BreadcrumbList\",\"@id\":\"https:\/\/gruene-wuppertal.de\/fraktion\/bezirksvertretung\/bv-elberfeld-west-eltern-und-grundschulen-erzielen-einen-teilerfolg-aber-nur-bis-zu-den-sommerferien\/#breadcrumb\",\"itemListElement\":[{\"@type\":\"ListItem\",\"position\":1,\"name\":\"Startseite\",\"item\":\"https:\/\/gruene-wuppertal.de\/fraktion\/\"},{\"@type\":\"ListItem\",\"position\":2,\"name\":\"BV-Elberfeld-West: Eltern und Grundschulen erzielen einen Teilerfolg, aber nur bis zu den Sommerferien.\"}]},{\"@type\":\"WebSite\",\"@id\":\"https:\/\/gruene-wuppertal.de\/fraktion\/#website\",\"url\":\"https:\/\/gruene-wuppertal.de\/fraktion\/\",\"name\":\"Fraktion von B\u00fcndnis 90 \/ DIE GR\u00dcNEN im Rat der Stadt Wuppertal\",\"description\":\"\",\"potentialAction\":[{\"@type\":\"SearchAction\",\"target\":{\"@type\":\"EntryPoint\",\"urlTemplate\":\"https:\/\/gruene-wuppertal.de\/fraktion\/?s={search_term_string}\"},\"query-input\":\"required name=search_term_string\"}],\"inLanguage\":\"de-DE\"}]}<\/script>\n<!-- \/ Yoast SEO plugin. -->","yoast_head_json":{"title":"BV-Elberfeld-West: Eltern und Grundschulen erzielen einen Teilerfolg, aber nur bis zu den Sommerferien. - Fraktion von B\u00fcndnis 90 \/ DIE GR\u00dcNEN im Rat der Stadt Wuppertal","robots":{"index":"index","follow":"follow","max-snippet":"max-snippet:-1","max-image-preview":"max-image-preview:large","max-video-preview":"max-video-preview:-1"},"canonical":"https:\/\/gruene-wuppertal.de\/fraktion\/bezirksvertretung\/bv-elberfeld-west-eltern-und-grundschulen-erzielen-einen-teilerfolg-aber-nur-bis-zu-den-sommerferien\/","og_locale":"de_DE","og_type":"article","og_title":"BV-Elberfeld-West: Eltern und Grundschulen erzielen einen Teilerfolg, aber nur bis zu den Sommerferien. - Fraktion von B\u00fcndnis 90 \/ DIE GR\u00dcNEN im Rat der Stadt Wuppertal","og_description":"Grundschulkinder, die in Richtung Eskesberg, Pahlkestrasse oder D\u00fcsseldorfer Stra\u00dfe wohnen, werden zumindest bis zu den Sommerferien 2019 um 13.25 Uhr mit der Linie 835 vom N\u00fctzenberg nach Hause fahren k\u00f6nnen. Die Einsatzwagen nach der 4. und 5. Stunde sind gestrichen. Das ist die Zwischenl\u00f6sung der...","og_url":"https:\/\/gruene-wuppertal.de\/fraktion\/bezirksvertretung\/bv-elberfeld-west-eltern-und-grundschulen-erzielen-einen-teilerfolg-aber-nur-bis-zu-den-sommerferien\/","og_site_name":"Fraktion von B\u00fcndnis 90 \/ DIE GR\u00dcNEN im Rat der Stadt Wuppertal","twitter_card":"summary_large_image","twitter_misc":{"Gesch\u00e4tzte Lesezeit":"2 Minuten"},"schema":{"@context":"https:\/\/schema.org","@graph":[{"@type":"WebPage","@id":"https:\/\/gruene-wuppertal.de\/fraktion\/bezirksvertretung\/bv-elberfeld-west-eltern-und-grundschulen-erzielen-einen-teilerfolg-aber-nur-bis-zu-den-sommerferien\/","url":"https:\/\/gruene-wuppertal.de\/fraktion\/bezirksvertretung\/bv-elberfeld-west-eltern-und-grundschulen-erzielen-einen-teilerfolg-aber-nur-bis-zu-den-sommerferien\/","name":"BV-Elberfeld-West: Eltern und Grundschulen erzielen einen Teilerfolg, aber nur bis zu den Sommerferien. - Fraktion von B\u00fcndnis 90 \/ DIE GR\u00dcNEN im Rat der Stadt Wuppertal","isPartOf":{"@id":"https:\/\/gruene-wuppertal.de\/fraktion\/#website"},"datePublished":"2018-12-06T13:06:27+00:00","dateModified":"2018-12-06T13:06:27+00:00","breadcrumb":{"@id":"https:\/\/gruene-wuppertal.de\/fraktion\/bezirksvertretung\/bv-elberfeld-west-eltern-und-grundschulen-erzielen-einen-teilerfolg-aber-nur-bis-zu-den-sommerferien\/#breadcrumb"},"inLanguage":"de-DE","potentialAction":[{"@type":"ReadAction","target":["https:\/\/gruene-wuppertal.de\/fraktion\/bezirksvertretung\/bv-elberfeld-west-eltern-und-grundschulen-erzielen-einen-teilerfolg-aber-nur-bis-zu-den-sommerferien\/"]}]},{"@type":"BreadcrumbList","@id":"https:\/\/gruene-wuppertal.de\/fraktion\/bezirksvertretung\/bv-elberfeld-west-eltern-und-grundschulen-erzielen-einen-teilerfolg-aber-nur-bis-zu-den-sommerferien\/#breadcrumb","itemListElement":[{"@type":"ListItem","position":1,"name":"Startseite","item":"https:\/\/gruene-wuppertal.de\/fraktion\/"},{"@type":"ListItem","position":2,"name":"BV-Elberfeld-West: Eltern und Grundschulen erzielen einen Teilerfolg, aber nur bis zu den Sommerferien."}]},{"@type":"WebSite","@id":"https:\/\/gruene-wuppertal.de\/fraktion\/#website","url":"https:\/\/gruene-wuppertal.de\/fraktion\/","name":"Fraktion von B\u00fcndnis 90 \/ DIE GR\u00dcNEN im Rat der Stadt Wuppertal","description":"","potentialAction":[{"@type":"SearchAction","target":{"@type":"EntryPoint","urlTemplate":"https:\/\/gruene-wuppertal.de\/fraktion\/?s={search_term_string}"},"query-input":"required name=search_term_string"}],"inLanguage":"de-DE"}]}},"post_mailing_queue_ids":[],"_links":{"self":[{"href":"https:\/\/gruene-wuppertal.de\/fraktion\/wp-json\/wp\/v2\/bezirksvertretung\/14272"}],"collection":[{"href":"https:\/\/gruene-wuppertal.de\/fraktion\/wp-json\/wp\/v2\/bezirksvertretung"}],"about":[{"href":"https:\/\/gruene-wuppertal.de\/fraktion\/wp-json\/wp\/v2\/types\/bezirksvertretung"}],"author":[{"embeddable":true,"href":"https:\/\/gruene-wuppertal.de\/fraktion\/wp-json\/wp\/v2\/users\/20"}],"replies":[{"embeddable":true,"href":"https:\/\/gruene-wuppertal.de\/fraktion\/wp-json\/wp\/v2\/comments?post=14272"}],"version-history":[{"count":0,"href":"https:\/\/gruene-wuppertal.de\/fraktion\/wp-json\/wp\/v2\/bezirksvertretung\/14272\/revisions"}],"wp:attachment":[{"href":"https:\/\/gruene-wuppertal.de\/fraktion\/wp-json\/wp\/v2\/media?parent=14272"}],"wp:term":[{"taxonomy":"themen","embeddable":true,"href":"https:\/\/gruene-wuppertal.de\/fraktion\/wp-json\/wp\/v2\/themen?post=14272"},{"taxonomy":"bezirke","embeddable":true,"href":"https:\/\/gruene-wuppertal.de\/fraktion\/wp-json\/wp\/v2\/bezirke?post=14272"}],"curies":[{"name":"wp","href":"https:\/\/api.w.org\/{rel}","templated":true}]}}

<p>Grundschulkinder, die in Richtung Eskesberg, Pahlkestrasse oder Düsseldorfer Straße wohnen, werden zumindest bis zu den Sommerferien 2019 um 13.25 Uhr mit der Linie 835 vom Nützenberg nach Hause fahren können. Die Einsatzwagen nach der 4. und 5. Stunde sind gestrichen.<br />
Das ist die Zwischenlösung der WSW. Jetzt muss aber an einer Regelung gearbeitet werden, die unseren Kleinsten und ihren Familien gerecht wird. Denn wir können nicht über Elterntaxis klagen, die die Selbstständigkeit unserer Kinder untergräbt und gleichzeitig eine fahrplanmäßige Überforderung einrichten.</p>
<p><strong>Kordula Pfaller</strong>, Fraktionssprecherin von BÜNDNIS90/Die GRÜNEN in der Bezirksvertretung Elberfeld-West: „Die Komplexität des Nahverkehrsnetzes zu erfassen und die angesichts von kindlichem Spielbedürfnissen zum Teil gefährlichen Warte- und Umsteigesituationen zum Beispiel am Robert-Daum-Platz oder Otto-Hausmann-Ring zu meistern, ist eine Feuertaufe für Schulanfänger und Schulanfängerinnen. Die Erwartung, dass unsere Erstklässler zudem noch vor dem schulischen Schreiben- und Lesenlernen den Busfahrplan und die Anzeigetafeln der WSW lesen, verstehen und nutzen lernen sollen, ist nicht hinnehmbar. Die Schulwegsicherheit für unsere Kinder ist eine gemeinsame Verantwortung, die wir nicht aus finanziellen Gründen einstellen können.“</p>
<p>Die Schulen, das Schulamt und die WSW müssen sich an einen Tisch setzen und Lösungen für die Anforderungen des Ganztags-Schulbetriebs erarbeiten. Durch die verlässliche Ganztagsbetreuung in den Grundschulen haben sich in den letzten Jahren die Rückfahrtzeiten nach Hause geändert.Jetzt wäre es wichtig und richtig, die Fahrtzeiten der Einsatzwagen am Bedarf zu orientieren und das Nahverkehrsnetz kindgerecht aufzustellen.</p>
<p>Der Nützenberg liegt mitten in Wuppertal, ist aber im öffentlichen Nahverkehr eine Diaspora. Kein Bus verbindet das große Wohnviertel mit einem Einkaufszentrum und auch das Einzugsgebiet der beiden Grundschulen ist im ÖPNV nur verschlungen eingebunden. Die viel diskutierte Verkehrswende kann aber nur mit einem klugen ÖPNV-Netz gelingen, dass bestehende Lücken schließt und nicht neue aufreißt.</p>

<p>Grundschulkinder, die in Richtung Eskesberg, Pahlkestrasse oder Düsseldorfer Straße wohnen, werden zumindest bis zu den Sommerferien 2019 um 13.25 Uhr mit der Linie 835 vom Nützenberg nach Hause fahren können. Die Einsatzwagen nach der 4. und 5. Stunde sind gestrichen. Das ist die Zwischenlösung der&#8230;</p>

<!-- This site is optimized with the Yoast SEO plugin v21.8 - https://yoast.com/wordpress/plugins/seo/ -->
<title>BV-Elberfeld-West: Eltern und Grundschulen erzielen einen Teilerfolg, aber nur bis zu den Sommerferien. - Fraktion von Bündnis 90 / DIE GRÜNEN im Rat der Stadt Wuppertal</title>
<meta name="robots" content="index, follow, max-snippet:-1, max-image-preview:large, max-video-preview:-1" />
<link rel="canonical" href="https://gruene-wuppertal.de/fraktion/bezirksvertretung/bv-elberfeld-west-eltern-und-grundschulen-erzielen-einen-teilerfolg-aber-nur-bis-zu-den-sommerferien/" />
<meta property="og:locale" content="de_DE" />
<meta property="og:type" content="article" />
<meta property="og:title" content="BV-Elberfeld-West: Eltern und Grundschulen erzielen einen Teilerfolg, aber nur bis zu den Sommerferien. - Fraktion von Bündnis 90 / DIE GRÜNEN im Rat der Stadt Wuppertal" />
<meta property="og:description" content="Grundschulkinder, die in Richtung Eskesberg, Pahlkestrasse oder Düsseldorfer Straße wohnen, werden zumindest bis zu den Sommerferien 2019 um 13.25 Uhr mit der Linie 835 vom Nützenberg nach Hause fahren können. Die Einsatzwagen nach der 4. und 5. Stunde sind gestrichen. Das ist die Zwischenlösung der..." />
<meta property="og:url" content="https://gruene-wuppertal.de/fraktion/bezirksvertretung/bv-elberfeld-west-eltern-und-grundschulen-erzielen-einen-teilerfolg-aber-nur-bis-zu-den-sommerferien/" />
<meta property="og:site_name" content="Fraktion von Bündnis 90 / DIE GRÜNEN im Rat der Stadt Wuppertal" />
<meta name="twitter:card" content="summary_large_image" />
<meta name="twitter:label1" content="Geschätzte Lesezeit" />
	<meta name="twitter:data1" content="2 Minuten" />
<script type="application/ld+json" class="yoast-schema-graph">{"@context":"https://schema.org","@graph":[{"@type":"WebPage","@id":"https://gruene-wuppertal.de/fraktion/bezirksvertretung/bv-elberfeld-west-eltern-und-grundschulen-erzielen-einen-teilerfolg-aber-nur-bis-zu-den-sommerferien/","url":"https://gruene-wuppertal.de/fraktion/bezirksvertretung/bv-elberfeld-west-eltern-und-grundschulen-erzielen-einen-teilerfolg-aber-nur-bis-zu-den-sommerferien/","name":"BV-Elberfeld-West: Eltern und Grundschulen erzielen einen Teilerfolg, aber nur bis zu den Sommerferien. - Fraktion von Bündnis 90 / DIE GRÜNEN im Rat der Stadt Wuppertal","isPartOf":{"@id":"https://gruene-wuppertal.de/fraktion/#website"},"datePublished":"2018-12-06T13:06:27+00:00","dateModified":"2018-12-06T13:06:27+00:00","breadcrumb":{"@id":"https://gruene-wuppertal.de/fraktion/bezirksvertretung/bv-elberfeld-west-eltern-und-grundschulen-erzielen-einen-teilerfolg-aber-nur-bis-zu-den-sommerferien/#breadcrumb"},"inLanguage":"de-DE","potentialAction":[{"@type":"ReadAction","target":["https://gruene-wuppertal.de/fraktion/bezirksvertretung/bv-elberfeld-west-eltern-und-grundschulen-erzielen-einen-teilerfolg-aber-nur-bis-zu-den-sommerferien/"]}]},{"@type":"BreadcrumbList","@id":"https://gruene-wuppertal.de/fraktion/bezirksvertretung/bv-elberfeld-west-eltern-und-grundschulen-erzielen-einen-teilerfolg-aber-nur-bis-zu-den-sommerferien/#breadcrumb","itemListElement":[{"@type":"ListItem","position":1,"name":"Startseite","item":"https://gruene-wuppertal.de/fraktion/"},{"@type":"ListItem","position":2,"name":"BV-Elberfeld-West: Eltern und Grundschulen erzielen einen Teilerfolg, aber nur bis zu den Sommerferien."}]},{"@type":"WebSite","@id":"https://gruene-wuppertal.de/fraktion/#website","url":"https://gruene-wuppertal.de/fraktion/","name":"Fraktion von Bündnis 90 / DIE GRÜNEN im Rat der Stadt Wuppertal","description":"","potentialAction":[{"@type":"SearchAction","target":{"@type":"EntryPoint","urlTemplate":"https://gruene-wuppertal.de/fraktion/?s={search_term_string}"},"query-input":"required name=search_term_string"}],"inLanguage":"de-DE"}]}</script>
<!-- / Yoast SEO plugin. -->

BV-Elberfeld-West: Eltern und Grundschulen erzielen einen Teilerfolg, aber nur bis zu den Sommerferien. - Fraktion von Bündnis 90 / DIE GRÜNEN im Rat der Stadt Wuppertal

Grundschulkinder, die in Richtung Eskesberg, Pahlkestrasse oder Düsseldorfer Straße wohnen, werden zumindest bis zu den Sommerferien 2019 um 13.25 Uhr mit der Linie 835 vom Nützenberg nach Hause fahren können. Die Einsatzwagen nach der 4. und 5. Stunde sind gestrichen. Das ist die Zwischenlösung der...

Fraktion von Bündnis 90 / DIE GRÜNEN im Rat der Stadt Wuppertal
