{"id":6503,"date":"2015-02-12T09:46:28","date_gmt":"2015-02-12T09:46:28","guid":{"rendered":"https:\/\/gruene-wuppertal.de\/fraktion\/?post_type=ausderratsfraktion&amp;p=6503"},"modified":"2015-02-12T09:46:28","modified_gmt":"2015-02-12T09:46:28","slug":"zum-investorenvorhaben-am-doppersberg-ii","status":"publish","type":"ausderratsfraktion","link":"https:\/\/gruene-wuppertal.de\/fraktion\/ausderratsfraktion\/zum-investorenvorhaben-am-doppersberg-ii\/","title":{"rendered":"Zum Investorenvorhaben am D\u00f6ppersberg II"},"content":{"rendered":"<p>Rede unserer Stadtverordneten und B\u00fcrgermeisterin Bettina Br\u00fccher in der Sitzung des Rates am 10.02.15<a href=\"https:\/\/gruene-wuppertal.de\/fraktion\/wp-content\/uploads\/2015\/02\/Bettina_Bruecher_web.jpg\"><img loading=\"lazy\" decoding=\"async\" class=\"alignright size-thumbnail wp-image-6508\" alt=\"Bettina_Bruecher_web\" src=\"https:\/\/gruene-wuppertal.de\/fraktion\/wp-content\/uploads\/2015\/02\/Bettina_Bruecher_web-150x150.jpg\" width=\"150\" height=\"150\" \/><\/a><\/p>\n<p>Herr Oberb\u00fcrgermeister,<br \/>\nmeine Damen und Herren,<\/p>\n<p>ich m\u00f6chte an dieser Stelle meine Entt\u00e4uschung zum Ausdruck bringen.<\/p>\n<p>Entt\u00e4uscht bin ich dar\u00fcber, dass die Stadt Wuppertal es geschafft hat, dass meine Fraktion und ich das Projekt D\u00f6ppersberg nicht mehr 100%ig unterst\u00fctzen k\u00f6nnen.<\/p>\n<p>Vor nicht allzu langer Zeit galt der Umbau des D\u00f6ppersberg als Leuchtturmprojekt, zu Recht. Endlich wird die autogerechte Stadt der 60er Jahre an diesem zentralen Ort zur\u00fcckgebaut. Das ist kein \u00fcberfl\u00fcssiges Prestigeobjekt, sondern notwendige und nachhaltige Stadtentwicklung zu Gunsten der Nutzerinnen und\u00a0 Nutzer von Bahnen und Bussen.<\/p>\n<p>Dahinter steht die Fraktion B\u00dcNDNIS 90\/DIE GR\u00dcNEN.<\/p>\n<p>Doch jetzt stellt die Stadtspitze diese positive Entwicklung in den Schatten und l\u00e4sst sich von einem Investor Bedingungen diktieren, die den Zielen einer zukunftsf\u00e4higen und nachhaltigen Stadtentwicklung absolut entgegen stehen.<\/p>\n<p>Wuppertal ist Fair Trade Town! Das ist Fakt und muss als wichtiger Aspekt in die Stadtentwicklung mit einflie\u00dfen. F\u00fcr GR\u00dcNE w\u00e4re es eine Selbstverst\u00e4ndlichkeit gewesen, nur einen Investor zu akzeptieren, der die \u00f6kologischen, \u00f6konomischen und sozialen Aspekte einer Fair Trade Town akzeptiert und umsetzt.<\/p>\n<p>Die Stadtspitze ignoriert dies aber und l\u00e4sst sich von dem Investor Signature Capital diktieren, wo das Geb\u00e4ude zu stehen hat, dass es \u00fcberdimensioniert ist und dass zuk\u00fcnftig ein Textildiscounter schlimmsten Ausma\u00dfes das so hoch gelobte neue\u00a0 Tor zur\u00a0 Elberfelder Innenstadt dominiert. Was soll das denn nach au\u00dfen signalisieren? Wir sind alles andere als Fair Trade Town, wir wollen ein Billig-Billig-Image?<\/p>\n<p>Wenn wir in die Wuppertaler Vergangenheit zur\u00fcckblicken, herrschten in der Textilstadt\u00a0\u00a0 lange Zeit katastrophale Zust\u00e4nde. Arbeiterinnen und Arbeiter wurden ausgebeutet und die Umwelt zerst\u00f6rt. Diese Zust\u00e4nde haben wir nun in L\u00e4nder wie China, Bangladesch, Kambodscha etc. exportiert. F\u00fcr die billigen Textilien &#8211; nicht nur bei Primark &#8211; bezahlen diejenigen den Preis, die 12 Stunden und mehr in den Fabriken arbeiten m\u00fcssen f\u00fcr viel zu geringe L\u00f6hne, die dort leben m\u00fcssen, wo Chemikalien ungekl\u00e4rt in die Fl\u00fcsse gelangen und die Gesundheit der Menschen gef\u00e4hrdet wird.<\/p>\n<p>Ist uns das alles wirklich so egal? Nat\u00fcrlich ist nicht nur Primark ein Vertreter dieser ungerechten Wirtschaft, viele Textilkonzerne beteiligen sich an dem ausbeuterischen System und wir als Verbraucher*innen m\u00fcssen uns auch erst einmal fragen lassen, warum wir diese billige Kleidung kaufen und das Elend dahinter einfach ausblenden.<\/p>\n<p>Zum Gl\u00fcck gibt es immer mehr Einzelh\u00e4ndler*innen, Gastronomiebetriebe, Kirchengemeinden, Vereine und Schulen, die sich den fairen Handel und Konsum auf die Fahnen geschrieben haben. Die Stadt Wuppertal geh\u00f6rt leider nicht mehr dazu.<\/p>\n<p>Der D\u00f6ppersberg mit einem Primark ruft bei vielen B\u00fcrgerinnen und B\u00fcrgern nur noch Entt\u00e4uschung und Ablehnung hervor. Ein negatives Gef\u00fchl, das auch meine Fraktion und mich betrifft. Wir k\u00f6nnen den vorliegenden Pl\u00e4nen daher nicht\u00a0 zustimmen.<\/p>\n<p>Ich\u00a0 m\u00f6chte aber die Anregung der evangelischen und katholischen Kirche in Wuppertal, Frau Superintendentin Federschmidt und Herrn Stadtdechant Dr. Kurth, aufgreifen und bitte Sie als Rat der Stadt Wuppertal, Primark dazu aufzufordern, dem Textilb\u00fcndnis des Bundesentwicklungsministers M\u00fcller, f\u00fcr bessere Arbeitsbedingungen in den Kleidungsfabriken der Entwicklungsl\u00e4nder beizutreten.<\/p>\n<p>Ich beantrage daher folgende<\/p>\n<p><b>Resolution des Rates der Stadt Wuppertal:\u00a0 <\/b><\/p>\n<p>\u201eDie Firma Primark wird aufgefordert, dem Textilb\u00fcndnis des Bundesentwicklungsministers M\u00fcller, f\u00fcr bessere Arbeitsbedingungen in den Kleidungsfabriken der Entwicklungsl\u00e4nder beizutreten.\u201c<\/p>\n","protected":false},"excerpt":{"rendered":"<p>Rede unserer Stadtverordneten und B\u00fcrgermeisterin Bettina Br\u00fccher in der Sitzung des Rates am 10.02.15 Herr Oberb\u00fcrgermeister, meine Damen und Herren, ich m\u00f6chte an dieser Stelle meine Entt\u00e4uschung zum Ausdruck bringen. Entt\u00e4uscht bin ich dar\u00fcber, dass die Stadt Wuppertal es geschafft hat, dass meine Fraktion und&#8230;<\/p>\n","protected":false},"author":6,"featured_media":0,"menu_order":0,"comment_status":"closed","ping_status":"closed","template":"","meta":{"_wp_rev_ctl_limit":""},"themen":[66,72,36,58],"yoast_head":"<!-- This site is optimized with the Yoast SEO plugin v21.8 - https:\/\/yoast.com\/wordpress\/plugins\/seo\/ -->\n<title>Zum Investorenvorhaben am D\u00f6ppersberg II - Fraktion von B\u00fcndnis 90 \/ DIE GR\u00dcNEN im Rat der Stadt Wuppertal<\/title>\n<meta name=\"robots\" content=\"index, follow, max-snippet:-1, max-image-preview:large, max-video-preview:-1\" \/>\n<link rel=\"canonical\" href=\"https:\/\/gruene-wuppertal.de\/fraktion\/ausderratsfraktion\/zum-investorenvorhaben-am-doppersberg-ii\/\" \/>\n<meta property=\"og:locale\" content=\"de_DE\" \/>\n<meta property=\"og:type\" content=\"article\" \/>\n<meta property=\"og:title\" content=\"Zum Investorenvorhaben am D\u00f6ppersberg II - Fraktion von B\u00fcndnis 90 \/ DIE GR\u00dcNEN im Rat der Stadt Wuppertal\" \/>\n<meta property=\"og:description\" content=\"Rede unserer Stadtverordneten und B\u00fcrgermeisterin Bettina Br\u00fccher in der Sitzung des Rates am 10.02.15 Herr Oberb\u00fcrgermeister, meine Damen und Herren, ich m\u00f6chte an dieser Stelle meine Entt\u00e4uschung zum Ausdruck bringen. Entt\u00e4uscht bin ich dar\u00fcber, dass die Stadt Wuppertal es geschafft hat, dass meine Fraktion und...\" \/>\n<meta property=\"og:url\" content=\"https:\/\/gruene-wuppertal.de\/fraktion\/ausderratsfraktion\/zum-investorenvorhaben-am-doppersberg-ii\/\" \/>\n<meta property=\"og:site_name\" content=\"Fraktion von B\u00fcndnis 90 \/ DIE GR\u00dcNEN im Rat der Stadt Wuppertal\" \/>\n<meta property=\"og:image\" content=\"https:\/\/gruene-wuppertal.de\/fraktion\/wp-content\/uploads\/2015\/02\/Bettina_Bruecher_web-150x150.jpg\" \/>\n<meta name=\"twitter:card\" content=\"summary_large_image\" \/>\n<meta name=\"twitter:label1\" content=\"Gesch\u00e4tzte Lesezeit\" \/>\n\t<meta name=\"twitter:data1\" content=\"3 Minuten\" \/>\n<script type=\"application\/ld+json\" class=\"yoast-schema-graph\">{\"@context\":\"https:\/\/schema.org\",\"@graph\":[{\"@type\":\"WebPage\",\"@id\":\"https:\/\/gruene-wuppertal.de\/fraktion\/ausderratsfraktion\/zum-investorenvorhaben-am-doppersberg-ii\/\",\"url\":\"https:\/\/gruene-wuppertal.de\/fraktion\/ausderratsfraktion\/zum-investorenvorhaben-am-doppersberg-ii\/\",\"name\":\"Zum Investorenvorhaben am D\u00f6ppersberg II - Fraktion von B\u00fcndnis 90 \/ DIE GR\u00dcNEN im Rat der Stadt Wuppertal\",\"isPartOf\":{\"@id\":\"https:\/\/gruene-wuppertal.de\/fraktion\/#website\"},\"datePublished\":\"2015-02-12T09:46:28+00:00\",\"dateModified\":\"2015-02-12T09:46:28+00:00\",\"breadcrumb\":{\"@id\":\"https:\/\/gruene-wuppertal.de\/fraktion\/ausderratsfraktion\/zum-investorenvorhaben-am-doppersberg-ii\/#breadcrumb\"},\"inLanguage\":\"de-DE\",\"potentialAction\":[{\"@type\":\"ReadAction\",\"target\":[\"https:\/\/gruene-wuppertal.de\/fraktion\/ausderratsfraktion\/zum-investorenvorhaben-am-doppersberg-ii\/\"]}]},{\"@type\":\"BreadcrumbList\",\"@id\":\"https:\/\/gruene-wuppertal.de\/fraktion\/ausderratsfraktion\/zum-investorenvorhaben-am-doppersberg-ii\/#breadcrumb\",\"itemListElement\":[{\"@type\":\"ListItem\",\"position\":1,\"name\":\"Startseite\",\"item\":\"https:\/\/gruene-wuppertal.de\/fraktion\/\"},{\"@type\":\"ListItem\",\"position\":2,\"name\":\"Zum Investorenvorhaben am D\u00f6ppersberg II\"}]},{\"@type\":\"WebSite\",\"@id\":\"https:\/\/gruene-wuppertal.de\/fraktion\/#website\",\"url\":\"https:\/\/gruene-wuppertal.de\/fraktion\/\",\"name\":\"Fraktion von B\u00fcndnis 90 \/ DIE GR\u00dcNEN im Rat der Stadt Wuppertal\",\"description\":\"\",\"potentialAction\":[{\"@type\":\"SearchAction\",\"target\":{\"@type\":\"EntryPoint\",\"urlTemplate\":\"https:\/\/gruene-wuppertal.de\/fraktion\/?s={search_term_string}\"},\"query-input\":\"required name=search_term_string\"}],\"inLanguage\":\"de-DE\"}]}<\/script>\n<!-- \/ Yoast SEO plugin. -->","yoast_head_json":{"title":"Zum Investorenvorhaben am D\u00f6ppersberg II - Fraktion von B\u00fcndnis 90 \/ DIE GR\u00dcNEN im Rat der Stadt Wuppertal","robots":{"index":"index","follow":"follow","max-snippet":"max-snippet:-1","max-image-preview":"max-image-preview:large","max-video-preview":"max-video-preview:-1"},"canonical":"https:\/\/gruene-wuppertal.de\/fraktion\/ausderratsfraktion\/zum-investorenvorhaben-am-doppersberg-ii\/","og_locale":"de_DE","og_type":"article","og_title":"Zum Investorenvorhaben am D\u00f6ppersberg II - Fraktion von B\u00fcndnis 90 \/ DIE GR\u00dcNEN im Rat der Stadt Wuppertal","og_description":"Rede unserer Stadtverordneten und B\u00fcrgermeisterin Bettina Br\u00fccher in der Sitzung des Rates am 10.02.15 Herr Oberb\u00fcrgermeister, meine Damen und Herren, ich m\u00f6chte an dieser Stelle meine Entt\u00e4uschung zum Ausdruck bringen. Entt\u00e4uscht bin ich dar\u00fcber, dass die Stadt Wuppertal es geschafft hat, dass meine Fraktion und...","og_url":"https:\/\/gruene-wuppertal.de\/fraktion\/ausderratsfraktion\/zum-investorenvorhaben-am-doppersberg-ii\/","og_site_name":"Fraktion von B\u00fcndnis 90 \/ DIE GR\u00dcNEN im Rat der Stadt Wuppertal","og_image":[{"url":"https:\/\/gruene-wuppertal.de\/fraktion\/wp-content\/uploads\/2015\/02\/Bettina_Bruecher_web-150x150.jpg"}],"twitter_card":"summary_large_image","twitter_misc":{"Gesch\u00e4tzte Lesezeit":"3 Minuten"},"schema":{"@context":"https:\/\/schema.org","@graph":[{"@type":"WebPage","@id":"https:\/\/gruene-wuppertal.de\/fraktion\/ausderratsfraktion\/zum-investorenvorhaben-am-doppersberg-ii\/","url":"https:\/\/gruene-wuppertal.de\/fraktion\/ausderratsfraktion\/zum-investorenvorhaben-am-doppersberg-ii\/","name":"Zum Investorenvorhaben am D\u00f6ppersberg II - Fraktion von B\u00fcndnis 90 \/ DIE GR\u00dcNEN im Rat der Stadt Wuppertal","isPartOf":{"@id":"https:\/\/gruene-wuppertal.de\/fraktion\/#website"},"datePublished":"2015-02-12T09:46:28+00:00","dateModified":"2015-02-12T09:46:28+00:00","breadcrumb":{"@id":"https:\/\/gruene-wuppertal.de\/fraktion\/ausderratsfraktion\/zum-investorenvorhaben-am-doppersberg-ii\/#breadcrumb"},"inLanguage":"de-DE","potentialAction":[{"@type":"ReadAction","target":["https:\/\/gruene-wuppertal.de\/fraktion\/ausderratsfraktion\/zum-investorenvorhaben-am-doppersberg-ii\/"]}]},{"@type":"BreadcrumbList","@id":"https:\/\/gruene-wuppertal.de\/fraktion\/ausderratsfraktion\/zum-investorenvorhaben-am-doppersberg-ii\/#breadcrumb","itemListElement":[{"@type":"ListItem","position":1,"name":"Startseite","item":"https:\/\/gruene-wuppertal.de\/fraktion\/"},{"@type":"ListItem","position":2,"name":"Zum Investorenvorhaben am D\u00f6ppersberg II"}]},{"@type":"WebSite","@id":"https:\/\/gruene-wuppertal.de\/fraktion\/#website","url":"https:\/\/gruene-wuppertal.de\/fraktion\/","name":"Fraktion von B\u00fcndnis 90 \/ DIE GR\u00dcNEN im Rat der Stadt Wuppertal","description":"","potentialAction":[{"@type":"SearchAction","target":{"@type":"EntryPoint","urlTemplate":"https:\/\/gruene-wuppertal.de\/fraktion\/?s={search_term_string}"},"query-input":"required name=search_term_string"}],"inLanguage":"de-DE"}]}},"post_mailing_queue_ids":[],"_links":{"self":[{"href":"https:\/\/gruene-wuppertal.de\/fraktion\/wp-json\/wp\/v2\/ausderratsfraktion\/6503"}],"collection":[{"href":"https:\/\/gruene-wuppertal.de\/fraktion\/wp-json\/wp\/v2\/ausderratsfraktion"}],"about":[{"href":"https:\/\/gruene-wuppertal.de\/fraktion\/wp-json\/wp\/v2\/types\/ausderratsfraktion"}],"author":[{"embeddable":true,"href":"https:\/\/gruene-wuppertal.de\/fraktion\/wp-json\/wp\/v2\/users\/6"}],"replies":[{"embeddable":true,"href":"https:\/\/gruene-wuppertal.de\/fraktion\/wp-json\/wp\/v2\/comments?post=6503"}],"version-history":[{"count":0,"href":"https:\/\/gruene-wuppertal.de\/fraktion\/wp-json\/wp\/v2\/ausderratsfraktion\/6503\/revisions"}],"wp:attachment":[{"href":"https:\/\/gruene-wuppertal.de\/fraktion\/wp-json\/wp\/v2\/media?parent=6503"}],"wp:term":[{"taxonomy":"themen","embeddable":true,"href":"https:\/\/gruene-wuppertal.de\/fraktion\/wp-json\/wp\/v2\/themen?post=6503"}],"curies":[{"name":"wp","href":"https:\/\/api.w.org\/{rel}","templated":true}]}}

Zum Investorenvorhaben am Döppersberg II

<p>Rede unserer Stadtverordneten und Bürgermeisterin Bettina Brücher in der Sitzung des Rates am 10.02.15<a href="https://gruene-wuppertal.de/fraktion/wp-content/uploads/2015/02/Bettina_Bruecher_web.jpg"><img loading="lazy" decoding="async" class="alignright size-thumbnail wp-image-6508" alt="Bettina_Bruecher_web" src="https://gruene-wuppertal.de/fraktion/wp-content/uploads/2015/02/Bettina_Bruecher_web-150x150.jpg" width="150" height="150" /></a></p>
<p>Herr Oberbürgermeister,<br />
meine Damen und Herren,</p>
<p>ich möchte an dieser Stelle meine Enttäuschung zum Ausdruck bringen.</p>
<p>Enttäuscht bin ich darüber, dass die Stadt Wuppertal es geschafft hat, dass meine Fraktion und ich das Projekt Döppersberg nicht mehr 100%ig unterstützen können.</p>
<p>Vor nicht allzu langer Zeit galt der Umbau des Döppersberg als Leuchtturmprojekt, zu Recht. Endlich wird die autogerechte Stadt der 60er Jahre an diesem zentralen Ort zurückgebaut. Das ist kein überflüssiges Prestigeobjekt, sondern notwendige und nachhaltige Stadtentwicklung zu Gunsten der Nutzerinnen und  Nutzer von Bahnen und Bussen.</p>
<p>Dahinter steht die Fraktion BÜNDNIS 90/DIE GRÜNEN.</p>
<p>Doch jetzt stellt die Stadtspitze diese positive Entwicklung in den Schatten und lässt sich von einem Investor Bedingungen diktieren, die den Zielen einer zukunftsfähigen und nachhaltigen Stadtentwicklung absolut entgegen stehen.</p>
<p>Wuppertal ist Fair Trade Town! Das ist Fakt und muss als wichtiger Aspekt in die Stadtentwicklung mit einfließen. Für GRÜNE wäre es eine Selbstverständlichkeit gewesen, nur einen Investor zu akzeptieren, der die ökologischen, ökonomischen und sozialen Aspekte einer Fair Trade Town akzeptiert und umsetzt.</p>
<p>Die Stadtspitze ignoriert dies aber und lässt sich von dem Investor Signature Capital diktieren, wo das Gebäude zu stehen hat, dass es überdimensioniert ist und dass zukünftig ein Textildiscounter schlimmsten Ausmaßes das so hoch gelobte neue  Tor zur  Elberfelder Innenstadt dominiert. Was soll das denn nach außen signalisieren? Wir sind alles andere als Fair Trade Town, wir wollen ein Billig-Billig-Image?</p>
<p>Wenn wir in die Wuppertaler Vergangenheit zurückblicken, herrschten in der Textilstadt   lange Zeit katastrophale Zustände. Arbeiterinnen und Arbeiter wurden ausgebeutet und die Umwelt zerstört. Diese Zustände haben wir nun in Länder wie China, Bangladesch, Kambodscha etc. exportiert. Für die billigen Textilien &#8211; nicht nur bei Primark &#8211; bezahlen diejenigen den Preis, die 12 Stunden und mehr in den Fabriken arbeiten müssen für viel zu geringe Löhne, die dort leben müssen, wo Chemikalien ungeklärt in die Flüsse gelangen und die Gesundheit der Menschen gefährdet wird.</p>
<p>Ist uns das alles wirklich so egal? Natürlich ist nicht nur Primark ein Vertreter dieser ungerechten Wirtschaft, viele Textilkonzerne beteiligen sich an dem ausbeuterischen System und wir als Verbraucher*innen müssen uns auch erst einmal fragen lassen, warum wir diese billige Kleidung kaufen und das Elend dahinter einfach ausblenden.</p>
<p>Zum Glück gibt es immer mehr Einzelhändler*innen, Gastronomiebetriebe, Kirchengemeinden, Vereine und Schulen, die sich den fairen Handel und Konsum auf die Fahnen geschrieben haben. Die Stadt Wuppertal gehört leider nicht mehr dazu.</p>
<p>Der Döppersberg mit einem Primark ruft bei vielen Bürgerinnen und Bürgern nur noch Enttäuschung und Ablehnung hervor. Ein negatives Gefühl, das auch meine Fraktion und mich betrifft. Wir können den vorliegenden Plänen daher nicht  zustimmen.</p>
<p>Ich  möchte aber die Anregung der evangelischen und katholischen Kirche in Wuppertal, Frau Superintendentin Federschmidt und Herrn Stadtdechant Dr. Kurth, aufgreifen und bitte Sie als Rat der Stadt Wuppertal, Primark dazu aufzufordern, dem Textilbündnis des Bundesentwicklungsministers Müller, für bessere Arbeitsbedingungen in den Kleidungsfabriken der Entwicklungsländer beizutreten.</p>
<p>Ich beantrage daher folgende</p>
<p><b>Resolution des Rates der Stadt Wuppertal:  </b></p>
<p>„Die Firma Primark wird aufgefordert, dem Textilbündnis des Bundesentwicklungsministers Müller, für bessere Arbeitsbedingungen in den Kleidungsfabriken der Entwicklungsländer beizutreten.“</p>

<p>Rede unserer Stadtverordneten und Bürgermeisterin Bettina Brücher in der Sitzung des Rates am 10.02.15 Herr Oberbürgermeister, meine Damen und Herren, ich möchte an dieser Stelle meine Enttäuschung zum Ausdruck bringen. Enttäuscht bin ich darüber, dass die Stadt Wuppertal es geschafft hat, dass meine Fraktion und&#8230;</p>

<!-- This site is optimized with the Yoast SEO plugin v21.8 - https://yoast.com/wordpress/plugins/seo/ -->
<title>Zum Investorenvorhaben am Döppersberg II - Fraktion von Bündnis 90 / DIE GRÜNEN im Rat der Stadt Wuppertal</title>
<meta name="robots" content="index, follow, max-snippet:-1, max-image-preview:large, max-video-preview:-1" />
<link rel="canonical" href="https://gruene-wuppertal.de/fraktion/ausderratsfraktion/zum-investorenvorhaben-am-doppersberg-ii/" />
<meta property="og:locale" content="de_DE" />
<meta property="og:type" content="article" />
<meta property="og:title" content="Zum Investorenvorhaben am Döppersberg II - Fraktion von Bündnis 90 / DIE GRÜNEN im Rat der Stadt Wuppertal" />
<meta property="og:description" content="Rede unserer Stadtverordneten und Bürgermeisterin Bettina Brücher in der Sitzung des Rates am 10.02.15 Herr Oberbürgermeister, meine Damen und Herren, ich möchte an dieser Stelle meine Enttäuschung zum Ausdruck bringen. Enttäuscht bin ich darüber, dass die Stadt Wuppertal es geschafft hat, dass meine Fraktion und..." />
<meta property="og:url" content="https://gruene-wuppertal.de/fraktion/ausderratsfraktion/zum-investorenvorhaben-am-doppersberg-ii/" />
<meta property="og:site_name" content="Fraktion von Bündnis 90 / DIE GRÜNEN im Rat der Stadt Wuppertal" />
<meta property="og:image" content="https://gruene-wuppertal.de/fraktion/wp-content/uploads/2015/02/Bettina_Bruecher_web-150x150.jpg" />
<meta name="twitter:card" content="summary_large_image" />
<meta name="twitter:label1" content="Geschätzte Lesezeit" />
	<meta name="twitter:data1" content="3 Minuten" />
<script type="application/ld+json" class="yoast-schema-graph">{"@context":"https://schema.org","@graph":[{"@type":"WebPage","@id":"https://gruene-wuppertal.de/fraktion/ausderratsfraktion/zum-investorenvorhaben-am-doppersberg-ii/","url":"https://gruene-wuppertal.de/fraktion/ausderratsfraktion/zum-investorenvorhaben-am-doppersberg-ii/","name":"Zum Investorenvorhaben am Döppersberg II - Fraktion von Bündnis 90 / DIE GRÜNEN im Rat der Stadt Wuppertal","isPartOf":{"@id":"https://gruene-wuppertal.de/fraktion/#website"},"datePublished":"2015-02-12T09:46:28+00:00","dateModified":"2015-02-12T09:46:28+00:00","breadcrumb":{"@id":"https://gruene-wuppertal.de/fraktion/ausderratsfraktion/zum-investorenvorhaben-am-doppersberg-ii/#breadcrumb"},"inLanguage":"de-DE","potentialAction":[{"@type":"ReadAction","target":["https://gruene-wuppertal.de/fraktion/ausderratsfraktion/zum-investorenvorhaben-am-doppersberg-ii/"]}]},{"@type":"BreadcrumbList","@id":"https://gruene-wuppertal.de/fraktion/ausderratsfraktion/zum-investorenvorhaben-am-doppersberg-ii/#breadcrumb","itemListElement":[{"@type":"ListItem","position":1,"name":"Startseite","item":"https://gruene-wuppertal.de/fraktion/"},{"@type":"ListItem","position":2,"name":"Zum Investorenvorhaben am Döppersberg II"}]},{"@type":"WebSite","@id":"https://gruene-wuppertal.de/fraktion/#website","url":"https://gruene-wuppertal.de/fraktion/","name":"Fraktion von Bündnis 90 / DIE GRÜNEN im Rat der Stadt Wuppertal","description":"","potentialAction":[{"@type":"SearchAction","target":{"@type":"EntryPoint","urlTemplate":"https://gruene-wuppertal.de/fraktion/?s={search_term_string}"},"query-input":"required name=search_term_string"}],"inLanguage":"de-DE"}]}</script>
<!-- / Yoast SEO plugin. -->

Zum Investorenvorhaben am Döppersberg II - Fraktion von Bündnis 90 / DIE GRÜNEN im Rat der Stadt Wuppertal

Rede unserer Stadtverordneten und Bürgermeisterin Bettina Brücher in der Sitzung des Rates am 10.02.15 Herr Oberbürgermeister, meine Damen und Herren, ich möchte an dieser Stelle meine Enttäuschung zum Ausdruck bringen. Enttäuscht bin ich darüber, dass die Stadt Wuppertal es geschafft hat, dass meine Fraktion und...

Fraktion von Bündnis 90 / DIE GRÜNEN im Rat der Stadt Wuppertal
