{"id":4832,"date":"2013-10-02T09:39:13","date_gmt":"2013-10-02T09:39:13","guid":{"rendered":"https:\/\/gruene-wuppertal.de\/fraktion\/?post_type=ausderratsfraktion&amp;p=4832"},"modified":"2013-10-02T09:39:13","modified_gmt":"2013-10-02T09:39:13","slug":"bebauungsplan-1173-hollandische-heide","status":"publish","type":"ausderratsfraktion","link":"https:\/\/gruene-wuppertal.de\/fraktion\/ausderratsfraktion\/bebauungsplan-1173-hollandische-heide\/","title":{"rendered":"Bebauungsplan 1173 &#8211; Holl\u00e4ndische Heide &#8211;"},"content":{"rendered":"<p>Rede unseres Stadtverordneten Klaus L\u00fcdemann in der Ratssitzung am 30.09.13<\/p>\n<p>Meine Damen und Herren,<a href=\"https:\/\/gruene-wuppertal.de\/fraktion\/wp-content\/uploads\/2013\/10\/Klaus.jpg\"><img loading=\"lazy\" decoding=\"async\" class=\"alignright size-full wp-image-4833\" alt=\"Klaus\" src=\"https:\/\/gruene-wuppertal.de\/fraktion\/wp-content\/uploads\/2013\/10\/Klaus.jpg\" width=\"100\" height=\"150\" \/><\/a><\/p>\n<p>am 15.7. habe ich hier zur Bebauung Hindenburgstra\u00dfe gesprochen.<br \/>\nEin gr\u00fcnes Kleinod wird f\u00fcr ein Neubaugebiet geopfert.<br \/>\nHeute soll f\u00fcr die Holl\u00e4ndische Heide ebenso die Zerst\u00f6rung eines Naturidylls f\u00fcr Neubauten beschlossen werden.<\/p>\n<p>Die Holl\u00e4ndische Heide an der Hainstra\u00dfe:<\/p>\n<p>Ein wunderbarer Ort: eine gro\u00dfe, gr\u00fcne Wiese mit verlassener Hofschaft und altem Baumbestand, ein kleiner Wald am n\u00f6rdlichen Rand, in dem sich Wild verstecken kann, hohe Hecken, die Schutz f\u00fcr seltene V\u00f6gel bieten, vielleicht eine Quelle, zwei Bachl\u00e4ufe, \u00fcber die frischer Wind weht, der auch die weitere Umgebung erfrischt.<\/p>\n<p>Gegen eine Bebauung mit R\u00fccksicht auf Natur und Umwelt h\u00e4tte niemand etwas einzuwenden gehabt, auch nicht die GR\u00dcNEN. Keiner war jedoch darauf gefasst, dass es sich laut neuem Bebauungsplan um 45 H\u00e4user mit insgesamt 72 Wohneinheiten handeln sollte. Dadurch muss mit einem zus\u00e4tzlichen Verkehrsaufkommen von ca. 120 PKW gerechnet werden.<\/p>\n<p>Weitere Verschlechterungen sowie die Widerspr\u00fcche und Fehler im Bearbeitungsverfahren wurden durch die Umweltschutzverb\u00e4nde und B\u00dcNDNIS 90\/DIE GR\u00dcNEN angeprangert: Das W\u00e4ldchen soll nicht im jetzigen Zustand erhalten bleiben, sondern der derzeitige Waldsaum soll den Privatgrundst\u00fccken zugerechnet werden und w\u00e4re damit forstrechtlich nicht gesch\u00fctzt. Das Grundwasser soll direkt ins Kanalsystem geleitet werden, die Eintrocknung der beiden Bachl\u00e4ufe nimmt man in Kauf. Der Boden wurde nicht auf das Vorhandensein einer Quelle untersucht. Der Artenschutz wurde vernachl\u00e4ssigt, Vorschriften wurden nicht eingehalten.<\/p>\n<p>Diese Liste k\u00f6nnte noch lange erweitert werden. Die Anliegen und Bedenken der Anwohner wurden von der Verwaltung nicht ber\u00fccksichtigt.<\/p>\n<p>Pers\u00f6nlich tut mir die Kastanie weh. Sicher will niemand, dass Kinder durch herabfallende \u00c4ste verletzt werden. Es h\u00e4tte in der Planung andere M\u00f6glichkeiten gegeben, um einen Schutzstreifen rund um den Baum einzurichten.<\/p>\n<p>Immerhin erreichten die GR\u00dcNEN am 19.01.2012 in der Bezirksvertretung Uellendahl-Katernberg, dass der einstimmige Beschluss gefasst wurde, eine Umweltvertr\u00e4glichkeitspr\u00fcfung durchzuf\u00fchren. Mit der Mehrheit von GR\u00dcNEN, Linken, FDP und WfW lehnte die BV den aktuellen Bebauungsplan im September 2013 ab.<\/p>\n<p>Wir erwarten von der Gro\u00dfen Koalition im Rat heute eine sture Entscheidung gegen jede Vernunft.<\/p>\n<p>Wir schlagen quasi in letzter Minute vor, im B-Plan die Zahl der H\u00e4user auf 35 zu beschr\u00e4nken. Das w\u00fcrde die Bedenken der AnwohnerInnen wenigstens zum Teil ber\u00fccksichtigen.<\/p>\n<p>Wenn Wuppertal etwas anders machen will, dann sollte man endlich andere Konzepte entwickeln.<\/p>\n<p>Wir lehnen den B-Plan in der vorliegenden Form ab.<\/p>\n<p><b>Wuppertal ist die gr\u00fcnste Stadt Deutschlands<\/b><\/p>\n<p><b>Wir wollen, dass es so bleibt<\/b><\/p>\n","protected":false},"excerpt":{"rendered":"<p>Rede unseres Stadtverordneten Klaus L\u00fcdemann in der Ratssitzung am 30.09.13 Meine Damen und Herren, am 15.7. habe ich hier zur Bebauung Hindenburgstra\u00dfe gesprochen. Ein gr\u00fcnes Kleinod wird f\u00fcr ein Neubaugebiet geopfert. Heute soll f\u00fcr die Holl\u00e4ndische Heide ebenso die Zerst\u00f6rung eines Naturidylls f\u00fcr Neubauten beschlossen&#8230;<\/p>\n","protected":false},"author":6,"featured_media":0,"menu_order":0,"comment_status":"closed","ping_status":"closed","template":"","meta":{"_wp_rev_ctl_limit":""},"themen":[25,91,58,23],"yoast_head":"<!-- This site is optimized with the Yoast SEO plugin v21.8 - https:\/\/yoast.com\/wordpress\/plugins\/seo\/ -->\n<title>Bebauungsplan 1173 - Holl\u00e4ndische Heide - Fraktion von B\u00fcndnis 90 \/ DIE GR\u00dcNEN im Rat der Stadt Wuppertal<\/title>\n<meta name=\"robots\" content=\"index, follow, max-snippet:-1, max-image-preview:large, max-video-preview:-1\" \/>\n<link rel=\"canonical\" href=\"https:\/\/gruene-wuppertal.de\/fraktion\/ausderratsfraktion\/bebauungsplan-1173-hollandische-heide\/\" \/>\n<meta property=\"og:locale\" content=\"de_DE\" \/>\n<meta property=\"og:type\" content=\"article\" \/>\n<meta property=\"og:title\" content=\"Bebauungsplan 1173 - Holl\u00e4ndische Heide - Fraktion von B\u00fcndnis 90 \/ DIE GR\u00dcNEN im Rat der Stadt Wuppertal\" \/>\n<meta property=\"og:description\" content=\"Rede unseres Stadtverordneten Klaus L\u00fcdemann in der Ratssitzung am 30.09.13 Meine Damen und Herren, am 15.7. habe ich hier zur Bebauung Hindenburgstra\u00dfe gesprochen. Ein gr\u00fcnes Kleinod wird f\u00fcr ein Neubaugebiet geopfert. Heute soll f\u00fcr die Holl\u00e4ndische Heide ebenso die Zerst\u00f6rung eines Naturidylls f\u00fcr Neubauten beschlossen...\" \/>\n<meta property=\"og:url\" content=\"https:\/\/gruene-wuppertal.de\/fraktion\/ausderratsfraktion\/bebauungsplan-1173-hollandische-heide\/\" \/>\n<meta property=\"og:site_name\" content=\"Fraktion von B\u00fcndnis 90 \/ DIE GR\u00dcNEN im Rat der Stadt Wuppertal\" \/>\n<meta property=\"og:image\" content=\"https:\/\/gruene-wuppertal.de\/fraktion\/wp-content\/uploads\/2013\/10\/Klaus.jpg\" \/>\n<meta name=\"twitter:card\" content=\"summary_large_image\" \/>\n<meta name=\"twitter:label1\" content=\"Gesch\u00e4tzte Lesezeit\" \/>\n\t<meta name=\"twitter:data1\" content=\"2 Minuten\" \/>\n<script type=\"application\/ld+json\" class=\"yoast-schema-graph\">{\"@context\":\"https:\/\/schema.org\",\"@graph\":[{\"@type\":\"WebPage\",\"@id\":\"https:\/\/gruene-wuppertal.de\/fraktion\/ausderratsfraktion\/bebauungsplan-1173-hollandische-heide\/\",\"url\":\"https:\/\/gruene-wuppertal.de\/fraktion\/ausderratsfraktion\/bebauungsplan-1173-hollandische-heide\/\",\"name\":\"Bebauungsplan 1173 - Holl\u00e4ndische Heide - Fraktion von B\u00fcndnis 90 \/ DIE GR\u00dcNEN im Rat der Stadt Wuppertal\",\"isPartOf\":{\"@id\":\"https:\/\/gruene-wuppertal.de\/fraktion\/#website\"},\"datePublished\":\"2013-10-02T09:39:13+00:00\",\"dateModified\":\"2013-10-02T09:39:13+00:00\",\"breadcrumb\":{\"@id\":\"https:\/\/gruene-wuppertal.de\/fraktion\/ausderratsfraktion\/bebauungsplan-1173-hollandische-heide\/#breadcrumb\"},\"inLanguage\":\"de-DE\",\"potentialAction\":[{\"@type\":\"ReadAction\",\"target\":[\"https:\/\/gruene-wuppertal.de\/fraktion\/ausderratsfraktion\/bebauungsplan-1173-hollandische-heide\/\"]}]},{\"@type\":\"BreadcrumbList\",\"@id\":\"https:\/\/gruene-wuppertal.de\/fraktion\/ausderratsfraktion\/bebauungsplan-1173-hollandische-heide\/#breadcrumb\",\"itemListElement\":[{\"@type\":\"ListItem\",\"position\":1,\"name\":\"Startseite\",\"item\":\"https:\/\/gruene-wuppertal.de\/fraktion\/\"},{\"@type\":\"ListItem\",\"position\":2,\"name\":\"Bebauungsplan 1173 &#8211; Holl\u00e4ndische Heide &#8211;\"}]},{\"@type\":\"WebSite\",\"@id\":\"https:\/\/gruene-wuppertal.de\/fraktion\/#website\",\"url\":\"https:\/\/gruene-wuppertal.de\/fraktion\/\",\"name\":\"Fraktion von B\u00fcndnis 90 \/ DIE GR\u00dcNEN im Rat der Stadt Wuppertal\",\"description\":\"\",\"potentialAction\":[{\"@type\":\"SearchAction\",\"target\":{\"@type\":\"EntryPoint\",\"urlTemplate\":\"https:\/\/gruene-wuppertal.de\/fraktion\/?s={search_term_string}\"},\"query-input\":\"required name=search_term_string\"}],\"inLanguage\":\"de-DE\"}]}<\/script>\n<!-- \/ Yoast SEO plugin. -->","yoast_head_json":{"title":"Bebauungsplan 1173 - Holl\u00e4ndische Heide - Fraktion von B\u00fcndnis 90 \/ DIE GR\u00dcNEN im Rat der Stadt Wuppertal","robots":{"index":"index","follow":"follow","max-snippet":"max-snippet:-1","max-image-preview":"max-image-preview:large","max-video-preview":"max-video-preview:-1"},"canonical":"https:\/\/gruene-wuppertal.de\/fraktion\/ausderratsfraktion\/bebauungsplan-1173-hollandische-heide\/","og_locale":"de_DE","og_type":"article","og_title":"Bebauungsplan 1173 - Holl\u00e4ndische Heide - Fraktion von B\u00fcndnis 90 \/ DIE GR\u00dcNEN im Rat der Stadt Wuppertal","og_description":"Rede unseres Stadtverordneten Klaus L\u00fcdemann in der Ratssitzung am 30.09.13 Meine Damen und Herren, am 15.7. habe ich hier zur Bebauung Hindenburgstra\u00dfe gesprochen. Ein gr\u00fcnes Kleinod wird f\u00fcr ein Neubaugebiet geopfert. Heute soll f\u00fcr die Holl\u00e4ndische Heide ebenso die Zerst\u00f6rung eines Naturidylls f\u00fcr Neubauten beschlossen...","og_url":"https:\/\/gruene-wuppertal.de\/fraktion\/ausderratsfraktion\/bebauungsplan-1173-hollandische-heide\/","og_site_name":"Fraktion von B\u00fcndnis 90 \/ DIE GR\u00dcNEN im Rat der Stadt Wuppertal","og_image":[{"url":"https:\/\/gruene-wuppertal.de\/fraktion\/wp-content\/uploads\/2013\/10\/Klaus.jpg"}],"twitter_card":"summary_large_image","twitter_misc":{"Gesch\u00e4tzte Lesezeit":"2 Minuten"},"schema":{"@context":"https:\/\/schema.org","@graph":[{"@type":"WebPage","@id":"https:\/\/gruene-wuppertal.de\/fraktion\/ausderratsfraktion\/bebauungsplan-1173-hollandische-heide\/","url":"https:\/\/gruene-wuppertal.de\/fraktion\/ausderratsfraktion\/bebauungsplan-1173-hollandische-heide\/","name":"Bebauungsplan 1173 - Holl\u00e4ndische Heide - Fraktion von B\u00fcndnis 90 \/ DIE GR\u00dcNEN im Rat der Stadt Wuppertal","isPartOf":{"@id":"https:\/\/gruene-wuppertal.de\/fraktion\/#website"},"datePublished":"2013-10-02T09:39:13+00:00","dateModified":"2013-10-02T09:39:13+00:00","breadcrumb":{"@id":"https:\/\/gruene-wuppertal.de\/fraktion\/ausderratsfraktion\/bebauungsplan-1173-hollandische-heide\/#breadcrumb"},"inLanguage":"de-DE","potentialAction":[{"@type":"ReadAction","target":["https:\/\/gruene-wuppertal.de\/fraktion\/ausderratsfraktion\/bebauungsplan-1173-hollandische-heide\/"]}]},{"@type":"BreadcrumbList","@id":"https:\/\/gruene-wuppertal.de\/fraktion\/ausderratsfraktion\/bebauungsplan-1173-hollandische-heide\/#breadcrumb","itemListElement":[{"@type":"ListItem","position":1,"name":"Startseite","item":"https:\/\/gruene-wuppertal.de\/fraktion\/"},{"@type":"ListItem","position":2,"name":"Bebauungsplan 1173 &#8211; Holl\u00e4ndische Heide &#8211;"}]},{"@type":"WebSite","@id":"https:\/\/gruene-wuppertal.de\/fraktion\/#website","url":"https:\/\/gruene-wuppertal.de\/fraktion\/","name":"Fraktion von B\u00fcndnis 90 \/ DIE GR\u00dcNEN im Rat der Stadt Wuppertal","description":"","potentialAction":[{"@type":"SearchAction","target":{"@type":"EntryPoint","urlTemplate":"https:\/\/gruene-wuppertal.de\/fraktion\/?s={search_term_string}"},"query-input":"required name=search_term_string"}],"inLanguage":"de-DE"}]}},"post_mailing_queue_ids":[],"_links":{"self":[{"href":"https:\/\/gruene-wuppertal.de\/fraktion\/wp-json\/wp\/v2\/ausderratsfraktion\/4832"}],"collection":[{"href":"https:\/\/gruene-wuppertal.de\/fraktion\/wp-json\/wp\/v2\/ausderratsfraktion"}],"about":[{"href":"https:\/\/gruene-wuppertal.de\/fraktion\/wp-json\/wp\/v2\/types\/ausderratsfraktion"}],"author":[{"embeddable":true,"href":"https:\/\/gruene-wuppertal.de\/fraktion\/wp-json\/wp\/v2\/users\/6"}],"replies":[{"embeddable":true,"href":"https:\/\/gruene-wuppertal.de\/fraktion\/wp-json\/wp\/v2\/comments?post=4832"}],"version-history":[{"count":0,"href":"https:\/\/gruene-wuppertal.de\/fraktion\/wp-json\/wp\/v2\/ausderratsfraktion\/4832\/revisions"}],"wp:attachment":[{"href":"https:\/\/gruene-wuppertal.de\/fraktion\/wp-json\/wp\/v2\/media?parent=4832"}],"wp:term":[{"taxonomy":"themen","embeddable":true,"href":"https:\/\/gruene-wuppertal.de\/fraktion\/wp-json\/wp\/v2\/themen?post=4832"}],"curies":[{"name":"wp","href":"https:\/\/api.w.org\/{rel}","templated":true}]}}

Bebauungsplan 1173 &#8211; Holländische Heide &#8211;

<p>Rede unseres Stadtverordneten Klaus Lüdemann in der Ratssitzung am 30.09.13</p>
<p>Meine Damen und Herren,<a href="https://gruene-wuppertal.de/fraktion/wp-content/uploads/2013/10/Klaus.jpg"><img loading="lazy" decoding="async" class="alignright size-full wp-image-4833" alt="Klaus" src="https://gruene-wuppertal.de/fraktion/wp-content/uploads/2013/10/Klaus.jpg" width="100" height="150" /></a></p>
<p>am 15.7. habe ich hier zur Bebauung Hindenburgstraße gesprochen.<br />
Ein grünes Kleinod wird für ein Neubaugebiet geopfert.<br />
Heute soll für die Holländische Heide ebenso die Zerstörung eines Naturidylls für Neubauten beschlossen werden.</p>
<p>Die Holländische Heide an der Hainstraße:</p>
<p>Ein wunderbarer Ort: eine große, grüne Wiese mit verlassener Hofschaft und altem Baumbestand, ein kleiner Wald am nördlichen Rand, in dem sich Wild verstecken kann, hohe Hecken, die Schutz für seltene Vögel bieten, vielleicht eine Quelle, zwei Bachläufe, über die frischer Wind weht, der auch die weitere Umgebung erfrischt.</p>
<p>Gegen eine Bebauung mit Rücksicht auf Natur und Umwelt hätte niemand etwas einzuwenden gehabt, auch nicht die GRÜNEN. Keiner war jedoch darauf gefasst, dass es sich laut neuem Bebauungsplan um 45 Häuser mit insgesamt 72 Wohneinheiten handeln sollte. Dadurch muss mit einem zusätzlichen Verkehrsaufkommen von ca. 120 PKW gerechnet werden.</p>
<p>Weitere Verschlechterungen sowie die Widersprüche und Fehler im Bearbeitungsverfahren wurden durch die Umweltschutzverbände und BÜNDNIS 90/DIE GRÜNEN angeprangert: Das Wäldchen soll nicht im jetzigen Zustand erhalten bleiben, sondern der derzeitige Waldsaum soll den Privatgrundstücken zugerechnet werden und wäre damit forstrechtlich nicht geschützt. Das Grundwasser soll direkt ins Kanalsystem geleitet werden, die Eintrocknung der beiden Bachläufe nimmt man in Kauf. Der Boden wurde nicht auf das Vorhandensein einer Quelle untersucht. Der Artenschutz wurde vernachlässigt, Vorschriften wurden nicht eingehalten.</p>
<p>Diese Liste könnte noch lange erweitert werden. Die Anliegen und Bedenken der Anwohner wurden von der Verwaltung nicht berücksichtigt.</p>
<p>Persönlich tut mir die Kastanie weh. Sicher will niemand, dass Kinder durch herabfallende Äste verletzt werden. Es hätte in der Planung andere Möglichkeiten gegeben, um einen Schutzstreifen rund um den Baum einzurichten.</p>
<p>Immerhin erreichten die GRÜNEN am 19.01.2012 in der Bezirksvertretung Uellendahl-Katernberg, dass der einstimmige Beschluss gefasst wurde, eine Umweltverträglichkeitsprüfung durchzuführen. Mit der Mehrheit von GRÜNEN, Linken, FDP und WfW lehnte die BV den aktuellen Bebauungsplan im September 2013 ab.</p>
<p>Wir erwarten von der Großen Koalition im Rat heute eine sture Entscheidung gegen jede Vernunft.</p>
<p>Wir schlagen quasi in letzter Minute vor, im B-Plan die Zahl der Häuser auf 35 zu beschränken. Das würde die Bedenken der AnwohnerInnen wenigstens zum Teil berücksichtigen.</p>
<p>Wenn Wuppertal etwas anders machen will, dann sollte man endlich andere Konzepte entwickeln.</p>
<p>Wir lehnen den B-Plan in der vorliegenden Form ab.</p>
<p><b>Wuppertal ist die grünste Stadt Deutschlands</b></p>
<p><b>Wir wollen, dass es so bleibt</b></p>

<p>Rede unseres Stadtverordneten Klaus Lüdemann in der Ratssitzung am 30.09.13 Meine Damen und Herren, am 15.7. habe ich hier zur Bebauung Hindenburgstraße gesprochen. Ein grünes Kleinod wird für ein Neubaugebiet geopfert. Heute soll für die Holländische Heide ebenso die Zerstörung eines Naturidylls für Neubauten beschlossen&#8230;</p>

<!-- This site is optimized with the Yoast SEO plugin v21.8 - https://yoast.com/wordpress/plugins/seo/ -->
<title>Bebauungsplan 1173 - Holländische Heide - Fraktion von Bündnis 90 / DIE GRÜNEN im Rat der Stadt Wuppertal</title>
<meta name="robots" content="index, follow, max-snippet:-1, max-image-preview:large, max-video-preview:-1" />
<link rel="canonical" href="https://gruene-wuppertal.de/fraktion/ausderratsfraktion/bebauungsplan-1173-hollandische-heide/" />
<meta property="og:locale" content="de_DE" />
<meta property="og:type" content="article" />
<meta property="og:title" content="Bebauungsplan 1173 - Holländische Heide - Fraktion von Bündnis 90 / DIE GRÜNEN im Rat der Stadt Wuppertal" />
<meta property="og:description" content="Rede unseres Stadtverordneten Klaus Lüdemann in der Ratssitzung am 30.09.13 Meine Damen und Herren, am 15.7. habe ich hier zur Bebauung Hindenburgstraße gesprochen. Ein grünes Kleinod wird für ein Neubaugebiet geopfert. Heute soll für die Holländische Heide ebenso die Zerstörung eines Naturidylls für Neubauten beschlossen..." />
<meta property="og:url" content="https://gruene-wuppertal.de/fraktion/ausderratsfraktion/bebauungsplan-1173-hollandische-heide/" />
<meta property="og:site_name" content="Fraktion von Bündnis 90 / DIE GRÜNEN im Rat der Stadt Wuppertal" />
<meta property="og:image" content="https://gruene-wuppertal.de/fraktion/wp-content/uploads/2013/10/Klaus.jpg" />
<meta name="twitter:card" content="summary_large_image" />
<meta name="twitter:label1" content="Geschätzte Lesezeit" />
	<meta name="twitter:data1" content="2 Minuten" />
<script type="application/ld+json" class="yoast-schema-graph">{"@context":"https://schema.org","@graph":[{"@type":"WebPage","@id":"https://gruene-wuppertal.de/fraktion/ausderratsfraktion/bebauungsplan-1173-hollandische-heide/","url":"https://gruene-wuppertal.de/fraktion/ausderratsfraktion/bebauungsplan-1173-hollandische-heide/","name":"Bebauungsplan 1173 - Holländische Heide - Fraktion von Bündnis 90 / DIE GRÜNEN im Rat der Stadt Wuppertal","isPartOf":{"@id":"https://gruene-wuppertal.de/fraktion/#website"},"datePublished":"2013-10-02T09:39:13+00:00","dateModified":"2013-10-02T09:39:13+00:00","breadcrumb":{"@id":"https://gruene-wuppertal.de/fraktion/ausderratsfraktion/bebauungsplan-1173-hollandische-heide/#breadcrumb"},"inLanguage":"de-DE","potentialAction":[{"@type":"ReadAction","target":["https://gruene-wuppertal.de/fraktion/ausderratsfraktion/bebauungsplan-1173-hollandische-heide/"]}]},{"@type":"BreadcrumbList","@id":"https://gruene-wuppertal.de/fraktion/ausderratsfraktion/bebauungsplan-1173-hollandische-heide/#breadcrumb","itemListElement":[{"@type":"ListItem","position":1,"name":"Startseite","item":"https://gruene-wuppertal.de/fraktion/"},{"@type":"ListItem","position":2,"name":"Bebauungsplan 1173 &#8211; Holländische Heide &#8211;"}]},{"@type":"WebSite","@id":"https://gruene-wuppertal.de/fraktion/#website","url":"https://gruene-wuppertal.de/fraktion/","name":"Fraktion von Bündnis 90 / DIE GRÜNEN im Rat der Stadt Wuppertal","description":"","potentialAction":[{"@type":"SearchAction","target":{"@type":"EntryPoint","urlTemplate":"https://gruene-wuppertal.de/fraktion/?s={search_term_string}"},"query-input":"required name=search_term_string"}],"inLanguage":"de-DE"}]}</script>
<!-- / Yoast SEO plugin. -->

Bebauungsplan 1173 - Holländische Heide - Fraktion von Bündnis 90 / DIE GRÜNEN im Rat der Stadt Wuppertal

Rede unseres Stadtverordneten Klaus Lüdemann in der Ratssitzung am 30.09.13 Meine Damen und Herren, am 15.7. habe ich hier zur Bebauung Hindenburgstraße gesprochen. Ein grünes Kleinod wird für ein Neubaugebiet geopfert. Heute soll für die Holländische Heide ebenso die Zerstörung eines Naturidylls für Neubauten beschlossen...

Fraktion von Bündnis 90 / DIE GRÜNEN im Rat der Stadt Wuppertal
