{"id":266,"date":"2008-12-16T00:00:00","date_gmt":"2008-12-16T00:00:00","guid":{"rendered":"https:\/\/gruene-wuppertal.de\/fraktion\/ausderratsfraktion\/verkaufsoffene-sonntage\/"},"modified":"2008-12-16T00:00:00","modified_gmt":"2008-12-16T00:00:00","slug":"verkaufsoffene-sonntage","status":"publish","type":"ausderratsfraktion","link":"https:\/\/gruene-wuppertal.de\/fraktion\/ausderratsfraktion\/verkaufsoffene-sonntage\/","title":{"rendered":"Verkaufsoffene Sonntage"},"content":{"rendered":"<p>Sehr geehrter Herr Oberb\u00fcrgermeister,<br \/> sehr geehrte Damen und Herren,<\/p>\n<p> mit der Verordnung \u00fcber das Offenhalten von Verkaufsstellen an Sonn- und Feiertagen und der dazugeh\u00f6rigen Drucksache stimmen wir wiederholt einer allem Anschein nach moderaten Flexibilisierung der Laden\u00f6ffnungszeiten f\u00fcr das Jahr 2009 in Wuppertal zu. <\/p>\n<p> Am 3.11.2008 fand sogar &#8220; wie der Drucksache zu entnehmen ist &#8220; wie in jedem Jahr ein Abstimmungsgespr\u00e4ch der Verwaltung unter der Leitung von Oberb\u00fcrgermeister Jung mit Vertretern der Industrie- und Handelskammer, des Bergischen Einzelhandels- und Dienstleisterverbandes, der Kirchen, weiteren Interessengemeinschaften und der Gewerkschaft Verdi statt. <\/p>\n<p> Summa summarum kamen bei dem Abstimmungsgespr\u00e4ch nur zwei verkaufsoffene Sonntage im gesamten Stadtgebiet und sieben weitere Sonntage in den einzelnen Stadtbezirken heraus. Insgesamt kann ich also im n\u00e4chsten Jahr an neun Sonntagen in Wuppertal einkaufen gehen &#8220; wenn ich das will und brauche.<\/p>\n<p> Gemessen an dem Gesetzestext zur Regelung der Laden\u00f6ffnungszeiten NRW vom 16.11.2006 tats\u00e4chlich moderat.<\/p>\n<p> Allein, die grunds\u00e4tzliche Kritik an der Offenhaltung der Verkaufsstellen an Sonn- und Feiertagen scheint auf Seiten der Kirchen und Gewerkschaften in Wuppertal verebbt. Die Ergebnisse des Abstimmungsgespr\u00e4chs legen diese Vermutung nahe. Keine Kommune muss an vier Sonntagen die Gesch\u00e4fte offen halten; sie kann qua Verordnung die Offenhaltung an vier Sonn- und Feiertagen genehmigen.<\/p>\n<p> Und alles spricht daf\u00fcr, die Zahl vier deutlich zu unterschreiten &#8220; allem Anschein nach aber nicht in Wuppertal, denn hier werden die vier verkaufsoffenen Sonntage in vielen Stadtbezirken erreicht. <\/p>\n<p> Ich m\u00f6chte noch einmal grunds\u00e4tzlich daran erinnern:<br \/> Der Sonntag ist f\u00fcr die allermeisten Menschen ein Geschenk: unverplante, arbeitsfreie Zeit, Zeit f\u00fcr den Gottesdienst, gemeinsame Zeit mit und f\u00fcr die Familie, kein Konsumzwang, einfach mal Mensch sein. <br \/> Dieser arbeitsfreie Sonntag ist mit Zustimmung der Kirchen und Gewerkschaft bedroht. Allem Anschein nach haben sich wesentliche gesellschaftliche Interessengruppen damit bereits abgefunden. <br \/> Die Zahl der &#8222;Sonntagserwerbst\u00e4tigen&#8220; w\u00e4chst Jahr f\u00fcr Jahr. Die &#8222;Rund-um-die-Uhr-Gesellschaft&#8220;, in der alle Lebenszeit zu einer Zeit f\u00fcr den Markt wird, scheint keine Grenzen zu kennen. <br \/> F\u00fcr uns steht allerdings fest, dass der Sonntag als Ganzes arbeitsfrei bleiben muss. &#8222;Sonntags geh\u00f6ren Mami und Papi der Familie.&#8220; Der Sonntag dient der Erholung von den Strapazen der Arbeitssorge. An ihm sind wir eingeladen, religi\u00f6se Feste zu feiern, Kultur zu erleben und nicht von Arbeit und Gesch\u00e4ftigkeit in Besitz genommen zu werden. <br \/> Auch ist es absurd anzunehmen, dass die Kaufkraft und Konsumfreude der Wuppertaler B\u00fcrgerinnen und B\u00fcrger steigt, nur weil sie zus\u00e4tzlich an Sonntagen einkaufen gehen k\u00f6nnen.<br \/> Aus diesen Gr\u00fcnden, der Unverzichtbarkeit der Sonntagsruhe wegen, h\u00e4tte ich erwartet, dass Kirchen und meine Gewerkschaft Verdi besonders in der zweiten Jahresh\u00e4lfte in Wuppertal anstatt an Abstimmungsgespr\u00e4chen teilzunehmen und nun als Leumund f\u00fcr vier verkaufsoffene Sonntage in mehreren Stadtbezirken Wuppertals bereit zu stehen, breit angelegte Kampagnen geplant und gestartet h\u00e4tte gegen die Flexibilisierung der Laden\u00f6ffnungszeiten und damit der Arbeitszeiten im Wuppertaler Einzelhandel. Davon scheinen wir aber, nur zwei Jahre nach in Kraft treten des Laden\u00f6ffungsgesetzes NRW, weit entfernt.<br \/> Danke f\u00fcr Ihre Aufmerksamkeit <\/p>\n","protected":false},"excerpt":{"rendered":"<p>Rede unseres B\u00fcrgermeisters, Lorenz Bahr, in der Sitzung des Rates am 15.12.2008<\/p>\n","protected":false},"author":1,"featured_media":0,"menu_order":0,"comment_status":"closed","ping_status":"closed","template":"","meta":{"_wp_rev_ctl_limit":""},"themen":[],"yoast_head":"<!-- This site is optimized with the Yoast SEO plugin v21.8 - https:\/\/yoast.com\/wordpress\/plugins\/seo\/ -->\n<title>Verkaufsoffene Sonntage - Fraktion von B\u00fcndnis 90 \/ DIE GR\u00dcNEN im Rat der Stadt Wuppertal<\/title>\n<meta name=\"robots\" content=\"index, follow, max-snippet:-1, max-image-preview:large, max-video-preview:-1\" \/>\n<link rel=\"canonical\" href=\"https:\/\/gruene-wuppertal.de\/fraktion\/ausderratsfraktion\/verkaufsoffene-sonntage\/\" \/>\n<meta property=\"og:locale\" content=\"de_DE\" \/>\n<meta property=\"og:type\" content=\"article\" \/>\n<meta property=\"og:title\" content=\"Verkaufsoffene Sonntage - Fraktion von B\u00fcndnis 90 \/ DIE GR\u00dcNEN im Rat der Stadt Wuppertal\" \/>\n<meta property=\"og:description\" content=\"Rede unseres B\u00fcrgermeisters, Lorenz Bahr, in der Sitzung des Rates am 15.12.2008\" \/>\n<meta property=\"og:url\" content=\"https:\/\/gruene-wuppertal.de\/fraktion\/ausderratsfraktion\/verkaufsoffene-sonntage\/\" \/>\n<meta property=\"og:site_name\" content=\"Fraktion von B\u00fcndnis 90 \/ DIE GR\u00dcNEN im Rat der Stadt Wuppertal\" \/>\n<meta name=\"twitter:card\" content=\"summary_large_image\" \/>\n<meta name=\"twitter:label1\" content=\"Gesch\u00e4tzte Lesezeit\" \/>\n\t<meta name=\"twitter:data1\" content=\"3 Minuten\" \/>\n<script type=\"application\/ld+json\" class=\"yoast-schema-graph\">{\"@context\":\"https:\/\/schema.org\",\"@graph\":[{\"@type\":\"WebPage\",\"@id\":\"https:\/\/gruene-wuppertal.de\/fraktion\/ausderratsfraktion\/verkaufsoffene-sonntage\/\",\"url\":\"https:\/\/gruene-wuppertal.de\/fraktion\/ausderratsfraktion\/verkaufsoffene-sonntage\/\",\"name\":\"Verkaufsoffene Sonntage - Fraktion von B\u00fcndnis 90 \/ DIE GR\u00dcNEN im Rat der Stadt Wuppertal\",\"isPartOf\":{\"@id\":\"https:\/\/gruene-wuppertal.de\/fraktion\/#website\"},\"datePublished\":\"2008-12-16T00:00:00+00:00\",\"dateModified\":\"2008-12-16T00:00:00+00:00\",\"breadcrumb\":{\"@id\":\"https:\/\/gruene-wuppertal.de\/fraktion\/ausderratsfraktion\/verkaufsoffene-sonntage\/#breadcrumb\"},\"inLanguage\":\"de-DE\",\"potentialAction\":[{\"@type\":\"ReadAction\",\"target\":[\"https:\/\/gruene-wuppertal.de\/fraktion\/ausderratsfraktion\/verkaufsoffene-sonntage\/\"]}]},{\"@type\":\"BreadcrumbList\",\"@id\":\"https:\/\/gruene-wuppertal.de\/fraktion\/ausderratsfraktion\/verkaufsoffene-sonntage\/#breadcrumb\",\"itemListElement\":[{\"@type\":\"ListItem\",\"position\":1,\"name\":\"Startseite\",\"item\":\"https:\/\/gruene-wuppertal.de\/fraktion\/\"},{\"@type\":\"ListItem\",\"position\":2,\"name\":\"Verkaufsoffene Sonntage\"}]},{\"@type\":\"WebSite\",\"@id\":\"https:\/\/gruene-wuppertal.de\/fraktion\/#website\",\"url\":\"https:\/\/gruene-wuppertal.de\/fraktion\/\",\"name\":\"Fraktion von B\u00fcndnis 90 \/ DIE GR\u00dcNEN im Rat der Stadt Wuppertal\",\"description\":\"\",\"potentialAction\":[{\"@type\":\"SearchAction\",\"target\":{\"@type\":\"EntryPoint\",\"urlTemplate\":\"https:\/\/gruene-wuppertal.de\/fraktion\/?s={search_term_string}\"},\"query-input\":\"required name=search_term_string\"}],\"inLanguage\":\"de-DE\"}]}<\/script>\n<!-- \/ Yoast SEO plugin. -->","yoast_head_json":{"title":"Verkaufsoffene Sonntage - Fraktion von B\u00fcndnis 90 \/ DIE GR\u00dcNEN im Rat der Stadt Wuppertal","robots":{"index":"index","follow":"follow","max-snippet":"max-snippet:-1","max-image-preview":"max-image-preview:large","max-video-preview":"max-video-preview:-1"},"canonical":"https:\/\/gruene-wuppertal.de\/fraktion\/ausderratsfraktion\/verkaufsoffene-sonntage\/","og_locale":"de_DE","og_type":"article","og_title":"Verkaufsoffene Sonntage - Fraktion von B\u00fcndnis 90 \/ DIE GR\u00dcNEN im Rat der Stadt Wuppertal","og_description":"Rede unseres B\u00fcrgermeisters, Lorenz Bahr, in der Sitzung des Rates am 15.12.2008","og_url":"https:\/\/gruene-wuppertal.de\/fraktion\/ausderratsfraktion\/verkaufsoffene-sonntage\/","og_site_name":"Fraktion von B\u00fcndnis 90 \/ DIE GR\u00dcNEN im Rat der Stadt Wuppertal","twitter_card":"summary_large_image","twitter_misc":{"Gesch\u00e4tzte Lesezeit":"3 Minuten"},"schema":{"@context":"https:\/\/schema.org","@graph":[{"@type":"WebPage","@id":"https:\/\/gruene-wuppertal.de\/fraktion\/ausderratsfraktion\/verkaufsoffene-sonntage\/","url":"https:\/\/gruene-wuppertal.de\/fraktion\/ausderratsfraktion\/verkaufsoffene-sonntage\/","name":"Verkaufsoffene Sonntage - Fraktion von B\u00fcndnis 90 \/ DIE GR\u00dcNEN im Rat der Stadt Wuppertal","isPartOf":{"@id":"https:\/\/gruene-wuppertal.de\/fraktion\/#website"},"datePublished":"2008-12-16T00:00:00+00:00","dateModified":"2008-12-16T00:00:00+00:00","breadcrumb":{"@id":"https:\/\/gruene-wuppertal.de\/fraktion\/ausderratsfraktion\/verkaufsoffene-sonntage\/#breadcrumb"},"inLanguage":"de-DE","potentialAction":[{"@type":"ReadAction","target":["https:\/\/gruene-wuppertal.de\/fraktion\/ausderratsfraktion\/verkaufsoffene-sonntage\/"]}]},{"@type":"BreadcrumbList","@id":"https:\/\/gruene-wuppertal.de\/fraktion\/ausderratsfraktion\/verkaufsoffene-sonntage\/#breadcrumb","itemListElement":[{"@type":"ListItem","position":1,"name":"Startseite","item":"https:\/\/gruene-wuppertal.de\/fraktion\/"},{"@type":"ListItem","position":2,"name":"Verkaufsoffene Sonntage"}]},{"@type":"WebSite","@id":"https:\/\/gruene-wuppertal.de\/fraktion\/#website","url":"https:\/\/gruene-wuppertal.de\/fraktion\/","name":"Fraktion von B\u00fcndnis 90 \/ DIE GR\u00dcNEN im Rat der Stadt Wuppertal","description":"","potentialAction":[{"@type":"SearchAction","target":{"@type":"EntryPoint","urlTemplate":"https:\/\/gruene-wuppertal.de\/fraktion\/?s={search_term_string}"},"query-input":"required name=search_term_string"}],"inLanguage":"de-DE"}]}},"post_mailing_queue_ids":[],"_links":{"self":[{"href":"https:\/\/gruene-wuppertal.de\/fraktion\/wp-json\/wp\/v2\/ausderratsfraktion\/266"}],"collection":[{"href":"https:\/\/gruene-wuppertal.de\/fraktion\/wp-json\/wp\/v2\/ausderratsfraktion"}],"about":[{"href":"https:\/\/gruene-wuppertal.de\/fraktion\/wp-json\/wp\/v2\/types\/ausderratsfraktion"}],"author":[{"embeddable":true,"href":"https:\/\/gruene-wuppertal.de\/fraktion\/wp-json\/wp\/v2\/users\/1"}],"replies":[{"embeddable":true,"href":"https:\/\/gruene-wuppertal.de\/fraktion\/wp-json\/wp\/v2\/comments?post=266"}],"version-history":[{"count":0,"href":"https:\/\/gruene-wuppertal.de\/fraktion\/wp-json\/wp\/v2\/ausderratsfraktion\/266\/revisions"}],"wp:attachment":[{"href":"https:\/\/gruene-wuppertal.de\/fraktion\/wp-json\/wp\/v2\/media?parent=266"}],"wp:term":[{"taxonomy":"themen","embeddable":true,"href":"https:\/\/gruene-wuppertal.de\/fraktion\/wp-json\/wp\/v2\/themen?post=266"}],"curies":[{"name":"wp","href":"https:\/\/api.w.org\/{rel}","templated":true}]}}

<p>Sehr geehrter Herr Oberbürgermeister,<br /> sehr geehrte Damen und Herren,</p>
<p> mit der Verordnung über das Offenhalten von Verkaufsstellen an Sonn- und Feiertagen und der dazugehörigen Drucksache stimmen wir wiederholt einer allem Anschein nach moderaten Flexibilisierung der Ladenöffnungszeiten für das Jahr 2009 in Wuppertal zu. </p>
<p> Am 3.11.2008 fand sogar &#8220; wie der Drucksache zu entnehmen ist &#8220; wie in jedem Jahr ein Abstimmungsgespräch der Verwaltung unter der Leitung von Oberbürgermeister Jung mit Vertretern der Industrie- und Handelskammer, des Bergischen Einzelhandels- und Dienstleisterverbandes, der Kirchen, weiteren Interessengemeinschaften und der Gewerkschaft Verdi statt. </p>
<p> Summa summarum kamen bei dem Abstimmungsgespräch nur zwei verkaufsoffene Sonntage im gesamten Stadtgebiet und sieben weitere Sonntage in den einzelnen Stadtbezirken heraus. Insgesamt kann ich also im nächsten Jahr an neun Sonntagen in Wuppertal einkaufen gehen &#8220; wenn ich das will und brauche.</p>
<p> Gemessen an dem Gesetzestext zur Regelung der Ladenöffnungszeiten NRW vom 16.11.2006 tatsächlich moderat.</p>
<p> Allein, die grundsätzliche Kritik an der Offenhaltung der Verkaufsstellen an Sonn- und Feiertagen scheint auf Seiten der Kirchen und Gewerkschaften in Wuppertal verebbt. Die Ergebnisse des Abstimmungsgesprächs legen diese Vermutung nahe. Keine Kommune muss an vier Sonntagen die Geschäfte offen halten; sie kann qua Verordnung die Offenhaltung an vier Sonn- und Feiertagen genehmigen.</p>
<p> Und alles spricht dafür, die Zahl vier deutlich zu unterschreiten &#8220; allem Anschein nach aber nicht in Wuppertal, denn hier werden die vier verkaufsoffenen Sonntage in vielen Stadtbezirken erreicht. </p>
<p> Ich möchte noch einmal grundsätzlich daran erinnern:<br /> Der Sonntag ist für die allermeisten Menschen ein Geschenk: unverplante, arbeitsfreie Zeit, Zeit für den Gottesdienst, gemeinsame Zeit mit und für die Familie, kein Konsumzwang, einfach mal Mensch sein. <br /> Dieser arbeitsfreie Sonntag ist mit Zustimmung der Kirchen und Gewerkschaft bedroht. Allem Anschein nach haben sich wesentliche gesellschaftliche Interessengruppen damit bereits abgefunden. <br /> Die Zahl der &#8222;Sonntagserwerbstätigen&#8220; wächst Jahr für Jahr. Die &#8222;Rund-um-die-Uhr-Gesellschaft&#8220;, in der alle Lebenszeit zu einer Zeit für den Markt wird, scheint keine Grenzen zu kennen. <br /> Für uns steht allerdings fest, dass der Sonntag als Ganzes arbeitsfrei bleiben muss. &#8222;Sonntags gehören Mami und Papi der Familie.&#8220; Der Sonntag dient der Erholung von den Strapazen der Arbeitssorge. An ihm sind wir eingeladen, religiöse Feste zu feiern, Kultur zu erleben und nicht von Arbeit und Geschäftigkeit in Besitz genommen zu werden. <br /> Auch ist es absurd anzunehmen, dass die Kaufkraft und Konsumfreude der Wuppertaler Bürgerinnen und Bürger steigt, nur weil sie zusätzlich an Sonntagen einkaufen gehen können.<br /> Aus diesen Gründen, der Unverzichtbarkeit der Sonntagsruhe wegen, hätte ich erwartet, dass Kirchen und meine Gewerkschaft Verdi besonders in der zweiten Jahreshälfte in Wuppertal anstatt an Abstimmungsgesprächen teilzunehmen und nun als Leumund für vier verkaufsoffene Sonntage in mehreren Stadtbezirken Wuppertals bereit zu stehen, breit angelegte Kampagnen geplant und gestartet hätte gegen die Flexibilisierung der Ladenöffnungszeiten und damit der Arbeitszeiten im Wuppertaler Einzelhandel. Davon scheinen wir aber, nur zwei Jahre nach in Kraft treten des Ladenöffungsgesetzes NRW, weit entfernt.<br /> Danke für Ihre Aufmerksamkeit </p>

<p>Rede unseres Bürgermeisters, Lorenz Bahr, in der Sitzung des Rates am 15.12.2008</p>

<!-- This site is optimized with the Yoast SEO plugin v21.8 - https://yoast.com/wordpress/plugins/seo/ -->
<title>Verkaufsoffene Sonntage - Fraktion von Bündnis 90 / DIE GRÜNEN im Rat der Stadt Wuppertal</title>
<meta name="robots" content="index, follow, max-snippet:-1, max-image-preview:large, max-video-preview:-1" />
<link rel="canonical" href="https://gruene-wuppertal.de/fraktion/ausderratsfraktion/verkaufsoffene-sonntage/" />
<meta property="og:locale" content="de_DE" />
<meta property="og:type" content="article" />
<meta property="og:title" content="Verkaufsoffene Sonntage - Fraktion von Bündnis 90 / DIE GRÜNEN im Rat der Stadt Wuppertal" />
<meta property="og:description" content="Rede unseres Bürgermeisters, Lorenz Bahr, in der Sitzung des Rates am 15.12.2008" />
<meta property="og:url" content="https://gruene-wuppertal.de/fraktion/ausderratsfraktion/verkaufsoffene-sonntage/" />
<meta property="og:site_name" content="Fraktion von Bündnis 90 / DIE GRÜNEN im Rat der Stadt Wuppertal" />
<meta name="twitter:card" content="summary_large_image" />
<meta name="twitter:label1" content="Geschätzte Lesezeit" />
	<meta name="twitter:data1" content="3 Minuten" />
<script type="application/ld+json" class="yoast-schema-graph">{"@context":"https://schema.org","@graph":[{"@type":"WebPage","@id":"https://gruene-wuppertal.de/fraktion/ausderratsfraktion/verkaufsoffene-sonntage/","url":"https://gruene-wuppertal.de/fraktion/ausderratsfraktion/verkaufsoffene-sonntage/","name":"Verkaufsoffene Sonntage - Fraktion von Bündnis 90 / DIE GRÜNEN im Rat der Stadt Wuppertal","isPartOf":{"@id":"https://gruene-wuppertal.de/fraktion/#website"},"datePublished":"2008-12-16T00:00:00+00:00","dateModified":"2008-12-16T00:00:00+00:00","breadcrumb":{"@id":"https://gruene-wuppertal.de/fraktion/ausderratsfraktion/verkaufsoffene-sonntage/#breadcrumb"},"inLanguage":"de-DE","potentialAction":[{"@type":"ReadAction","target":["https://gruene-wuppertal.de/fraktion/ausderratsfraktion/verkaufsoffene-sonntage/"]}]},{"@type":"BreadcrumbList","@id":"https://gruene-wuppertal.de/fraktion/ausderratsfraktion/verkaufsoffene-sonntage/#breadcrumb","itemListElement":[{"@type":"ListItem","position":1,"name":"Startseite","item":"https://gruene-wuppertal.de/fraktion/"},{"@type":"ListItem","position":2,"name":"Verkaufsoffene Sonntage"}]},{"@type":"WebSite","@id":"https://gruene-wuppertal.de/fraktion/#website","url":"https://gruene-wuppertal.de/fraktion/","name":"Fraktion von Bündnis 90 / DIE GRÜNEN im Rat der Stadt Wuppertal","description":"","potentialAction":[{"@type":"SearchAction","target":{"@type":"EntryPoint","urlTemplate":"https://gruene-wuppertal.de/fraktion/?s={search_term_string}"},"query-input":"required name=search_term_string"}],"inLanguage":"de-DE"}]}</script>
<!-- / Yoast SEO plugin. -->

Verkaufsoffene Sonntage - Fraktion von Bündnis 90 / DIE GRÜNEN im Rat der Stadt Wuppertal

Rede unseres Bürgermeisters, Lorenz Bahr, in der Sitzung des Rates am 15.12.2008

Fraktion von Bündnis 90 / DIE GRÜNEN im Rat der Stadt Wuppertal
