{"id":264,"date":"2008-12-16T00:00:00","date_gmt":"2008-12-16T00:00:00","guid":{"rendered":"https:\/\/gruene-wuppertal.de\/fraktion\/ausderratsfraktion\/kommunaler-stabilisierungsfonds\/"},"modified":"2008-12-16T00:00:00","modified_gmt":"2008-12-16T00:00:00","slug":"kommunaler-stabilisierungsfonds","status":"publish","type":"ausderratsfraktion","link":"https:\/\/gruene-wuppertal.de\/fraktion\/ausderratsfraktion\/kommunaler-stabilisierungsfonds\/","title":{"rendered":"Kommunaler Stabilisierungsfonds"},"content":{"rendered":"<p>&#8222;Herr Oberb\u00fcrgermeister, <br \/> verehrte Kolleginnen und Kollegen, <\/p>\n<p> innerhalb einer Woche gelang es der Bundesregierung, einen Finanzmarktstabilisierungsfonds in H\u00f6he von 500 Milliarden Euro aufzulegen. Der sollte den Banken, die sich auf den weltweiten Finanzm\u00e4rkten verspekuliert haben, wieder auf die Beine helfen.<\/p>\n<p> Wir denken, f\u00fcr arme St\u00e4dte ist eine \u00e4hnlich drastische Unterst\u00fctzungsaktion notwendig. Deshalb fordern wir in der vorliegenden Resolution einen Kommunalen Stabilisierungsfonds f\u00fcr die drei bergischen St\u00e4dte Wuppertal, Solingen und Remscheid, die alle einen riesigen Schuldenberg vor sich hertragen. Aus eigener Kraft sind wir nicht mehr in der Lage, den Berg abzutragen. <br \/> Die drei St\u00e4dte sind nicht alleine mit ihrer Finanzproblematik, wie ich Ihnen, liebe Kolleginnen und Kollegen, noch einmal in Erinnerung rufe: <\/p>\n<p> &#8211;\tWenn 190 St\u00e4dte und Gemeinden alleine in Nordrhein Westfalen \u00fcber keinen ausgeglichenen Haushalt verf\u00fcgen, Und wenn 113 St\u00e4dte und Gemeinden nicht einmal \u00fcber ein genehmigungsf\u00e4higes Haushaltssicherungskonzept verf\u00fcgen, <\/p>\n<p> liegt doch auf der Hand, dass in diesem Staat etwas v\u00f6llig falsch verteilt wird.<\/p>\n<p> Wir brauchen einen kommunalen Stabilisierungsfonds f\u00fcr die St\u00e4dte und Gemeinden und f\u00fcr die in ihnen lebenden B\u00fcrgerinnen und B\u00fcrger.<\/p>\n<p> Aus eigener Kraft, das wissen wir alle hier im Rat der Stadt Wuppertal, kommen wir nicht aus der Misere heraus. Die Eigenkapitaldecke im St\u00e4dtedreieck ist bis zum Jahr 2013 sp\u00e4testens aufgebraucht. <\/p>\n<p> Wir wissen: wenn wir in dieser Stadt alle Lichter der Infrastruktur ausmachen w\u00fcrden, h\u00e4tten wir gerade einmal die H\u00e4lfte der ben\u00f6tigten Summe zum Haushaltsausgleich zusammen.<\/p>\n<p> Damit w\u00fcrden die Stadtbibliotheken, Sporthallen, Sportpl\u00e4tze, Museum, Oper, Schauspielhaus und Kinderg\u00e4rten um nur einige zu, nennen geschlossen. Wuppertal w\u00e4re de facto eine tote Stadt.<\/p>\n<p> Das k\u00f6nnen die Gesetzesgeber so nicht gewollt haben und das m\u00fcssen wir ihnen immer wieder mit allem Nachdruck deutlich machen. <\/p>\n<p> Obwohl gerade Investitionen auf kommunaler Ebene in Zeiten wirtschaftlicher Rezession dringend notwendig w\u00e4re, fehlt uns und den anderen bergischen St\u00e4dten das dringend ben\u00f6tigte Geld daf\u00fcr. Durch diese Investitionen k\u00f6nnten wir die Rezession, die so sicher auf uns zukommt wie das Amen in der Kirche, mindestens abmildern, aber uns fehlt das Geld. <br \/> Und so k\u00f6nnen viele Schulen nicht energetisch nachger\u00fcstet werden und m\u00fcssen in marodem Zustand bleiben und auch Stra\u00dfen und Br\u00fccken bleiben in einem baulich bedenklichen Zustand. <\/p>\n<p> Sehr verehrte Damen und Herren, <\/p>\n<p> mit der Resolution, die Ihnen allen vorliegt, wollen wir GEMEINSAM appellieren an den Gesetzesgeber im Bundes- und Landtag und damit auch an unsere beiden Wuppertaler Bundestagsabgeordneten Peter Hintze und Manfred Z\u00f6llmer dem Not leidenden St\u00e4dtedreieck mit der Initiative f\u00fcr einen Kommunalen Stabilisierungsfonds zu helfen.<\/p>\n<p> Der Rat der Stadt Remscheid hat diesem Antrag bereits in der letzten Woche einstimmig zugestimmt, Wuppertal sollte dem nicht nachstehen.<\/p>\n<p> Ich bitte um Zustimmung zu unserer Resolution und danke Ihnen f\u00fcr ihre Aufmerksamkeit<\/p>\n<p> &#8222;<\/p>\n","protected":false},"excerpt":{"rendered":"<p>Rede unseres Fraktionssprechers, Peter Vorsteher, in der Sitzung des Rates am 15.12.2008<\/p>\n","protected":false},"author":1,"featured_media":0,"menu_order":0,"comment_status":"closed","ping_status":"closed","template":"","meta":{"_wp_rev_ctl_limit":""},"themen":[],"yoast_head":"<!-- This site is optimized with the Yoast SEO plugin v21.8 - https:\/\/yoast.com\/wordpress\/plugins\/seo\/ -->\n<title>Kommunaler Stabilisierungsfonds - Fraktion von B\u00fcndnis 90 \/ DIE GR\u00dcNEN im Rat der Stadt Wuppertal<\/title>\n<meta name=\"robots\" content=\"index, follow, max-snippet:-1, max-image-preview:large, max-video-preview:-1\" \/>\n<link rel=\"canonical\" href=\"https:\/\/gruene-wuppertal.de\/fraktion\/ausderratsfraktion\/kommunaler-stabilisierungsfonds\/\" \/>\n<meta property=\"og:locale\" content=\"de_DE\" \/>\n<meta property=\"og:type\" content=\"article\" \/>\n<meta property=\"og:title\" content=\"Kommunaler Stabilisierungsfonds - Fraktion von B\u00fcndnis 90 \/ DIE GR\u00dcNEN im Rat der Stadt Wuppertal\" \/>\n<meta property=\"og:description\" content=\"Rede unseres Fraktionssprechers, Peter Vorsteher, in der Sitzung des Rates am 15.12.2008\" \/>\n<meta property=\"og:url\" content=\"https:\/\/gruene-wuppertal.de\/fraktion\/ausderratsfraktion\/kommunaler-stabilisierungsfonds\/\" \/>\n<meta property=\"og:site_name\" content=\"Fraktion von B\u00fcndnis 90 \/ DIE GR\u00dcNEN im Rat der Stadt Wuppertal\" \/>\n<meta name=\"twitter:card\" content=\"summary_large_image\" \/>\n<meta name=\"twitter:label1\" content=\"Gesch\u00e4tzte Lesezeit\" \/>\n\t<meta name=\"twitter:data1\" content=\"2 Minuten\" \/>\n<script type=\"application\/ld+json\" class=\"yoast-schema-graph\">{\"@context\":\"https:\/\/schema.org\",\"@graph\":[{\"@type\":\"WebPage\",\"@id\":\"https:\/\/gruene-wuppertal.de\/fraktion\/ausderratsfraktion\/kommunaler-stabilisierungsfonds\/\",\"url\":\"https:\/\/gruene-wuppertal.de\/fraktion\/ausderratsfraktion\/kommunaler-stabilisierungsfonds\/\",\"name\":\"Kommunaler Stabilisierungsfonds - Fraktion von B\u00fcndnis 90 \/ DIE GR\u00dcNEN im Rat der Stadt Wuppertal\",\"isPartOf\":{\"@id\":\"https:\/\/gruene-wuppertal.de\/fraktion\/#website\"},\"datePublished\":\"2008-12-16T00:00:00+00:00\",\"dateModified\":\"2008-12-16T00:00:00+00:00\",\"breadcrumb\":{\"@id\":\"https:\/\/gruene-wuppertal.de\/fraktion\/ausderratsfraktion\/kommunaler-stabilisierungsfonds\/#breadcrumb\"},\"inLanguage\":\"de-DE\",\"potentialAction\":[{\"@type\":\"ReadAction\",\"target\":[\"https:\/\/gruene-wuppertal.de\/fraktion\/ausderratsfraktion\/kommunaler-stabilisierungsfonds\/\"]}]},{\"@type\":\"BreadcrumbList\",\"@id\":\"https:\/\/gruene-wuppertal.de\/fraktion\/ausderratsfraktion\/kommunaler-stabilisierungsfonds\/#breadcrumb\",\"itemListElement\":[{\"@type\":\"ListItem\",\"position\":1,\"name\":\"Startseite\",\"item\":\"https:\/\/gruene-wuppertal.de\/fraktion\/\"},{\"@type\":\"ListItem\",\"position\":2,\"name\":\"Kommunaler Stabilisierungsfonds\"}]},{\"@type\":\"WebSite\",\"@id\":\"https:\/\/gruene-wuppertal.de\/fraktion\/#website\",\"url\":\"https:\/\/gruene-wuppertal.de\/fraktion\/\",\"name\":\"Fraktion von B\u00fcndnis 90 \/ DIE GR\u00dcNEN im Rat der Stadt Wuppertal\",\"description\":\"\",\"potentialAction\":[{\"@type\":\"SearchAction\",\"target\":{\"@type\":\"EntryPoint\",\"urlTemplate\":\"https:\/\/gruene-wuppertal.de\/fraktion\/?s={search_term_string}\"},\"query-input\":\"required name=search_term_string\"}],\"inLanguage\":\"de-DE\"}]}<\/script>\n<!-- \/ Yoast SEO plugin. -->","yoast_head_json":{"title":"Kommunaler Stabilisierungsfonds - Fraktion von B\u00fcndnis 90 \/ DIE GR\u00dcNEN im Rat der Stadt Wuppertal","robots":{"index":"index","follow":"follow","max-snippet":"max-snippet:-1","max-image-preview":"max-image-preview:large","max-video-preview":"max-video-preview:-1"},"canonical":"https:\/\/gruene-wuppertal.de\/fraktion\/ausderratsfraktion\/kommunaler-stabilisierungsfonds\/","og_locale":"de_DE","og_type":"article","og_title":"Kommunaler Stabilisierungsfonds - Fraktion von B\u00fcndnis 90 \/ DIE GR\u00dcNEN im Rat der Stadt Wuppertal","og_description":"Rede unseres Fraktionssprechers, Peter Vorsteher, in der Sitzung des Rates am 15.12.2008","og_url":"https:\/\/gruene-wuppertal.de\/fraktion\/ausderratsfraktion\/kommunaler-stabilisierungsfonds\/","og_site_name":"Fraktion von B\u00fcndnis 90 \/ DIE GR\u00dcNEN im Rat der Stadt Wuppertal","twitter_card":"summary_large_image","twitter_misc":{"Gesch\u00e4tzte Lesezeit":"2 Minuten"},"schema":{"@context":"https:\/\/schema.org","@graph":[{"@type":"WebPage","@id":"https:\/\/gruene-wuppertal.de\/fraktion\/ausderratsfraktion\/kommunaler-stabilisierungsfonds\/","url":"https:\/\/gruene-wuppertal.de\/fraktion\/ausderratsfraktion\/kommunaler-stabilisierungsfonds\/","name":"Kommunaler Stabilisierungsfonds - Fraktion von B\u00fcndnis 90 \/ DIE GR\u00dcNEN im Rat der Stadt Wuppertal","isPartOf":{"@id":"https:\/\/gruene-wuppertal.de\/fraktion\/#website"},"datePublished":"2008-12-16T00:00:00+00:00","dateModified":"2008-12-16T00:00:00+00:00","breadcrumb":{"@id":"https:\/\/gruene-wuppertal.de\/fraktion\/ausderratsfraktion\/kommunaler-stabilisierungsfonds\/#breadcrumb"},"inLanguage":"de-DE","potentialAction":[{"@type":"ReadAction","target":["https:\/\/gruene-wuppertal.de\/fraktion\/ausderratsfraktion\/kommunaler-stabilisierungsfonds\/"]}]},{"@type":"BreadcrumbList","@id":"https:\/\/gruene-wuppertal.de\/fraktion\/ausderratsfraktion\/kommunaler-stabilisierungsfonds\/#breadcrumb","itemListElement":[{"@type":"ListItem","position":1,"name":"Startseite","item":"https:\/\/gruene-wuppertal.de\/fraktion\/"},{"@type":"ListItem","position":2,"name":"Kommunaler Stabilisierungsfonds"}]},{"@type":"WebSite","@id":"https:\/\/gruene-wuppertal.de\/fraktion\/#website","url":"https:\/\/gruene-wuppertal.de\/fraktion\/","name":"Fraktion von B\u00fcndnis 90 \/ DIE GR\u00dcNEN im Rat der Stadt Wuppertal","description":"","potentialAction":[{"@type":"SearchAction","target":{"@type":"EntryPoint","urlTemplate":"https:\/\/gruene-wuppertal.de\/fraktion\/?s={search_term_string}"},"query-input":"required name=search_term_string"}],"inLanguage":"de-DE"}]}},"post_mailing_queue_ids":[],"_links":{"self":[{"href":"https:\/\/gruene-wuppertal.de\/fraktion\/wp-json\/wp\/v2\/ausderratsfraktion\/264"}],"collection":[{"href":"https:\/\/gruene-wuppertal.de\/fraktion\/wp-json\/wp\/v2\/ausderratsfraktion"}],"about":[{"href":"https:\/\/gruene-wuppertal.de\/fraktion\/wp-json\/wp\/v2\/types\/ausderratsfraktion"}],"author":[{"embeddable":true,"href":"https:\/\/gruene-wuppertal.de\/fraktion\/wp-json\/wp\/v2\/users\/1"}],"replies":[{"embeddable":true,"href":"https:\/\/gruene-wuppertal.de\/fraktion\/wp-json\/wp\/v2\/comments?post=264"}],"version-history":[{"count":0,"href":"https:\/\/gruene-wuppertal.de\/fraktion\/wp-json\/wp\/v2\/ausderratsfraktion\/264\/revisions"}],"wp:attachment":[{"href":"https:\/\/gruene-wuppertal.de\/fraktion\/wp-json\/wp\/v2\/media?parent=264"}],"wp:term":[{"taxonomy":"themen","embeddable":true,"href":"https:\/\/gruene-wuppertal.de\/fraktion\/wp-json\/wp\/v2\/themen?post=264"}],"curies":[{"name":"wp","href":"https:\/\/api.w.org\/{rel}","templated":true}]}}

<p>&#8222;Herr Oberbürgermeister, <br /> verehrte Kolleginnen und Kollegen, </p>
<p> innerhalb einer Woche gelang es der Bundesregierung, einen Finanzmarktstabilisierungsfonds in Höhe von 500 Milliarden Euro aufzulegen. Der sollte den Banken, die sich auf den weltweiten Finanzmärkten verspekuliert haben, wieder auf die Beine helfen.</p>
<p> Wir denken, für arme Städte ist eine ähnlich drastische Unterstützungsaktion notwendig. Deshalb fordern wir in der vorliegenden Resolution einen Kommunalen Stabilisierungsfonds für die drei bergischen Städte Wuppertal, Solingen und Remscheid, die alle einen riesigen Schuldenberg vor sich hertragen. Aus eigener Kraft sind wir nicht mehr in der Lage, den Berg abzutragen. <br /> Die drei Städte sind nicht alleine mit ihrer Finanzproblematik, wie ich Ihnen, liebe Kolleginnen und Kollegen, noch einmal in Erinnerung rufe: </p>
<p> &#8211;	Wenn 190 Städte und Gemeinden alleine in Nordrhein Westfalen über keinen ausgeglichenen Haushalt verfügen, Und wenn 113 Städte und Gemeinden nicht einmal über ein genehmigungsfähiges Haushaltssicherungskonzept verfügen, </p>
<p> liegt doch auf der Hand, dass in diesem Staat etwas völlig falsch verteilt wird.</p>
<p> Wir brauchen einen kommunalen Stabilisierungsfonds für die Städte und Gemeinden und für die in ihnen lebenden Bürgerinnen und Bürger.</p>
<p> Aus eigener Kraft, das wissen wir alle hier im Rat der Stadt Wuppertal, kommen wir nicht aus der Misere heraus. Die Eigenkapitaldecke im Städtedreieck ist bis zum Jahr 2013 spätestens aufgebraucht. </p>
<p> Wir wissen: wenn wir in dieser Stadt alle Lichter der Infrastruktur ausmachen würden, hätten wir gerade einmal die Hälfte der benötigten Summe zum Haushaltsausgleich zusammen.</p>
<p> Damit würden die Stadtbibliotheken, Sporthallen, Sportplätze, Museum, Oper, Schauspielhaus und Kindergärten um nur einige zu, nennen geschlossen. Wuppertal wäre de facto eine tote Stadt.</p>
<p> Das können die Gesetzesgeber so nicht gewollt haben und das müssen wir ihnen immer wieder mit allem Nachdruck deutlich machen. </p>
<p> Obwohl gerade Investitionen auf kommunaler Ebene in Zeiten wirtschaftlicher Rezession dringend notwendig wäre, fehlt uns und den anderen bergischen Städten das dringend benötigte Geld dafür. Durch diese Investitionen könnten wir die Rezession, die so sicher auf uns zukommt wie das Amen in der Kirche, mindestens abmildern, aber uns fehlt das Geld. <br /> Und so können viele Schulen nicht energetisch nachgerüstet werden und müssen in marodem Zustand bleiben und auch Straßen und Brücken bleiben in einem baulich bedenklichen Zustand. </p>
<p> Sehr verehrte Damen und Herren, </p>
<p> mit der Resolution, die Ihnen allen vorliegt, wollen wir GEMEINSAM appellieren an den Gesetzesgeber im Bundes- und Landtag und damit auch an unsere beiden Wuppertaler Bundestagsabgeordneten Peter Hintze und Manfred Zöllmer dem Not leidenden Städtedreieck mit der Initiative für einen Kommunalen Stabilisierungsfonds zu helfen.</p>
<p> Der Rat der Stadt Remscheid hat diesem Antrag bereits in der letzten Woche einstimmig zugestimmt, Wuppertal sollte dem nicht nachstehen.</p>
<p> Ich bitte um Zustimmung zu unserer Resolution und danke Ihnen für ihre Aufmerksamkeit</p>
<p> &#8222;</p>

<!-- This site is optimized with the Yoast SEO plugin v21.8 - https://yoast.com/wordpress/plugins/seo/ -->
<title>Kommunaler Stabilisierungsfonds - Fraktion von Bündnis 90 / DIE GRÜNEN im Rat der Stadt Wuppertal</title>
<meta name="robots" content="index, follow, max-snippet:-1, max-image-preview:large, max-video-preview:-1" />
<link rel="canonical" href="https://gruene-wuppertal.de/fraktion/ausderratsfraktion/kommunaler-stabilisierungsfonds/" />
<meta property="og:locale" content="de_DE" />
<meta property="og:type" content="article" />
<meta property="og:title" content="Kommunaler Stabilisierungsfonds - Fraktion von Bündnis 90 / DIE GRÜNEN im Rat der Stadt Wuppertal" />
<meta property="og:description" content="Rede unseres Fraktionssprechers, Peter Vorsteher, in der Sitzung des Rates am 15.12.2008" />
<meta property="og:url" content="https://gruene-wuppertal.de/fraktion/ausderratsfraktion/kommunaler-stabilisierungsfonds/" />
<meta property="og:site_name" content="Fraktion von Bündnis 90 / DIE GRÜNEN im Rat der Stadt Wuppertal" />
<meta name="twitter:card" content="summary_large_image" />
<meta name="twitter:label1" content="Geschätzte Lesezeit" />
	<meta name="twitter:data1" content="2 Minuten" />
<script type="application/ld+json" class="yoast-schema-graph">{"@context":"https://schema.org","@graph":[{"@type":"WebPage","@id":"https://gruene-wuppertal.de/fraktion/ausderratsfraktion/kommunaler-stabilisierungsfonds/","url":"https://gruene-wuppertal.de/fraktion/ausderratsfraktion/kommunaler-stabilisierungsfonds/","name":"Kommunaler Stabilisierungsfonds - Fraktion von Bündnis 90 / DIE GRÜNEN im Rat der Stadt Wuppertal","isPartOf":{"@id":"https://gruene-wuppertal.de/fraktion/#website"},"datePublished":"2008-12-16T00:00:00+00:00","dateModified":"2008-12-16T00:00:00+00:00","breadcrumb":{"@id":"https://gruene-wuppertal.de/fraktion/ausderratsfraktion/kommunaler-stabilisierungsfonds/#breadcrumb"},"inLanguage":"de-DE","potentialAction":[{"@type":"ReadAction","target":["https://gruene-wuppertal.de/fraktion/ausderratsfraktion/kommunaler-stabilisierungsfonds/"]}]},{"@type":"BreadcrumbList","@id":"https://gruene-wuppertal.de/fraktion/ausderratsfraktion/kommunaler-stabilisierungsfonds/#breadcrumb","itemListElement":[{"@type":"ListItem","position":1,"name":"Startseite","item":"https://gruene-wuppertal.de/fraktion/"},{"@type":"ListItem","position":2,"name":"Kommunaler Stabilisierungsfonds"}]},{"@type":"WebSite","@id":"https://gruene-wuppertal.de/fraktion/#website","url":"https://gruene-wuppertal.de/fraktion/","name":"Fraktion von Bündnis 90 / DIE GRÜNEN im Rat der Stadt Wuppertal","description":"","potentialAction":[{"@type":"SearchAction","target":{"@type":"EntryPoint","urlTemplate":"https://gruene-wuppertal.de/fraktion/?s={search_term_string}"},"query-input":"required name=search_term_string"}],"inLanguage":"de-DE"}]}</script>
<!-- / Yoast SEO plugin. -->

Kommunaler Stabilisierungsfonds - Fraktion von Bündnis 90 / DIE GRÜNEN im Rat der Stadt Wuppertal

Fraktion von Bündnis 90 / DIE GRÜNEN im Rat der Stadt Wuppertal
