{"id":261,"date":"2008-11-11T00:00:00","date_gmt":"2008-11-11T00:00:00","guid":{"rendered":"https:\/\/gruene-wuppertal.de\/fraktion\/ausderratsfraktion\/zweckverband-bergische-volkshochschule\/"},"modified":"2008-11-11T00:00:00","modified_gmt":"2008-11-11T00:00:00","slug":"zweckverband-bergische-volkshochschule","status":"publish","type":"ausderratsfraktion","link":"https:\/\/gruene-wuppertal.de\/fraktion\/ausderratsfraktion\/zweckverband-bergische-volkshochschule\/","title":{"rendered":"Zweckverband Bergische Volkshochschule"},"content":{"rendered":"<p>Zweckverband Bergische Volkshochschule <BR> Rede unserer Fraktionssprecherin, Gerta Siller, in der Sitzung des Rates am 10.11.2008 <BR><BR> Sehr geehrter Herr Oberb\u00fcrgermeister, sehr geehrte Damen und Herren, <BR><BR> wir sollen heute den Wirtschaftsplan 2009 des Zweckverbandes Bergische Volkshochschule beschlie\u00dfen. Als  der Zweckverband Bergische Volkshochschule gegr\u00fcndet wurde, wurde immer wieder betont, dass es nicht zu Einschnitten im Programm kommen soll. An diese Aussage scheint sich allerdings inzwischen niemand mehr zu erinnern. Denn de facto, wird mit dieser Vorlage  \u00fcber einen Stellenabbau entschieden, der Auswirkungen auf die zuk\u00fcnftige Programmgestaltung der VHS haben wird.  Es wird deutliche Einschr\u00e4nkungen des Kursangebotes, insbesondere in den Fachbereichen der Familienbildung und der Schulabschl\u00fcsse geben.  <BR><BR> Allein im Bereich der schulischen Bildung soll eine ganze Stelle gestrichen werden. F\u00fcr uns Gr\u00fcne hat Bildung immer noch oberste Priorit\u00e4t. Da darf man nicht k\u00fcrzen! Auch die K\u00fcrzungen im Bereich der Familienbildungsst\u00e4tte halten wir f\u00fcr falsch. Das ist f\u00fcr uns eine Kernaufgabe der VHS. Und der im Ausschuss beschlossene Zusatz, dass wir lediglich die K\u00fcrzungen in der Summe beschlie\u00dfen und der Zweckverband dann die ber\u00fcchtigte A&#8230;..Karte bekommt und dann zusehen muss, wie das umgesetzt werden soll, ist uns zu billig.  <BR><BR> Grade zu erschreckend find ich allerdings, die Grundlage auf der hier gerechnet wird. Denn der vorgeschlagene Ausgleich ist &#8211;  mit Verlaub &#8211; eine &#8222;Luftnummer&#8220;.  430.000 Euro f\u00fcr noch nicht bewilligte Projekte sollen 50 % des Defizits kompensieren.   <BR><BR> Meine Damen und Herren- eigentlich sollten doch alle  aus der aktuellen Finanzkrise gelernt haben &#8220; und daher mit soliden Zahlen rechnen! <BR><BR> Und zum Schluss erlauben sie mir noch eine weitere Anmerkung:  Es erstaunt mich doch sehr, wie viele Gremien sich mit dieser Vorlage &#8211; DES ZWECKVERBANDES &#8220; befassen sollen. Bei anderen Zweckverb\u00e4nden ist das ganz anders. Ich habe hier, zum Beispiel, die Vorlage zum Wirtschaftsplan des Wupperverbandes. Der musste, wie die Drucksache belegt, lediglich den Finanzausschuss passieren und danach war der Zweckverband daran. Anders hier bei  der VHS. Hier ist es eine ganze Liste von Aussch\u00fcssen, die die Vorlage neben Hauptausschuss und Rat passieren muss. <BR><BR> Der Zweckverband der Bergischen Volkshochschule der St\u00e4dte Solingen &#8220; Wuppertal f\u00fcr allgemeine und berufliche Weiterbildung sowie Familienbildung verwaltet seine Angelegenheiten nach \u00df 1. Abs. 2 in eigener Verantwortung hei\u00dft es in der Satzung. Und weiter hei\u00dft es: die Verbandsversammlung entscheidet nach \u00df 8 insbesondere \u00fcber die allgemeinen Grunds\u00e4tze der Arbeit des Zweckverbandes aber auch \u00fcber den Wirtschaftsplan und die Stellen\u00fcbersicht.  Diese Satzung wurde von Ihnen am 19.12.2005 so beschlossen. Warum wird dieses Gremium jetzt derartig entwertet?\u00d6.nur weil der Rat in Solingen seinen ZweckverbandsvertreterInnen misstraut &#8220; muss Wuppertal doch nicht in gleicher Art und Weise vorgehen. <BR><\/p>\n","protected":false},"excerpt":{"rendered":"<p>Rede unserer Fraktionssprecherin, Gerta Siller, in der Sitzung des Rates am 10.11.2008<\/p>\n","protected":false},"author":1,"featured_media":0,"menu_order":0,"comment_status":"closed","ping_status":"closed","template":"","meta":{"_wp_rev_ctl_limit":""},"themen":[],"yoast_head":"<!-- This site is optimized with the Yoast SEO plugin v21.8 - https:\/\/yoast.com\/wordpress\/plugins\/seo\/ -->\n<title>Zweckverband Bergische Volkshochschule - Fraktion von B\u00fcndnis 90 \/ DIE GR\u00dcNEN im Rat der Stadt Wuppertal<\/title>\n<meta name=\"robots\" content=\"index, follow, max-snippet:-1, max-image-preview:large, max-video-preview:-1\" \/>\n<link rel=\"canonical\" href=\"https:\/\/gruene-wuppertal.de\/fraktion\/ausderratsfraktion\/zweckverband-bergische-volkshochschule\/\" \/>\n<meta property=\"og:locale\" content=\"de_DE\" \/>\n<meta property=\"og:type\" content=\"article\" \/>\n<meta property=\"og:title\" content=\"Zweckverband Bergische Volkshochschule - Fraktion von B\u00fcndnis 90 \/ DIE GR\u00dcNEN im Rat der Stadt Wuppertal\" \/>\n<meta property=\"og:description\" content=\"Rede unserer Fraktionssprecherin, Gerta Siller, in der Sitzung des Rates am 10.11.2008\" \/>\n<meta property=\"og:url\" content=\"https:\/\/gruene-wuppertal.de\/fraktion\/ausderratsfraktion\/zweckverband-bergische-volkshochschule\/\" \/>\n<meta property=\"og:site_name\" content=\"Fraktion von B\u00fcndnis 90 \/ DIE GR\u00dcNEN im Rat der Stadt Wuppertal\" \/>\n<meta name=\"twitter:card\" content=\"summary_large_image\" \/>\n<meta name=\"twitter:label1\" content=\"Gesch\u00e4tzte Lesezeit\" \/>\n\t<meta name=\"twitter:data1\" content=\"2 Minuten\" \/>\n<script type=\"application\/ld+json\" class=\"yoast-schema-graph\">{\"@context\":\"https:\/\/schema.org\",\"@graph\":[{\"@type\":\"WebPage\",\"@id\":\"https:\/\/gruene-wuppertal.de\/fraktion\/ausderratsfraktion\/zweckverband-bergische-volkshochschule\/\",\"url\":\"https:\/\/gruene-wuppertal.de\/fraktion\/ausderratsfraktion\/zweckverband-bergische-volkshochschule\/\",\"name\":\"Zweckverband Bergische Volkshochschule - Fraktion von B\u00fcndnis 90 \/ DIE GR\u00dcNEN im Rat der Stadt Wuppertal\",\"isPartOf\":{\"@id\":\"https:\/\/gruene-wuppertal.de\/fraktion\/#website\"},\"datePublished\":\"2008-11-11T00:00:00+00:00\",\"dateModified\":\"2008-11-11T00:00:00+00:00\",\"breadcrumb\":{\"@id\":\"https:\/\/gruene-wuppertal.de\/fraktion\/ausderratsfraktion\/zweckverband-bergische-volkshochschule\/#breadcrumb\"},\"inLanguage\":\"de-DE\",\"potentialAction\":[{\"@type\":\"ReadAction\",\"target\":[\"https:\/\/gruene-wuppertal.de\/fraktion\/ausderratsfraktion\/zweckverband-bergische-volkshochschule\/\"]}]},{\"@type\":\"BreadcrumbList\",\"@id\":\"https:\/\/gruene-wuppertal.de\/fraktion\/ausderratsfraktion\/zweckverband-bergische-volkshochschule\/#breadcrumb\",\"itemListElement\":[{\"@type\":\"ListItem\",\"position\":1,\"name\":\"Startseite\",\"item\":\"https:\/\/gruene-wuppertal.de\/fraktion\/\"},{\"@type\":\"ListItem\",\"position\":2,\"name\":\"Zweckverband Bergische Volkshochschule\"}]},{\"@type\":\"WebSite\",\"@id\":\"https:\/\/gruene-wuppertal.de\/fraktion\/#website\",\"url\":\"https:\/\/gruene-wuppertal.de\/fraktion\/\",\"name\":\"Fraktion von B\u00fcndnis 90 \/ DIE GR\u00dcNEN im Rat der Stadt Wuppertal\",\"description\":\"\",\"potentialAction\":[{\"@type\":\"SearchAction\",\"target\":{\"@type\":\"EntryPoint\",\"urlTemplate\":\"https:\/\/gruene-wuppertal.de\/fraktion\/?s={search_term_string}\"},\"query-input\":\"required name=search_term_string\"}],\"inLanguage\":\"de-DE\"}]}<\/script>\n<!-- \/ Yoast SEO plugin. -->","yoast_head_json":{"title":"Zweckverband Bergische Volkshochschule - Fraktion von B\u00fcndnis 90 \/ DIE GR\u00dcNEN im Rat der Stadt Wuppertal","robots":{"index":"index","follow":"follow","max-snippet":"max-snippet:-1","max-image-preview":"max-image-preview:large","max-video-preview":"max-video-preview:-1"},"canonical":"https:\/\/gruene-wuppertal.de\/fraktion\/ausderratsfraktion\/zweckverband-bergische-volkshochschule\/","og_locale":"de_DE","og_type":"article","og_title":"Zweckverband Bergische Volkshochschule - Fraktion von B\u00fcndnis 90 \/ DIE GR\u00dcNEN im Rat der Stadt Wuppertal","og_description":"Rede unserer Fraktionssprecherin, Gerta Siller, in der Sitzung des Rates am 10.11.2008","og_url":"https:\/\/gruene-wuppertal.de\/fraktion\/ausderratsfraktion\/zweckverband-bergische-volkshochschule\/","og_site_name":"Fraktion von B\u00fcndnis 90 \/ DIE GR\u00dcNEN im Rat der Stadt Wuppertal","twitter_card":"summary_large_image","twitter_misc":{"Gesch\u00e4tzte Lesezeit":"2 Minuten"},"schema":{"@context":"https:\/\/schema.org","@graph":[{"@type":"WebPage","@id":"https:\/\/gruene-wuppertal.de\/fraktion\/ausderratsfraktion\/zweckverband-bergische-volkshochschule\/","url":"https:\/\/gruene-wuppertal.de\/fraktion\/ausderratsfraktion\/zweckverband-bergische-volkshochschule\/","name":"Zweckverband Bergische Volkshochschule - Fraktion von B\u00fcndnis 90 \/ DIE GR\u00dcNEN im Rat der Stadt Wuppertal","isPartOf":{"@id":"https:\/\/gruene-wuppertal.de\/fraktion\/#website"},"datePublished":"2008-11-11T00:00:00+00:00","dateModified":"2008-11-11T00:00:00+00:00","breadcrumb":{"@id":"https:\/\/gruene-wuppertal.de\/fraktion\/ausderratsfraktion\/zweckverband-bergische-volkshochschule\/#breadcrumb"},"inLanguage":"de-DE","potentialAction":[{"@type":"ReadAction","target":["https:\/\/gruene-wuppertal.de\/fraktion\/ausderratsfraktion\/zweckverband-bergische-volkshochschule\/"]}]},{"@type":"BreadcrumbList","@id":"https:\/\/gruene-wuppertal.de\/fraktion\/ausderratsfraktion\/zweckverband-bergische-volkshochschule\/#breadcrumb","itemListElement":[{"@type":"ListItem","position":1,"name":"Startseite","item":"https:\/\/gruene-wuppertal.de\/fraktion\/"},{"@type":"ListItem","position":2,"name":"Zweckverband Bergische Volkshochschule"}]},{"@type":"WebSite","@id":"https:\/\/gruene-wuppertal.de\/fraktion\/#website","url":"https:\/\/gruene-wuppertal.de\/fraktion\/","name":"Fraktion von B\u00fcndnis 90 \/ DIE GR\u00dcNEN im Rat der Stadt Wuppertal","description":"","potentialAction":[{"@type":"SearchAction","target":{"@type":"EntryPoint","urlTemplate":"https:\/\/gruene-wuppertal.de\/fraktion\/?s={search_term_string}"},"query-input":"required name=search_term_string"}],"inLanguage":"de-DE"}]}},"post_mailing_queue_ids":[],"_links":{"self":[{"href":"https:\/\/gruene-wuppertal.de\/fraktion\/wp-json\/wp\/v2\/ausderratsfraktion\/261"}],"collection":[{"href":"https:\/\/gruene-wuppertal.de\/fraktion\/wp-json\/wp\/v2\/ausderratsfraktion"}],"about":[{"href":"https:\/\/gruene-wuppertal.de\/fraktion\/wp-json\/wp\/v2\/types\/ausderratsfraktion"}],"author":[{"embeddable":true,"href":"https:\/\/gruene-wuppertal.de\/fraktion\/wp-json\/wp\/v2\/users\/1"}],"replies":[{"embeddable":true,"href":"https:\/\/gruene-wuppertal.de\/fraktion\/wp-json\/wp\/v2\/comments?post=261"}],"version-history":[{"count":0,"href":"https:\/\/gruene-wuppertal.de\/fraktion\/wp-json\/wp\/v2\/ausderratsfraktion\/261\/revisions"}],"wp:attachment":[{"href":"https:\/\/gruene-wuppertal.de\/fraktion\/wp-json\/wp\/v2\/media?parent=261"}],"wp:term":[{"taxonomy":"themen","embeddable":true,"href":"https:\/\/gruene-wuppertal.de\/fraktion\/wp-json\/wp\/v2\/themen?post=261"}],"curies":[{"name":"wp","href":"https:\/\/api.w.org\/{rel}","templated":true}]}}

<p>Zweckverband Bergische Volkshochschule <BR> Rede unserer Fraktionssprecherin, Gerta Siller, in der Sitzung des Rates am 10.11.2008 <BR><BR> Sehr geehrter Herr Oberbürgermeister, sehr geehrte Damen und Herren, <BR><BR> wir sollen heute den Wirtschaftsplan 2009 des Zweckverbandes Bergische Volkshochschule beschließen. Als  der Zweckverband Bergische Volkshochschule gegründet wurde, wurde immer wieder betont, dass es nicht zu Einschnitten im Programm kommen soll. An diese Aussage scheint sich allerdings inzwischen niemand mehr zu erinnern. Denn de facto, wird mit dieser Vorlage  über einen Stellenabbau entschieden, der Auswirkungen auf die zukünftige Programmgestaltung der VHS haben wird.  Es wird deutliche Einschränkungen des Kursangebotes, insbesondere in den Fachbereichen der Familienbildung und der Schulabschlüsse geben.  <BR><BR> Allein im Bereich der schulischen Bildung soll eine ganze Stelle gestrichen werden. Für uns Grüne hat Bildung immer noch oberste Priorität. Da darf man nicht kürzen! Auch die Kürzungen im Bereich der Familienbildungsstätte halten wir für falsch. Das ist für uns eine Kernaufgabe der VHS. Und der im Ausschuss beschlossene Zusatz, dass wir lediglich die Kürzungen in der Summe beschließen und der Zweckverband dann die berüchtigte A&#8230;..Karte bekommt und dann zusehen muss, wie das umgesetzt werden soll, ist uns zu billig.  <BR><BR> Grade zu erschreckend find ich allerdings, die Grundlage auf der hier gerechnet wird. Denn der vorgeschlagene Ausgleich ist &#8211;  mit Verlaub &#8211; eine &#8222;Luftnummer&#8220;.  430.000 Euro für noch nicht bewilligte Projekte sollen 50 % des Defizits kompensieren.   <BR><BR> Meine Damen und Herren- eigentlich sollten doch alle  aus der aktuellen Finanzkrise gelernt haben &#8220; und daher mit soliden Zahlen rechnen! <BR><BR> Und zum Schluss erlauben sie mir noch eine weitere Anmerkung:  Es erstaunt mich doch sehr, wie viele Gremien sich mit dieser Vorlage &#8211; DES ZWECKVERBANDES &#8220; befassen sollen. Bei anderen Zweckverbänden ist das ganz anders. Ich habe hier, zum Beispiel, die Vorlage zum Wirtschaftsplan des Wupperverbandes. Der musste, wie die Drucksache belegt, lediglich den Finanzausschuss passieren und danach war der Zweckverband daran. Anders hier bei  der VHS. Hier ist es eine ganze Liste von Ausschüssen, die die Vorlage neben Hauptausschuss und Rat passieren muss. <BR><BR> Der Zweckverband der Bergischen Volkshochschule der Städte Solingen &#8220; Wuppertal für allgemeine und berufliche Weiterbildung sowie Familienbildung verwaltet seine Angelegenheiten nach ß 1. Abs. 2 in eigener Verantwortung heißt es in der Satzung. Und weiter heißt es: die Verbandsversammlung entscheidet nach ß 8 insbesondere über die allgemeinen Grundsätze der Arbeit des Zweckverbandes aber auch über den Wirtschaftsplan und die Stellenübersicht.  Diese Satzung wurde von Ihnen am 19.12.2005 so beschlossen. Warum wird dieses Gremium jetzt derartig entwertet?Ö.nur weil der Rat in Solingen seinen ZweckverbandsvertreterInnen misstraut &#8220; muss Wuppertal doch nicht in gleicher Art und Weise vorgehen. <BR></p>

<!-- This site is optimized with the Yoast SEO plugin v21.8 - https://yoast.com/wordpress/plugins/seo/ -->
<title>Zweckverband Bergische Volkshochschule - Fraktion von Bündnis 90 / DIE GRÜNEN im Rat der Stadt Wuppertal</title>
<meta name="robots" content="index, follow, max-snippet:-1, max-image-preview:large, max-video-preview:-1" />
<link rel="canonical" href="https://gruene-wuppertal.de/fraktion/ausderratsfraktion/zweckverband-bergische-volkshochschule/" />
<meta property="og:locale" content="de_DE" />
<meta property="og:type" content="article" />
<meta property="og:title" content="Zweckverband Bergische Volkshochschule - Fraktion von Bündnis 90 / DIE GRÜNEN im Rat der Stadt Wuppertal" />
<meta property="og:description" content="Rede unserer Fraktionssprecherin, Gerta Siller, in der Sitzung des Rates am 10.11.2008" />
<meta property="og:url" content="https://gruene-wuppertal.de/fraktion/ausderratsfraktion/zweckverband-bergische-volkshochschule/" />
<meta property="og:site_name" content="Fraktion von Bündnis 90 / DIE GRÜNEN im Rat der Stadt Wuppertal" />
<meta name="twitter:card" content="summary_large_image" />
<meta name="twitter:label1" content="Geschätzte Lesezeit" />
	<meta name="twitter:data1" content="2 Minuten" />
<script type="application/ld+json" class="yoast-schema-graph">{"@context":"https://schema.org","@graph":[{"@type":"WebPage","@id":"https://gruene-wuppertal.de/fraktion/ausderratsfraktion/zweckverband-bergische-volkshochschule/","url":"https://gruene-wuppertal.de/fraktion/ausderratsfraktion/zweckverband-bergische-volkshochschule/","name":"Zweckverband Bergische Volkshochschule - Fraktion von Bündnis 90 / DIE GRÜNEN im Rat der Stadt Wuppertal","isPartOf":{"@id":"https://gruene-wuppertal.de/fraktion/#website"},"datePublished":"2008-11-11T00:00:00+00:00","dateModified":"2008-11-11T00:00:00+00:00","breadcrumb":{"@id":"https://gruene-wuppertal.de/fraktion/ausderratsfraktion/zweckverband-bergische-volkshochschule/#breadcrumb"},"inLanguage":"de-DE","potentialAction":[{"@type":"ReadAction","target":["https://gruene-wuppertal.de/fraktion/ausderratsfraktion/zweckverband-bergische-volkshochschule/"]}]},{"@type":"BreadcrumbList","@id":"https://gruene-wuppertal.de/fraktion/ausderratsfraktion/zweckverband-bergische-volkshochschule/#breadcrumb","itemListElement":[{"@type":"ListItem","position":1,"name":"Startseite","item":"https://gruene-wuppertal.de/fraktion/"},{"@type":"ListItem","position":2,"name":"Zweckverband Bergische Volkshochschule"}]},{"@type":"WebSite","@id":"https://gruene-wuppertal.de/fraktion/#website","url":"https://gruene-wuppertal.de/fraktion/","name":"Fraktion von Bündnis 90 / DIE GRÜNEN im Rat der Stadt Wuppertal","description":"","potentialAction":[{"@type":"SearchAction","target":{"@type":"EntryPoint","urlTemplate":"https://gruene-wuppertal.de/fraktion/?s={search_term_string}"},"query-input":"required name=search_term_string"}],"inLanguage":"de-DE"}]}</script>
<!-- / Yoast SEO plugin. -->

Zweckverband Bergische Volkshochschule - Fraktion von Bündnis 90 / DIE GRÜNEN im Rat der Stadt Wuppertal

Fraktion von Bündnis 90 / DIE GRÜNEN im Rat der Stadt Wuppertal
