{"id":2589,"date":"2011-12-05T13:42:58","date_gmt":"2011-12-05T13:42:58","guid":{"rendered":"https:\/\/gruene-wuppertal.de\/fraktion\/?post_type=ausderratsfraktion&amp;p=2589"},"modified":"2011-12-05T13:42:58","modified_gmt":"2011-12-05T13:42:58","slug":"betriebsausschuss-gmw-auf-reisen","status":"publish","type":"ausderratsfraktion","link":"https:\/\/gruene-wuppertal.de\/fraktion\/ausderratsfraktion\/betriebsausschuss-gmw-auf-reisen\/","title":{"rendered":"Betriebsausschuss GMW auf Reisen"},"content":{"rendered":"<p><em>(Namensartikel des Ausschussvorsitzenden, Marc Schulz, f\u00fcr die Mitarbeiterzeitung des GMW &#8222;WOLL&#8220;)<\/em><\/p>\n<p>Hartn\u00e4ckig h\u00e4lt sich in Wuppertal das Ger\u00fccht, die Stadt investiere zu wenig in ihre st\u00e4dtischen Immobilien, insbesondere in die Schulgeb\u00e4ude. Dass diese Behauptung schon l\u00e4ngst nicht mehr up to date ist, beweisen unter anderem die in diesem Jahr stattgefundenen Sanierungsma\u00dfnahmen. Alleine 50 Millionen Euro wurden investiert in die Sanierung von Schulen und die Errichtung von Mensen f\u00fcr die Ganztagsbetreuung, ein Wert, der nicht einmal von unserer wohlhabenden Nachbarstadt D\u00fcsseldorf erreicht wird, dort wurden lediglich 30 Millionen zur Verf\u00fcgung gestellt. Und auch in den letzten Jahren wurden neben Gro\u00dfprojekten wie der Schwimmoper und der (richtigen) Oper auch viele kleinere Ma\u00dfnahmen erfolgreich beendet. Um die erfolgreiche und partei\u00fcbergreifend unterst\u00fctzte Arbeit des st\u00e4dtischen Geb\u00e4udemanagements \u00f6ffentlich zu bewerben, fand eine Informationsrundfahrt des Betriebsausschusses zu einigen ausgew\u00e4hlten Objekten statt, an der am 19. Oktober die Sprecherinnen und Sprecher der Fraktionen, der Ausschussvorsitzende, zwei Medienvertreter sowie f\u00fcr das GMW Herr Dr. Flunkert und Frau Dickel teilnahmen. An dieser Stelle ein herzliches Dankesch\u00f6n an Frau Dickel f\u00fcr die Organisation der Fahrt. Ziel war es, anhand von drei unterschiedlich genutzten Geb\u00e4uden die Arbeitsweise des GMW bei der Geb\u00e4udesanierung zu verdeutlichen.<\/p>\n<p>Als erstes wurde das bereits zu Beginn des Jahres fertiggestellte <strong>Haus der Jugend<\/strong> besichtigt, das mit seinen verschiedenen Nutzungsformen als Veranstaltungsort, Kunsthalle und Bibliothek auch unterschiedliche Anforderungen an die Neugestaltung stellte. So wurden neben Brandschutzma\u00dfnahmen und der energetischen Sanierung auch die jeweiligen Funktionsbereiche qualitativ verbessert, wie bei der neuen r\u00e4umlichen Konzeption der Bibliothek durch den Abriss des maroden Anbaus zur H\u00f6hne zu erkennen ist.<\/p>\n<p>Der zweite Halt brachte die Reisegruppe von Barmen ins tiefste Elberfeld, zur <strong>Realschule Helmholtzstra\u00dfe<\/strong>. Im Mittelpunkt stand hierbei die den modernen Anforderungen entsprechende Sanierung des denkmalgesch\u00fctzten Geb\u00e4udes. Neben der imposanten Fassade der Schule beeindruckte vor allem die frisch renovierte Aula im obersten Stockwerk, die als Veranstaltungsort f\u00fcr die Schule und dar\u00fcber hinaus zuk\u00fcnftig eine herausragende Stellung im Stadtteil einnehmen d\u00fcrfte.<\/p>\n<p>Zuletzt stand die <strong>Sporthalle am Schulzentrum West in Vohwinkel<\/strong> auf dem Plan. Ehemals ein schmuckloser 70er Jahre-Bau, wurde die Halle f\u00fcr drei Millionen Euro runderneuert. Durch ihre verbesserte Funktionalit\u00e4t und ihr neues Erscheinungsbild erg\u00e4nzt die Halle die Umbauma\u00dfnahmen am gesamten Schulzentrum, das voraussichtlich 2013 fertiggestellt wird und mit 15 Millionen Euro nach dem Schulzentrum Ost das zweitgr\u00f6\u00dfte Bauprojekt der Stadt ist.<\/p>\n<p>Der besondere Dank des Ausschusses geht an die Leiter der jeweiligen Baustellen sowie Herrn Dr. Flunkert, die uns mit ihrem Fachwissen bei den Besichtigungen zur Verf\u00fcgung standen und uns einen hervorragenden Einblick in die Arbeit des GMW gew\u00e4hrten.<\/p>\n","protected":false},"excerpt":{"rendered":"<p>(Namensartikel des Ausschussvorsitzenden, Marc Schulz, f\u00fcr die Mitarbeiterzeitung des GMW &#8222;WOLL&#8220;) Hartn\u00e4ckig h\u00e4lt sich in Wuppertal das Ger\u00fccht, die Stadt investiere zu wenig in ihre st\u00e4dtischen Immobilien, insbesondere in die Schulgeb\u00e4ude. Dass diese Behauptung schon l\u00e4ngst nicht mehr up to date ist, beweisen unter anderem&#8230;<\/p>\n","protected":false},"author":24,"featured_media":0,"menu_order":0,"comment_status":"closed","ping_status":"closed","template":"","meta":{"_wp_rev_ctl_limit":""},"themen":[29],"yoast_head":"<!-- This site is optimized with the Yoast SEO plugin v21.8 - https:\/\/yoast.com\/wordpress\/plugins\/seo\/ -->\n<title>Betriebsausschuss GMW auf Reisen - Fraktion von B\u00fcndnis 90 \/ DIE GR\u00dcNEN im Rat der Stadt Wuppertal<\/title>\n<meta name=\"robots\" content=\"index, follow, max-snippet:-1, max-image-preview:large, max-video-preview:-1\" \/>\n<link rel=\"canonical\" href=\"https:\/\/gruene-wuppertal.de\/fraktion\/ausderratsfraktion\/betriebsausschuss-gmw-auf-reisen\/\" \/>\n<meta property=\"og:locale\" content=\"de_DE\" \/>\n<meta property=\"og:type\" content=\"article\" \/>\n<meta property=\"og:title\" content=\"Betriebsausschuss GMW auf Reisen - Fraktion von B\u00fcndnis 90 \/ DIE GR\u00dcNEN im Rat der Stadt Wuppertal\" \/>\n<meta property=\"og:description\" content=\"(Namensartikel des Ausschussvorsitzenden, Marc Schulz, f\u00fcr die Mitarbeiterzeitung des GMW &#8222;WOLL&#8220;) Hartn\u00e4ckig h\u00e4lt sich in Wuppertal das Ger\u00fccht, die Stadt investiere zu wenig in ihre st\u00e4dtischen Immobilien, insbesondere in die Schulgeb\u00e4ude. Dass diese Behauptung schon l\u00e4ngst nicht mehr up to date ist, beweisen unter anderem...\" \/>\n<meta property=\"og:url\" content=\"https:\/\/gruene-wuppertal.de\/fraktion\/ausderratsfraktion\/betriebsausschuss-gmw-auf-reisen\/\" \/>\n<meta property=\"og:site_name\" content=\"Fraktion von B\u00fcndnis 90 \/ DIE GR\u00dcNEN im Rat der Stadt Wuppertal\" \/>\n<meta name=\"twitter:card\" content=\"summary_large_image\" \/>\n<meta name=\"twitter:label1\" content=\"Gesch\u00e4tzte Lesezeit\" \/>\n\t<meta name=\"twitter:data1\" content=\"2 Minuten\" \/>\n<script type=\"application\/ld+json\" class=\"yoast-schema-graph\">{\"@context\":\"https:\/\/schema.org\",\"@graph\":[{\"@type\":\"WebPage\",\"@id\":\"https:\/\/gruene-wuppertal.de\/fraktion\/ausderratsfraktion\/betriebsausschuss-gmw-auf-reisen\/\",\"url\":\"https:\/\/gruene-wuppertal.de\/fraktion\/ausderratsfraktion\/betriebsausschuss-gmw-auf-reisen\/\",\"name\":\"Betriebsausschuss GMW auf Reisen - Fraktion von B\u00fcndnis 90 \/ DIE GR\u00dcNEN im Rat der Stadt Wuppertal\",\"isPartOf\":{\"@id\":\"https:\/\/gruene-wuppertal.de\/fraktion\/#website\"},\"datePublished\":\"2011-12-05T13:42:58+00:00\",\"dateModified\":\"2011-12-05T13:42:58+00:00\",\"breadcrumb\":{\"@id\":\"https:\/\/gruene-wuppertal.de\/fraktion\/ausderratsfraktion\/betriebsausschuss-gmw-auf-reisen\/#breadcrumb\"},\"inLanguage\":\"de-DE\",\"potentialAction\":[{\"@type\":\"ReadAction\",\"target\":[\"https:\/\/gruene-wuppertal.de\/fraktion\/ausderratsfraktion\/betriebsausschuss-gmw-auf-reisen\/\"]}]},{\"@type\":\"BreadcrumbList\",\"@id\":\"https:\/\/gruene-wuppertal.de\/fraktion\/ausderratsfraktion\/betriebsausschuss-gmw-auf-reisen\/#breadcrumb\",\"itemListElement\":[{\"@type\":\"ListItem\",\"position\":1,\"name\":\"Startseite\",\"item\":\"https:\/\/gruene-wuppertal.de\/fraktion\/\"},{\"@type\":\"ListItem\",\"position\":2,\"name\":\"Betriebsausschuss GMW auf Reisen\"}]},{\"@type\":\"WebSite\",\"@id\":\"https:\/\/gruene-wuppertal.de\/fraktion\/#website\",\"url\":\"https:\/\/gruene-wuppertal.de\/fraktion\/\",\"name\":\"Fraktion von B\u00fcndnis 90 \/ DIE GR\u00dcNEN im Rat der Stadt Wuppertal\",\"description\":\"\",\"potentialAction\":[{\"@type\":\"SearchAction\",\"target\":{\"@type\":\"EntryPoint\",\"urlTemplate\":\"https:\/\/gruene-wuppertal.de\/fraktion\/?s={search_term_string}\"},\"query-input\":\"required name=search_term_string\"}],\"inLanguage\":\"de-DE\"}]}<\/script>\n<!-- \/ Yoast SEO plugin. -->","yoast_head_json":{"title":"Betriebsausschuss GMW auf Reisen - Fraktion von B\u00fcndnis 90 \/ DIE GR\u00dcNEN im Rat der Stadt Wuppertal","robots":{"index":"index","follow":"follow","max-snippet":"max-snippet:-1","max-image-preview":"max-image-preview:large","max-video-preview":"max-video-preview:-1"},"canonical":"https:\/\/gruene-wuppertal.de\/fraktion\/ausderratsfraktion\/betriebsausschuss-gmw-auf-reisen\/","og_locale":"de_DE","og_type":"article","og_title":"Betriebsausschuss GMW auf Reisen - Fraktion von B\u00fcndnis 90 \/ DIE GR\u00dcNEN im Rat der Stadt Wuppertal","og_description":"(Namensartikel des Ausschussvorsitzenden, Marc Schulz, f\u00fcr die Mitarbeiterzeitung des GMW &#8222;WOLL&#8220;) Hartn\u00e4ckig h\u00e4lt sich in Wuppertal das Ger\u00fccht, die Stadt investiere zu wenig in ihre st\u00e4dtischen Immobilien, insbesondere in die Schulgeb\u00e4ude. Dass diese Behauptung schon l\u00e4ngst nicht mehr up to date ist, beweisen unter anderem...","og_url":"https:\/\/gruene-wuppertal.de\/fraktion\/ausderratsfraktion\/betriebsausschuss-gmw-auf-reisen\/","og_site_name":"Fraktion von B\u00fcndnis 90 \/ DIE GR\u00dcNEN im Rat der Stadt Wuppertal","twitter_card":"summary_large_image","twitter_misc":{"Gesch\u00e4tzte Lesezeit":"2 Minuten"},"schema":{"@context":"https:\/\/schema.org","@graph":[{"@type":"WebPage","@id":"https:\/\/gruene-wuppertal.de\/fraktion\/ausderratsfraktion\/betriebsausschuss-gmw-auf-reisen\/","url":"https:\/\/gruene-wuppertal.de\/fraktion\/ausderratsfraktion\/betriebsausschuss-gmw-auf-reisen\/","name":"Betriebsausschuss GMW auf Reisen - Fraktion von B\u00fcndnis 90 \/ DIE GR\u00dcNEN im Rat der Stadt Wuppertal","isPartOf":{"@id":"https:\/\/gruene-wuppertal.de\/fraktion\/#website"},"datePublished":"2011-12-05T13:42:58+00:00","dateModified":"2011-12-05T13:42:58+00:00","breadcrumb":{"@id":"https:\/\/gruene-wuppertal.de\/fraktion\/ausderratsfraktion\/betriebsausschuss-gmw-auf-reisen\/#breadcrumb"},"inLanguage":"de-DE","potentialAction":[{"@type":"ReadAction","target":["https:\/\/gruene-wuppertal.de\/fraktion\/ausderratsfraktion\/betriebsausschuss-gmw-auf-reisen\/"]}]},{"@type":"BreadcrumbList","@id":"https:\/\/gruene-wuppertal.de\/fraktion\/ausderratsfraktion\/betriebsausschuss-gmw-auf-reisen\/#breadcrumb","itemListElement":[{"@type":"ListItem","position":1,"name":"Startseite","item":"https:\/\/gruene-wuppertal.de\/fraktion\/"},{"@type":"ListItem","position":2,"name":"Betriebsausschuss GMW auf Reisen"}]},{"@type":"WebSite","@id":"https:\/\/gruene-wuppertal.de\/fraktion\/#website","url":"https:\/\/gruene-wuppertal.de\/fraktion\/","name":"Fraktion von B\u00fcndnis 90 \/ DIE GR\u00dcNEN im Rat der Stadt Wuppertal","description":"","potentialAction":[{"@type":"SearchAction","target":{"@type":"EntryPoint","urlTemplate":"https:\/\/gruene-wuppertal.de\/fraktion\/?s={search_term_string}"},"query-input":"required name=search_term_string"}],"inLanguage":"de-DE"}]}},"post_mailing_queue_ids":[],"_links":{"self":[{"href":"https:\/\/gruene-wuppertal.de\/fraktion\/wp-json\/wp\/v2\/ausderratsfraktion\/2589"}],"collection":[{"href":"https:\/\/gruene-wuppertal.de\/fraktion\/wp-json\/wp\/v2\/ausderratsfraktion"}],"about":[{"href":"https:\/\/gruene-wuppertal.de\/fraktion\/wp-json\/wp\/v2\/types\/ausderratsfraktion"}],"author":[{"embeddable":true,"href":"https:\/\/gruene-wuppertal.de\/fraktion\/wp-json\/wp\/v2\/users\/24"}],"replies":[{"embeddable":true,"href":"https:\/\/gruene-wuppertal.de\/fraktion\/wp-json\/wp\/v2\/comments?post=2589"}],"version-history":[{"count":0,"href":"https:\/\/gruene-wuppertal.de\/fraktion\/wp-json\/wp\/v2\/ausderratsfraktion\/2589\/revisions"}],"wp:attachment":[{"href":"https:\/\/gruene-wuppertal.de\/fraktion\/wp-json\/wp\/v2\/media?parent=2589"}],"wp:term":[{"taxonomy":"themen","embeddable":true,"href":"https:\/\/gruene-wuppertal.de\/fraktion\/wp-json\/wp\/v2\/themen?post=2589"}],"curies":[{"name":"wp","href":"https:\/\/api.w.org\/{rel}","templated":true}]}}

<p><em>(Namensartikel des Ausschussvorsitzenden, Marc Schulz, für die Mitarbeiterzeitung des GMW &#8222;WOLL&#8220;)</em></p>
<p>Hartnäckig hält sich in Wuppertal das Gerücht, die Stadt investiere zu wenig in ihre städtischen Immobilien, insbesondere in die Schulgebäude. Dass diese Behauptung schon längst nicht mehr up to date ist, beweisen unter anderem die in diesem Jahr stattgefundenen Sanierungsmaßnahmen. Alleine 50 Millionen Euro wurden investiert in die Sanierung von Schulen und die Errichtung von Mensen für die Ganztagsbetreuung, ein Wert, der nicht einmal von unserer wohlhabenden Nachbarstadt Düsseldorf erreicht wird, dort wurden lediglich 30 Millionen zur Verfügung gestellt. Und auch in den letzten Jahren wurden neben Großprojekten wie der Schwimmoper und der (richtigen) Oper auch viele kleinere Maßnahmen erfolgreich beendet. Um die erfolgreiche und parteiübergreifend unterstützte Arbeit des städtischen Gebäudemanagements öffentlich zu bewerben, fand eine Informationsrundfahrt des Betriebsausschusses zu einigen ausgewählten Objekten statt, an der am 19. Oktober die Sprecherinnen und Sprecher der Fraktionen, der Ausschussvorsitzende, zwei Medienvertreter sowie für das GMW Herr Dr. Flunkert und Frau Dickel teilnahmen. An dieser Stelle ein herzliches Dankeschön an Frau Dickel für die Organisation der Fahrt. Ziel war es, anhand von drei unterschiedlich genutzten Gebäuden die Arbeitsweise des GMW bei der Gebäudesanierung zu verdeutlichen.</p>
<p>Als erstes wurde das bereits zu Beginn des Jahres fertiggestellte <strong>Haus der Jugend</strong> besichtigt, das mit seinen verschiedenen Nutzungsformen als Veranstaltungsort, Kunsthalle und Bibliothek auch unterschiedliche Anforderungen an die Neugestaltung stellte. So wurden neben Brandschutzmaßnahmen und der energetischen Sanierung auch die jeweiligen Funktionsbereiche qualitativ verbessert, wie bei der neuen räumlichen Konzeption der Bibliothek durch den Abriss des maroden Anbaus zur Höhne zu erkennen ist.</p>
<p>Der zweite Halt brachte die Reisegruppe von Barmen ins tiefste Elberfeld, zur <strong>Realschule Helmholtzstraße</strong>. Im Mittelpunkt stand hierbei die den modernen Anforderungen entsprechende Sanierung des denkmalgeschützten Gebäudes. Neben der imposanten Fassade der Schule beeindruckte vor allem die frisch renovierte Aula im obersten Stockwerk, die als Veranstaltungsort für die Schule und darüber hinaus zukünftig eine herausragende Stellung im Stadtteil einnehmen dürfte.</p>
<p>Zuletzt stand die <strong>Sporthalle am Schulzentrum West in Vohwinkel</strong> auf dem Plan. Ehemals ein schmuckloser 70er Jahre-Bau, wurde die Halle für drei Millionen Euro runderneuert. Durch ihre verbesserte Funktionalität und ihr neues Erscheinungsbild ergänzt die Halle die Umbaumaßnahmen am gesamten Schulzentrum, das voraussichtlich 2013 fertiggestellt wird und mit 15 Millionen Euro nach dem Schulzentrum Ost das zweitgrößte Bauprojekt der Stadt ist.</p>
<p>Der besondere Dank des Ausschusses geht an die Leiter der jeweiligen Baustellen sowie Herrn Dr. Flunkert, die uns mit ihrem Fachwissen bei den Besichtigungen zur Verfügung standen und uns einen hervorragenden Einblick in die Arbeit des GMW gewährten.</p>

<p>(Namensartikel des Ausschussvorsitzenden, Marc Schulz, für die Mitarbeiterzeitung des GMW &#8222;WOLL&#8220;) Hartnäckig hält sich in Wuppertal das Gerücht, die Stadt investiere zu wenig in ihre städtischen Immobilien, insbesondere in die Schulgebäude. Dass diese Behauptung schon längst nicht mehr up to date ist, beweisen unter anderem&#8230;</p>

<!-- This site is optimized with the Yoast SEO plugin v21.8 - https://yoast.com/wordpress/plugins/seo/ -->
<title>Betriebsausschuss GMW auf Reisen - Fraktion von Bündnis 90 / DIE GRÜNEN im Rat der Stadt Wuppertal</title>
<meta name="robots" content="index, follow, max-snippet:-1, max-image-preview:large, max-video-preview:-1" />
<link rel="canonical" href="https://gruene-wuppertal.de/fraktion/ausderratsfraktion/betriebsausschuss-gmw-auf-reisen/" />
<meta property="og:locale" content="de_DE" />
<meta property="og:type" content="article" />
<meta property="og:title" content="Betriebsausschuss GMW auf Reisen - Fraktion von Bündnis 90 / DIE GRÜNEN im Rat der Stadt Wuppertal" />
<meta property="og:description" content="(Namensartikel des Ausschussvorsitzenden, Marc Schulz, für die Mitarbeiterzeitung des GMW &#8222;WOLL&#8220;) Hartnäckig hält sich in Wuppertal das Gerücht, die Stadt investiere zu wenig in ihre städtischen Immobilien, insbesondere in die Schulgebäude. Dass diese Behauptung schon längst nicht mehr up to date ist, beweisen unter anderem..." />
<meta property="og:url" content="https://gruene-wuppertal.de/fraktion/ausderratsfraktion/betriebsausschuss-gmw-auf-reisen/" />
<meta property="og:site_name" content="Fraktion von Bündnis 90 / DIE GRÜNEN im Rat der Stadt Wuppertal" />
<meta name="twitter:card" content="summary_large_image" />
<meta name="twitter:label1" content="Geschätzte Lesezeit" />
	<meta name="twitter:data1" content="2 Minuten" />
<script type="application/ld+json" class="yoast-schema-graph">{"@context":"https://schema.org","@graph":[{"@type":"WebPage","@id":"https://gruene-wuppertal.de/fraktion/ausderratsfraktion/betriebsausschuss-gmw-auf-reisen/","url":"https://gruene-wuppertal.de/fraktion/ausderratsfraktion/betriebsausschuss-gmw-auf-reisen/","name":"Betriebsausschuss GMW auf Reisen - Fraktion von Bündnis 90 / DIE GRÜNEN im Rat der Stadt Wuppertal","isPartOf":{"@id":"https://gruene-wuppertal.de/fraktion/#website"},"datePublished":"2011-12-05T13:42:58+00:00","dateModified":"2011-12-05T13:42:58+00:00","breadcrumb":{"@id":"https://gruene-wuppertal.de/fraktion/ausderratsfraktion/betriebsausschuss-gmw-auf-reisen/#breadcrumb"},"inLanguage":"de-DE","potentialAction":[{"@type":"ReadAction","target":["https://gruene-wuppertal.de/fraktion/ausderratsfraktion/betriebsausschuss-gmw-auf-reisen/"]}]},{"@type":"BreadcrumbList","@id":"https://gruene-wuppertal.de/fraktion/ausderratsfraktion/betriebsausschuss-gmw-auf-reisen/#breadcrumb","itemListElement":[{"@type":"ListItem","position":1,"name":"Startseite","item":"https://gruene-wuppertal.de/fraktion/"},{"@type":"ListItem","position":2,"name":"Betriebsausschuss GMW auf Reisen"}]},{"@type":"WebSite","@id":"https://gruene-wuppertal.de/fraktion/#website","url":"https://gruene-wuppertal.de/fraktion/","name":"Fraktion von Bündnis 90 / DIE GRÜNEN im Rat der Stadt Wuppertal","description":"","potentialAction":[{"@type":"SearchAction","target":{"@type":"EntryPoint","urlTemplate":"https://gruene-wuppertal.de/fraktion/?s={search_term_string}"},"query-input":"required name=search_term_string"}],"inLanguage":"de-DE"}]}</script>
<!-- / Yoast SEO plugin. -->

Betriebsausschuss GMW auf Reisen - Fraktion von Bündnis 90 / DIE GRÜNEN im Rat der Stadt Wuppertal

(Namensartikel des Ausschussvorsitzenden, Marc Schulz, für die Mitarbeiterzeitung des GMW &#8222;WOLL&#8220;) Hartnäckig hält sich in Wuppertal das Gerücht, die Stadt investiere zu wenig in ihre städtischen Immobilien, insbesondere in die Schulgebäude. Dass diese Behauptung schon längst nicht mehr up to date ist, beweisen unter anderem...

Fraktion von Bündnis 90 / DIE GRÜNEN im Rat der Stadt Wuppertal
