{"id":258,"date":"2008-11-11T00:00:00","date_gmt":"2008-11-11T00:00:00","guid":{"rendered":"https:\/\/gruene-wuppertal.de\/fraktion\/ausderratsfraktion\/kompressoren-klau-an-sperrmulltagen\/"},"modified":"2008-11-11T00:00:00","modified_gmt":"2008-11-11T00:00:00","slug":"kompressoren-klau-an-sperrmulltagen","status":"publish","type":"ausderratsfraktion","link":"https:\/\/gruene-wuppertal.de\/fraktion\/ausderratsfraktion\/kompressoren-klau-an-sperrmulltagen\/","title":{"rendered":"Kompressoren-Klau an Sperrm\u00fclltagen"},"content":{"rendered":"<p>Sehr geehrte Damen und Herren, <\/p>\n<p> der Diebstahl von Kompressoren aus K\u00fchlschr\u00e4nken hat extrem Klima sch\u00e4dliche Folgen. <\/p>\n<p> Uns liegt ein Antrag vor, der durch mehr Kontrollen bei den Sperrm\u00fcllsammlungen den Diebstahl von Kompressoren verhindern soll. Da muss die Frage erlaubt sein, wie dies finanziert werden soll. <br \/> Denn: mehr Kontrolle braucht mehr Personal, die Kosten f\u00fcr die Stadt steigen. <\/p>\n<p> Wir alle w\u00fcrden uns freuen, wenn die Diebst\u00e4hle tats\u00e4chlich durch verst\u00e4rkte Kontrollen verhindert werden k\u00f6nnten, allein uns fehlt der Glaube. Oder soll jeder K\u00fchlschrank von den Ordnungsdiensten bewacht werden? Doch wohl nicht angesichts von 200 Sperrm\u00fcllabfuhren im Jahr 2007. \u00dcbrigens kontrollierte der KOD damals an 20 Tagen, das macht insgesamt 10 Prozent. <br \/> Bislang haben die Ma\u00dfnahmen des Ordnungsdienstes keinen Erfolg verzeichnet. <\/p>\n<p> Deshalb haben wir unseren Erg\u00e4nzungsantrag gestellt: Wenn jetzt die Kontrollen verst\u00e4rkt werden sollen, ist die Politik \u00fcber die geplanten Ma\u00dfnahmen, die Kosten und \u00fcber die Ergebnisse regelm\u00e4\u00dfig zu informieren, ob die getroffenen Ma\u00dfnahmen erfolgreich sind oder nicht. So wird gew\u00e4hrleistet, dass die Mitglieder des Ausschusses f\u00fcr Umwelt auf dem aktuellen Sachstand sind. <\/p>\n<p> Deshalb bitte ich Sie um Zustimmung zu unserem Antrag und danke f\u00fcr Ihre Aufmerksamkeit.  <\/p>\n","protected":false},"excerpt":{"rendered":"<p>Rede unseres Fraktionssprechers, Peter Vorsteher, in der Sitzung des Rates am 10.11.2008<\/p>\n","protected":false},"author":1,"featured_media":0,"menu_order":0,"comment_status":"closed","ping_status":"closed","template":"","meta":{"_wp_rev_ctl_limit":""},"themen":[],"yoast_head":"<!-- This site is optimized with the Yoast SEO plugin v21.8 - https:\/\/yoast.com\/wordpress\/plugins\/seo\/ -->\n<title>Kompressoren-Klau an Sperrm\u00fclltagen - Fraktion von B\u00fcndnis 90 \/ DIE GR\u00dcNEN im Rat der Stadt Wuppertal<\/title>\n<meta name=\"robots\" content=\"index, follow, max-snippet:-1, max-image-preview:large, max-video-preview:-1\" \/>\n<link rel=\"canonical\" href=\"https:\/\/gruene-wuppertal.de\/fraktion\/ausderratsfraktion\/kompressoren-klau-an-sperrmulltagen\/\" \/>\n<meta property=\"og:locale\" content=\"de_DE\" \/>\n<meta property=\"og:type\" content=\"article\" \/>\n<meta property=\"og:title\" content=\"Kompressoren-Klau an Sperrm\u00fclltagen - Fraktion von B\u00fcndnis 90 \/ DIE GR\u00dcNEN im Rat der Stadt Wuppertal\" \/>\n<meta property=\"og:description\" content=\"Rede unseres Fraktionssprechers, Peter Vorsteher, in der Sitzung des Rates am 10.11.2008\" \/>\n<meta property=\"og:url\" content=\"https:\/\/gruene-wuppertal.de\/fraktion\/ausderratsfraktion\/kompressoren-klau-an-sperrmulltagen\/\" \/>\n<meta property=\"og:site_name\" content=\"Fraktion von B\u00fcndnis 90 \/ DIE GR\u00dcNEN im Rat der Stadt Wuppertal\" \/>\n<meta name=\"twitter:card\" content=\"summary_large_image\" \/>\n<meta name=\"twitter:label1\" content=\"Gesch\u00e4tzte Lesezeit\" \/>\n\t<meta name=\"twitter:data1\" content=\"1 Minute\" \/>\n<script type=\"application\/ld+json\" class=\"yoast-schema-graph\">{\"@context\":\"https:\/\/schema.org\",\"@graph\":[{\"@type\":\"WebPage\",\"@id\":\"https:\/\/gruene-wuppertal.de\/fraktion\/ausderratsfraktion\/kompressoren-klau-an-sperrmulltagen\/\",\"url\":\"https:\/\/gruene-wuppertal.de\/fraktion\/ausderratsfraktion\/kompressoren-klau-an-sperrmulltagen\/\",\"name\":\"Kompressoren-Klau an Sperrm\u00fclltagen - Fraktion von B\u00fcndnis 90 \/ DIE GR\u00dcNEN im Rat der Stadt Wuppertal\",\"isPartOf\":{\"@id\":\"https:\/\/gruene-wuppertal.de\/fraktion\/#website\"},\"datePublished\":\"2008-11-11T00:00:00+00:00\",\"dateModified\":\"2008-11-11T00:00:00+00:00\",\"breadcrumb\":{\"@id\":\"https:\/\/gruene-wuppertal.de\/fraktion\/ausderratsfraktion\/kompressoren-klau-an-sperrmulltagen\/#breadcrumb\"},\"inLanguage\":\"de-DE\",\"potentialAction\":[{\"@type\":\"ReadAction\",\"target\":[\"https:\/\/gruene-wuppertal.de\/fraktion\/ausderratsfraktion\/kompressoren-klau-an-sperrmulltagen\/\"]}]},{\"@type\":\"BreadcrumbList\",\"@id\":\"https:\/\/gruene-wuppertal.de\/fraktion\/ausderratsfraktion\/kompressoren-klau-an-sperrmulltagen\/#breadcrumb\",\"itemListElement\":[{\"@type\":\"ListItem\",\"position\":1,\"name\":\"Startseite\",\"item\":\"https:\/\/gruene-wuppertal.de\/fraktion\/\"},{\"@type\":\"ListItem\",\"position\":2,\"name\":\"Kompressoren-Klau an Sperrm\u00fclltagen\"}]},{\"@type\":\"WebSite\",\"@id\":\"https:\/\/gruene-wuppertal.de\/fraktion\/#website\",\"url\":\"https:\/\/gruene-wuppertal.de\/fraktion\/\",\"name\":\"Fraktion von B\u00fcndnis 90 \/ DIE GR\u00dcNEN im Rat der Stadt Wuppertal\",\"description\":\"\",\"potentialAction\":[{\"@type\":\"SearchAction\",\"target\":{\"@type\":\"EntryPoint\",\"urlTemplate\":\"https:\/\/gruene-wuppertal.de\/fraktion\/?s={search_term_string}\"},\"query-input\":\"required name=search_term_string\"}],\"inLanguage\":\"de-DE\"}]}<\/script>\n<!-- \/ Yoast SEO plugin. -->","yoast_head_json":{"title":"Kompressoren-Klau an Sperrm\u00fclltagen - Fraktion von B\u00fcndnis 90 \/ DIE GR\u00dcNEN im Rat der Stadt Wuppertal","robots":{"index":"index","follow":"follow","max-snippet":"max-snippet:-1","max-image-preview":"max-image-preview:large","max-video-preview":"max-video-preview:-1"},"canonical":"https:\/\/gruene-wuppertal.de\/fraktion\/ausderratsfraktion\/kompressoren-klau-an-sperrmulltagen\/","og_locale":"de_DE","og_type":"article","og_title":"Kompressoren-Klau an Sperrm\u00fclltagen - Fraktion von B\u00fcndnis 90 \/ DIE GR\u00dcNEN im Rat der Stadt Wuppertal","og_description":"Rede unseres Fraktionssprechers, Peter Vorsteher, in der Sitzung des Rates am 10.11.2008","og_url":"https:\/\/gruene-wuppertal.de\/fraktion\/ausderratsfraktion\/kompressoren-klau-an-sperrmulltagen\/","og_site_name":"Fraktion von B\u00fcndnis 90 \/ DIE GR\u00dcNEN im Rat der Stadt Wuppertal","twitter_card":"summary_large_image","twitter_misc":{"Gesch\u00e4tzte Lesezeit":"1 Minute"},"schema":{"@context":"https:\/\/schema.org","@graph":[{"@type":"WebPage","@id":"https:\/\/gruene-wuppertal.de\/fraktion\/ausderratsfraktion\/kompressoren-klau-an-sperrmulltagen\/","url":"https:\/\/gruene-wuppertal.de\/fraktion\/ausderratsfraktion\/kompressoren-klau-an-sperrmulltagen\/","name":"Kompressoren-Klau an Sperrm\u00fclltagen - Fraktion von B\u00fcndnis 90 \/ DIE GR\u00dcNEN im Rat der Stadt Wuppertal","isPartOf":{"@id":"https:\/\/gruene-wuppertal.de\/fraktion\/#website"},"datePublished":"2008-11-11T00:00:00+00:00","dateModified":"2008-11-11T00:00:00+00:00","breadcrumb":{"@id":"https:\/\/gruene-wuppertal.de\/fraktion\/ausderratsfraktion\/kompressoren-klau-an-sperrmulltagen\/#breadcrumb"},"inLanguage":"de-DE","potentialAction":[{"@type":"ReadAction","target":["https:\/\/gruene-wuppertal.de\/fraktion\/ausderratsfraktion\/kompressoren-klau-an-sperrmulltagen\/"]}]},{"@type":"BreadcrumbList","@id":"https:\/\/gruene-wuppertal.de\/fraktion\/ausderratsfraktion\/kompressoren-klau-an-sperrmulltagen\/#breadcrumb","itemListElement":[{"@type":"ListItem","position":1,"name":"Startseite","item":"https:\/\/gruene-wuppertal.de\/fraktion\/"},{"@type":"ListItem","position":2,"name":"Kompressoren-Klau an Sperrm\u00fclltagen"}]},{"@type":"WebSite","@id":"https:\/\/gruene-wuppertal.de\/fraktion\/#website","url":"https:\/\/gruene-wuppertal.de\/fraktion\/","name":"Fraktion von B\u00fcndnis 90 \/ DIE GR\u00dcNEN im Rat der Stadt Wuppertal","description":"","potentialAction":[{"@type":"SearchAction","target":{"@type":"EntryPoint","urlTemplate":"https:\/\/gruene-wuppertal.de\/fraktion\/?s={search_term_string}"},"query-input":"required name=search_term_string"}],"inLanguage":"de-DE"}]}},"post_mailing_queue_ids":[],"_links":{"self":[{"href":"https:\/\/gruene-wuppertal.de\/fraktion\/wp-json\/wp\/v2\/ausderratsfraktion\/258"}],"collection":[{"href":"https:\/\/gruene-wuppertal.de\/fraktion\/wp-json\/wp\/v2\/ausderratsfraktion"}],"about":[{"href":"https:\/\/gruene-wuppertal.de\/fraktion\/wp-json\/wp\/v2\/types\/ausderratsfraktion"}],"author":[{"embeddable":true,"href":"https:\/\/gruene-wuppertal.de\/fraktion\/wp-json\/wp\/v2\/users\/1"}],"replies":[{"embeddable":true,"href":"https:\/\/gruene-wuppertal.de\/fraktion\/wp-json\/wp\/v2\/comments?post=258"}],"version-history":[{"count":0,"href":"https:\/\/gruene-wuppertal.de\/fraktion\/wp-json\/wp\/v2\/ausderratsfraktion\/258\/revisions"}],"wp:attachment":[{"href":"https:\/\/gruene-wuppertal.de\/fraktion\/wp-json\/wp\/v2\/media?parent=258"}],"wp:term":[{"taxonomy":"themen","embeddable":true,"href":"https:\/\/gruene-wuppertal.de\/fraktion\/wp-json\/wp\/v2\/themen?post=258"}],"curies":[{"name":"wp","href":"https:\/\/api.w.org\/{rel}","templated":true}]}}

Kompressoren-Klau an Sperrmülltagen

<p>Sehr geehrte Damen und Herren, </p>
<p> der Diebstahl von Kompressoren aus Kühlschränken hat extrem Klima schädliche Folgen. </p>
<p> Uns liegt ein Antrag vor, der durch mehr Kontrollen bei den Sperrmüllsammlungen den Diebstahl von Kompressoren verhindern soll. Da muss die Frage erlaubt sein, wie dies finanziert werden soll. <br /> Denn: mehr Kontrolle braucht mehr Personal, die Kosten für die Stadt steigen. </p>
<p> Wir alle würden uns freuen, wenn die Diebstähle tatsächlich durch verstärkte Kontrollen verhindert werden könnten, allein uns fehlt der Glaube. Oder soll jeder Kühlschrank von den Ordnungsdiensten bewacht werden? Doch wohl nicht angesichts von 200 Sperrmüllabfuhren im Jahr 2007. Übrigens kontrollierte der KOD damals an 20 Tagen, das macht insgesamt 10 Prozent. <br /> Bislang haben die Maßnahmen des Ordnungsdienstes keinen Erfolg verzeichnet. </p>
<p> Deshalb haben wir unseren Ergänzungsantrag gestellt: Wenn jetzt die Kontrollen verstärkt werden sollen, ist die Politik über die geplanten Maßnahmen, die Kosten und über die Ergebnisse regelmäßig zu informieren, ob die getroffenen Maßnahmen erfolgreich sind oder nicht. So wird gewährleistet, dass die Mitglieder des Ausschusses für Umwelt auf dem aktuellen Sachstand sind. </p>
<p> Deshalb bitte ich Sie um Zustimmung zu unserem Antrag und danke für Ihre Aufmerksamkeit.  </p>

<!-- This site is optimized with the Yoast SEO plugin v21.8 - https://yoast.com/wordpress/plugins/seo/ -->
<title>Kompressoren-Klau an Sperrmülltagen - Fraktion von Bündnis 90 / DIE GRÜNEN im Rat der Stadt Wuppertal</title>
<meta name="robots" content="index, follow, max-snippet:-1, max-image-preview:large, max-video-preview:-1" />
<link rel="canonical" href="https://gruene-wuppertal.de/fraktion/ausderratsfraktion/kompressoren-klau-an-sperrmulltagen/" />
<meta property="og:locale" content="de_DE" />
<meta property="og:type" content="article" />
<meta property="og:title" content="Kompressoren-Klau an Sperrmülltagen - Fraktion von Bündnis 90 / DIE GRÜNEN im Rat der Stadt Wuppertal" />
<meta property="og:description" content="Rede unseres Fraktionssprechers, Peter Vorsteher, in der Sitzung des Rates am 10.11.2008" />
<meta property="og:url" content="https://gruene-wuppertal.de/fraktion/ausderratsfraktion/kompressoren-klau-an-sperrmulltagen/" />
<meta property="og:site_name" content="Fraktion von Bündnis 90 / DIE GRÜNEN im Rat der Stadt Wuppertal" />
<meta name="twitter:card" content="summary_large_image" />
<meta name="twitter:label1" content="Geschätzte Lesezeit" />
	<meta name="twitter:data1" content="1 Minute" />
<script type="application/ld+json" class="yoast-schema-graph">{"@context":"https://schema.org","@graph":[{"@type":"WebPage","@id":"https://gruene-wuppertal.de/fraktion/ausderratsfraktion/kompressoren-klau-an-sperrmulltagen/","url":"https://gruene-wuppertal.de/fraktion/ausderratsfraktion/kompressoren-klau-an-sperrmulltagen/","name":"Kompressoren-Klau an Sperrmülltagen - Fraktion von Bündnis 90 / DIE GRÜNEN im Rat der Stadt Wuppertal","isPartOf":{"@id":"https://gruene-wuppertal.de/fraktion/#website"},"datePublished":"2008-11-11T00:00:00+00:00","dateModified":"2008-11-11T00:00:00+00:00","breadcrumb":{"@id":"https://gruene-wuppertal.de/fraktion/ausderratsfraktion/kompressoren-klau-an-sperrmulltagen/#breadcrumb"},"inLanguage":"de-DE","potentialAction":[{"@type":"ReadAction","target":["https://gruene-wuppertal.de/fraktion/ausderratsfraktion/kompressoren-klau-an-sperrmulltagen/"]}]},{"@type":"BreadcrumbList","@id":"https://gruene-wuppertal.de/fraktion/ausderratsfraktion/kompressoren-klau-an-sperrmulltagen/#breadcrumb","itemListElement":[{"@type":"ListItem","position":1,"name":"Startseite","item":"https://gruene-wuppertal.de/fraktion/"},{"@type":"ListItem","position":2,"name":"Kompressoren-Klau an Sperrmülltagen"}]},{"@type":"WebSite","@id":"https://gruene-wuppertal.de/fraktion/#website","url":"https://gruene-wuppertal.de/fraktion/","name":"Fraktion von Bündnis 90 / DIE GRÜNEN im Rat der Stadt Wuppertal","description":"","potentialAction":[{"@type":"SearchAction","target":{"@type":"EntryPoint","urlTemplate":"https://gruene-wuppertal.de/fraktion/?s={search_term_string}"},"query-input":"required name=search_term_string"}],"inLanguage":"de-DE"}]}</script>
<!-- / Yoast SEO plugin. -->

Kompressoren-Klau an Sperrmülltagen - Fraktion von Bündnis 90 / DIE GRÜNEN im Rat der Stadt Wuppertal

Fraktion von Bündnis 90 / DIE GRÜNEN im Rat der Stadt Wuppertal
