{"id":251,"date":"2008-09-16T00:00:00","date_gmt":"2008-09-16T00:00:00","guid":{"rendered":"https:\/\/gruene-wuppertal.de\/fraktion\/ausderratsfraktion\/kommunaler-eigenanteil-bei-der-finanzierung-von-kindergartenplatzen\/"},"modified":"2008-09-16T00:00:00","modified_gmt":"2008-09-16T00:00:00","slug":"kommunaler-eigenanteil-bei-der-finanzierung-von-kindergartenplatzen","status":"publish","type":"ausderratsfraktion","link":"https:\/\/gruene-wuppertal.de\/fraktion\/ausderratsfraktion\/kommunaler-eigenanteil-bei-der-finanzierung-von-kindergartenplatzen\/","title":{"rendered":"Kommunaler Eigenanteil bei der Finanzierung von Kindergartenpl\u00e4tzen"},"content":{"rendered":"<p>Sehr geehrter Herr Oberb\u00fcrgermeister,<br \/> meine Damen und Herren,<\/p>\n<p> tagt\u00e4glich besuchen 36 Wuppertaler Kinder zwei konfessionelle Kinderg\u00e4rten in D\u00fcssel, also in W\u00fclfrath. F\u00fcr diese aus Wuppertal einpendelnden Kinder muss die Stadt W\u00fclfrath nach geltendem Recht den kommunalen Anteil an der Finanzierung der Tagesst\u00e4tte zahlen. Seit langem stimmen jedoch die kommunalen Grenzen nicht mit den Grenzen der christlichen Gemeinden \u00fcberein.<\/p>\n<p> Da nun auch W\u00fclfrath unter einem Nothaushalt leidet, kann W\u00fclfrath nach eigenen Worten nicht mehr f\u00fcr die Kosten der ausw\u00e4rtigen Kinder aufkommen.<\/p>\n<p> Seit Monaten sorgen sich Eltern aus Wuppertal-D\u00fcssel, ob sie denn weiterhin die christlich gepr\u00e4gten Kindergarten in W\u00fclfrath- D\u00fcssel besuchen d\u00fcrfen. Seit Monaten werden Protestumz\u00fcge, Diskussionen mit Politikern (BM Bahr war mit mir vor Ort) und Unterschriften gesammelt, mit dem Ziel, die Stadt Wuppertal  m\u00f6ge den kommunalen Anteil der Finanzierung f\u00fcr Wuppertaler Kinder \u00fcbernehmen. <\/p>\n<p> Uns allen ist gekannt, dass  Wuppertal nach aktueller Rechtslage nicht zahlen darf. Dies hat die Bezirksregierung schriftliche best\u00e4tigt.<\/p>\n<p> Dennoch ist es keine Art, diese Wuppertaler Eltern mit ihren Sorgen und N\u00f6ten alleine zu lassen. Den Eltern ist \u00fcberhaupt nicht geholfen, wenn sie aus dem Rathaus h\u00f6ren m\u00fcssen, es &#8222;bestehe keinerlei Gespr\u00e4chsbedarf&#8220;  und der Oberb\u00fcrgermeister sich weigert, die 1.600 gesammelten Unterschriften entgegen zu nehmen.<\/p>\n<p> R\u00fcckblickend k\u00f6nnen die Cronenberger ja froh sein, dass ihre Unterschriften zur Hauptschule angenommen wurden.<\/p>\n<p> Auch der Hinweis &#8222;Den W\u00fclfrathern steht der Klageweg offen&#8220; bringt die betroffenen Eltern nicht weiter. Sie bleiben weiter in Unsicherheit und Ver\u00e4rgerung zwischen zwei betonharten Stadtverwaltungen zur\u00fcck.<\/p>\n<p> Sehr geehrte Damen und Herren, Eltern orientieren sich nicht  am Ortsschild, sondern an dem sozialen Angebot, das Ihnen der Kindergarten bietet. Das ist Fakt.<\/p>\n<p> Zudem wird es in Zukunft durch die von ArbeitnehmerInnen geforderte Mobilit\u00e4t vermehrt dazu kommen, dass Kinder gemeindefremde Einrichtungen besuchen. Schon jetzt werden in Wuppertal nach Angaben der Verwaltung 200 Kinder aus andern Kommunen betreut.<\/p>\n<p> Wir m\u00f6chten dien Grabenkrieg zwischen W\u00fclfrath und Wuppertal \u00fcberwinden und mit der vorliegenden Resolution die Finanzierung des kommunalen  Eigenanteils durch das Land neu regeln lassen. K\u00fcnftig sollte die Erbringung des kommunalen Eigenanteils durch die Kommune erfolgen,  in der das Kind wohnt.<\/p>\n<p> Lassen Sie uns Politik f\u00fcr Eltern und Kinder machen &#8220; bleiben Sie nicht in den Sch\u00fctzengr\u00e4ben des Haushaltsrechtes und unterst\u00fctzen Sie unsere Resolution!<br \/> <BR><BR><BR><\/p>\n","protected":false},"excerpt":{"rendered":"<p>Rede unseres kinder- und jugendpolitischen Sprechers, Paul Yves Ramette, in der Ratssitzung am 15.09.2008<\/p>\n","protected":false},"author":1,"featured_media":0,"menu_order":0,"comment_status":"closed","ping_status":"closed","template":"","meta":{"_wp_rev_ctl_limit":""},"themen":[],"yoast_head":"<!-- This site is optimized with the Yoast SEO plugin v21.8 - https:\/\/yoast.com\/wordpress\/plugins\/seo\/ -->\n<title>Kommunaler Eigenanteil bei der Finanzierung von Kindergartenpl\u00e4tzen - Fraktion von B\u00fcndnis 90 \/ DIE GR\u00dcNEN im Rat der Stadt Wuppertal<\/title>\n<meta name=\"robots\" content=\"index, follow, max-snippet:-1, max-image-preview:large, max-video-preview:-1\" \/>\n<link rel=\"canonical\" href=\"https:\/\/gruene-wuppertal.de\/fraktion\/ausderratsfraktion\/kommunaler-eigenanteil-bei-der-finanzierung-von-kindergartenplatzen\/\" \/>\n<meta property=\"og:locale\" content=\"de_DE\" \/>\n<meta property=\"og:type\" content=\"article\" \/>\n<meta property=\"og:title\" content=\"Kommunaler Eigenanteil bei der Finanzierung von Kindergartenpl\u00e4tzen - Fraktion von B\u00fcndnis 90 \/ DIE GR\u00dcNEN im Rat der Stadt Wuppertal\" \/>\n<meta property=\"og:description\" content=\"Rede unseres kinder- und jugendpolitischen Sprechers, Paul Yves Ramette, in der Ratssitzung am 15.09.2008\" \/>\n<meta property=\"og:url\" content=\"https:\/\/gruene-wuppertal.de\/fraktion\/ausderratsfraktion\/kommunaler-eigenanteil-bei-der-finanzierung-von-kindergartenplatzen\/\" \/>\n<meta property=\"og:site_name\" content=\"Fraktion von B\u00fcndnis 90 \/ DIE GR\u00dcNEN im Rat der Stadt Wuppertal\" \/>\n<meta name=\"twitter:card\" content=\"summary_large_image\" \/>\n<meta name=\"twitter:label1\" content=\"Gesch\u00e4tzte Lesezeit\" \/>\n\t<meta name=\"twitter:data1\" content=\"2 Minuten\" \/>\n<script type=\"application\/ld+json\" class=\"yoast-schema-graph\">{\"@context\":\"https:\/\/schema.org\",\"@graph\":[{\"@type\":\"WebPage\",\"@id\":\"https:\/\/gruene-wuppertal.de\/fraktion\/ausderratsfraktion\/kommunaler-eigenanteil-bei-der-finanzierung-von-kindergartenplatzen\/\",\"url\":\"https:\/\/gruene-wuppertal.de\/fraktion\/ausderratsfraktion\/kommunaler-eigenanteil-bei-der-finanzierung-von-kindergartenplatzen\/\",\"name\":\"Kommunaler Eigenanteil bei der Finanzierung von Kindergartenpl\u00e4tzen - Fraktion von B\u00fcndnis 90 \/ DIE GR\u00dcNEN im Rat der Stadt Wuppertal\",\"isPartOf\":{\"@id\":\"https:\/\/gruene-wuppertal.de\/fraktion\/#website\"},\"datePublished\":\"2008-09-16T00:00:00+00:00\",\"dateModified\":\"2008-09-16T00:00:00+00:00\",\"breadcrumb\":{\"@id\":\"https:\/\/gruene-wuppertal.de\/fraktion\/ausderratsfraktion\/kommunaler-eigenanteil-bei-der-finanzierung-von-kindergartenplatzen\/#breadcrumb\"},\"inLanguage\":\"de-DE\",\"potentialAction\":[{\"@type\":\"ReadAction\",\"target\":[\"https:\/\/gruene-wuppertal.de\/fraktion\/ausderratsfraktion\/kommunaler-eigenanteil-bei-der-finanzierung-von-kindergartenplatzen\/\"]}]},{\"@type\":\"BreadcrumbList\",\"@id\":\"https:\/\/gruene-wuppertal.de\/fraktion\/ausderratsfraktion\/kommunaler-eigenanteil-bei-der-finanzierung-von-kindergartenplatzen\/#breadcrumb\",\"itemListElement\":[{\"@type\":\"ListItem\",\"position\":1,\"name\":\"Startseite\",\"item\":\"https:\/\/gruene-wuppertal.de\/fraktion\/\"},{\"@type\":\"ListItem\",\"position\":2,\"name\":\"Kommunaler Eigenanteil bei der Finanzierung von Kindergartenpl\u00e4tzen\"}]},{\"@type\":\"WebSite\",\"@id\":\"https:\/\/gruene-wuppertal.de\/fraktion\/#website\",\"url\":\"https:\/\/gruene-wuppertal.de\/fraktion\/\",\"name\":\"Fraktion von B\u00fcndnis 90 \/ DIE GR\u00dcNEN im Rat der Stadt Wuppertal\",\"description\":\"\",\"potentialAction\":[{\"@type\":\"SearchAction\",\"target\":{\"@type\":\"EntryPoint\",\"urlTemplate\":\"https:\/\/gruene-wuppertal.de\/fraktion\/?s={search_term_string}\"},\"query-input\":\"required name=search_term_string\"}],\"inLanguage\":\"de-DE\"}]}<\/script>\n<!-- \/ Yoast SEO plugin. -->","yoast_head_json":{"title":"Kommunaler Eigenanteil bei der Finanzierung von Kindergartenpl\u00e4tzen - Fraktion von B\u00fcndnis 90 \/ DIE GR\u00dcNEN im Rat der Stadt Wuppertal","robots":{"index":"index","follow":"follow","max-snippet":"max-snippet:-1","max-image-preview":"max-image-preview:large","max-video-preview":"max-video-preview:-1"},"canonical":"https:\/\/gruene-wuppertal.de\/fraktion\/ausderratsfraktion\/kommunaler-eigenanteil-bei-der-finanzierung-von-kindergartenplatzen\/","og_locale":"de_DE","og_type":"article","og_title":"Kommunaler Eigenanteil bei der Finanzierung von Kindergartenpl\u00e4tzen - Fraktion von B\u00fcndnis 90 \/ DIE GR\u00dcNEN im Rat der Stadt Wuppertal","og_description":"Rede unseres kinder- und jugendpolitischen Sprechers, Paul Yves Ramette, in der Ratssitzung am 15.09.2008","og_url":"https:\/\/gruene-wuppertal.de\/fraktion\/ausderratsfraktion\/kommunaler-eigenanteil-bei-der-finanzierung-von-kindergartenplatzen\/","og_site_name":"Fraktion von B\u00fcndnis 90 \/ DIE GR\u00dcNEN im Rat der Stadt Wuppertal","twitter_card":"summary_large_image","twitter_misc":{"Gesch\u00e4tzte Lesezeit":"2 Minuten"},"schema":{"@context":"https:\/\/schema.org","@graph":[{"@type":"WebPage","@id":"https:\/\/gruene-wuppertal.de\/fraktion\/ausderratsfraktion\/kommunaler-eigenanteil-bei-der-finanzierung-von-kindergartenplatzen\/","url":"https:\/\/gruene-wuppertal.de\/fraktion\/ausderratsfraktion\/kommunaler-eigenanteil-bei-der-finanzierung-von-kindergartenplatzen\/","name":"Kommunaler Eigenanteil bei der Finanzierung von Kindergartenpl\u00e4tzen - Fraktion von B\u00fcndnis 90 \/ DIE GR\u00dcNEN im Rat der Stadt Wuppertal","isPartOf":{"@id":"https:\/\/gruene-wuppertal.de\/fraktion\/#website"},"datePublished":"2008-09-16T00:00:00+00:00","dateModified":"2008-09-16T00:00:00+00:00","breadcrumb":{"@id":"https:\/\/gruene-wuppertal.de\/fraktion\/ausderratsfraktion\/kommunaler-eigenanteil-bei-der-finanzierung-von-kindergartenplatzen\/#breadcrumb"},"inLanguage":"de-DE","potentialAction":[{"@type":"ReadAction","target":["https:\/\/gruene-wuppertal.de\/fraktion\/ausderratsfraktion\/kommunaler-eigenanteil-bei-der-finanzierung-von-kindergartenplatzen\/"]}]},{"@type":"BreadcrumbList","@id":"https:\/\/gruene-wuppertal.de\/fraktion\/ausderratsfraktion\/kommunaler-eigenanteil-bei-der-finanzierung-von-kindergartenplatzen\/#breadcrumb","itemListElement":[{"@type":"ListItem","position":1,"name":"Startseite","item":"https:\/\/gruene-wuppertal.de\/fraktion\/"},{"@type":"ListItem","position":2,"name":"Kommunaler Eigenanteil bei der Finanzierung von Kindergartenpl\u00e4tzen"}]},{"@type":"WebSite","@id":"https:\/\/gruene-wuppertal.de\/fraktion\/#website","url":"https:\/\/gruene-wuppertal.de\/fraktion\/","name":"Fraktion von B\u00fcndnis 90 \/ DIE GR\u00dcNEN im Rat der Stadt Wuppertal","description":"","potentialAction":[{"@type":"SearchAction","target":{"@type":"EntryPoint","urlTemplate":"https:\/\/gruene-wuppertal.de\/fraktion\/?s={search_term_string}"},"query-input":"required name=search_term_string"}],"inLanguage":"de-DE"}]}},"post_mailing_queue_ids":[],"_links":{"self":[{"href":"https:\/\/gruene-wuppertal.de\/fraktion\/wp-json\/wp\/v2\/ausderratsfraktion\/251"}],"collection":[{"href":"https:\/\/gruene-wuppertal.de\/fraktion\/wp-json\/wp\/v2\/ausderratsfraktion"}],"about":[{"href":"https:\/\/gruene-wuppertal.de\/fraktion\/wp-json\/wp\/v2\/types\/ausderratsfraktion"}],"author":[{"embeddable":true,"href":"https:\/\/gruene-wuppertal.de\/fraktion\/wp-json\/wp\/v2\/users\/1"}],"replies":[{"embeddable":true,"href":"https:\/\/gruene-wuppertal.de\/fraktion\/wp-json\/wp\/v2\/comments?post=251"}],"version-history":[{"count":0,"href":"https:\/\/gruene-wuppertal.de\/fraktion\/wp-json\/wp\/v2\/ausderratsfraktion\/251\/revisions"}],"wp:attachment":[{"href":"https:\/\/gruene-wuppertal.de\/fraktion\/wp-json\/wp\/v2\/media?parent=251"}],"wp:term":[{"taxonomy":"themen","embeddable":true,"href":"https:\/\/gruene-wuppertal.de\/fraktion\/wp-json\/wp\/v2\/themen?post=251"}],"curies":[{"name":"wp","href":"https:\/\/api.w.org\/{rel}","templated":true}]}}

Kommunaler Eigenanteil bei der Finanzierung von Kindergartenplätzen

<p>Sehr geehrter Herr Oberbürgermeister,<br /> meine Damen und Herren,</p>
<p> tagtäglich besuchen 36 Wuppertaler Kinder zwei konfessionelle Kindergärten in Düssel, also in Wülfrath. Für diese aus Wuppertal einpendelnden Kinder muss die Stadt Wülfrath nach geltendem Recht den kommunalen Anteil an der Finanzierung der Tagesstätte zahlen. Seit langem stimmen jedoch die kommunalen Grenzen nicht mit den Grenzen der christlichen Gemeinden überein.</p>
<p> Da nun auch Wülfrath unter einem Nothaushalt leidet, kann Wülfrath nach eigenen Worten nicht mehr für die Kosten der auswärtigen Kinder aufkommen.</p>
<p> Seit Monaten sorgen sich Eltern aus Wuppertal-Düssel, ob sie denn weiterhin die christlich geprägten Kindergarten in Wülfrath- Düssel besuchen dürfen. Seit Monaten werden Protestumzüge, Diskussionen mit Politikern (BM Bahr war mit mir vor Ort) und Unterschriften gesammelt, mit dem Ziel, die Stadt Wuppertal  möge den kommunalen Anteil der Finanzierung für Wuppertaler Kinder übernehmen. </p>
<p> Uns allen ist gekannt, dass  Wuppertal nach aktueller Rechtslage nicht zahlen darf. Dies hat die Bezirksregierung schriftliche bestätigt.</p>
<p> Dennoch ist es keine Art, diese Wuppertaler Eltern mit ihren Sorgen und Nöten alleine zu lassen. Den Eltern ist überhaupt nicht geholfen, wenn sie aus dem Rathaus hören müssen, es &#8222;bestehe keinerlei Gesprächsbedarf&#8220;  und der Oberbürgermeister sich weigert, die 1.600 gesammelten Unterschriften entgegen zu nehmen.</p>
<p> Rückblickend können die Cronenberger ja froh sein, dass ihre Unterschriften zur Hauptschule angenommen wurden.</p>
<p> Auch der Hinweis &#8222;Den Wülfrathern steht der Klageweg offen&#8220; bringt die betroffenen Eltern nicht weiter. Sie bleiben weiter in Unsicherheit und Verärgerung zwischen zwei betonharten Stadtverwaltungen zurück.</p>
<p> Sehr geehrte Damen und Herren, Eltern orientieren sich nicht  am Ortsschild, sondern an dem sozialen Angebot, das Ihnen der Kindergarten bietet. Das ist Fakt.</p>
<p> Zudem wird es in Zukunft durch die von ArbeitnehmerInnen geforderte Mobilität vermehrt dazu kommen, dass Kinder gemeindefremde Einrichtungen besuchen. Schon jetzt werden in Wuppertal nach Angaben der Verwaltung 200 Kinder aus andern Kommunen betreut.</p>
<p> Wir möchten dien Grabenkrieg zwischen Wülfrath und Wuppertal überwinden und mit der vorliegenden Resolution die Finanzierung des kommunalen  Eigenanteils durch das Land neu regeln lassen. Künftig sollte die Erbringung des kommunalen Eigenanteils durch die Kommune erfolgen,  in der das Kind wohnt.</p>
<p> Lassen Sie uns Politik für Eltern und Kinder machen &#8220; bleiben Sie nicht in den Schützengräben des Haushaltsrechtes und unterstützen Sie unsere Resolution!<br /> <BR><BR><BR></p>

<!-- This site is optimized with the Yoast SEO plugin v21.8 - https://yoast.com/wordpress/plugins/seo/ -->
<title>Kommunaler Eigenanteil bei der Finanzierung von Kindergartenplätzen - Fraktion von Bündnis 90 / DIE GRÜNEN im Rat der Stadt Wuppertal</title>
<meta name="robots" content="index, follow, max-snippet:-1, max-image-preview:large, max-video-preview:-1" />
<link rel="canonical" href="https://gruene-wuppertal.de/fraktion/ausderratsfraktion/kommunaler-eigenanteil-bei-der-finanzierung-von-kindergartenplatzen/" />
<meta property="og:locale" content="de_DE" />
<meta property="og:type" content="article" />
<meta property="og:title" content="Kommunaler Eigenanteil bei der Finanzierung von Kindergartenplätzen - Fraktion von Bündnis 90 / DIE GRÜNEN im Rat der Stadt Wuppertal" />
<meta property="og:description" content="Rede unseres kinder- und jugendpolitischen Sprechers, Paul Yves Ramette, in der Ratssitzung am 15.09.2008" />
<meta property="og:url" content="https://gruene-wuppertal.de/fraktion/ausderratsfraktion/kommunaler-eigenanteil-bei-der-finanzierung-von-kindergartenplatzen/" />
<meta property="og:site_name" content="Fraktion von Bündnis 90 / DIE GRÜNEN im Rat der Stadt Wuppertal" />
<meta name="twitter:card" content="summary_large_image" />
<meta name="twitter:label1" content="Geschätzte Lesezeit" />
	<meta name="twitter:data1" content="2 Minuten" />
<script type="application/ld+json" class="yoast-schema-graph">{"@context":"https://schema.org","@graph":[{"@type":"WebPage","@id":"https://gruene-wuppertal.de/fraktion/ausderratsfraktion/kommunaler-eigenanteil-bei-der-finanzierung-von-kindergartenplatzen/","url":"https://gruene-wuppertal.de/fraktion/ausderratsfraktion/kommunaler-eigenanteil-bei-der-finanzierung-von-kindergartenplatzen/","name":"Kommunaler Eigenanteil bei der Finanzierung von Kindergartenplätzen - Fraktion von Bündnis 90 / DIE GRÜNEN im Rat der Stadt Wuppertal","isPartOf":{"@id":"https://gruene-wuppertal.de/fraktion/#website"},"datePublished":"2008-09-16T00:00:00+00:00","dateModified":"2008-09-16T00:00:00+00:00","breadcrumb":{"@id":"https://gruene-wuppertal.de/fraktion/ausderratsfraktion/kommunaler-eigenanteil-bei-der-finanzierung-von-kindergartenplatzen/#breadcrumb"},"inLanguage":"de-DE","potentialAction":[{"@type":"ReadAction","target":["https://gruene-wuppertal.de/fraktion/ausderratsfraktion/kommunaler-eigenanteil-bei-der-finanzierung-von-kindergartenplatzen/"]}]},{"@type":"BreadcrumbList","@id":"https://gruene-wuppertal.de/fraktion/ausderratsfraktion/kommunaler-eigenanteil-bei-der-finanzierung-von-kindergartenplatzen/#breadcrumb","itemListElement":[{"@type":"ListItem","position":1,"name":"Startseite","item":"https://gruene-wuppertal.de/fraktion/"},{"@type":"ListItem","position":2,"name":"Kommunaler Eigenanteil bei der Finanzierung von Kindergartenplätzen"}]},{"@type":"WebSite","@id":"https://gruene-wuppertal.de/fraktion/#website","url":"https://gruene-wuppertal.de/fraktion/","name":"Fraktion von Bündnis 90 / DIE GRÜNEN im Rat der Stadt Wuppertal","description":"","potentialAction":[{"@type":"SearchAction","target":{"@type":"EntryPoint","urlTemplate":"https://gruene-wuppertal.de/fraktion/?s={search_term_string}"},"query-input":"required name=search_term_string"}],"inLanguage":"de-DE"}]}</script>
<!-- / Yoast SEO plugin. -->

Kommunaler Eigenanteil bei der Finanzierung von Kindergartenplätzen - Fraktion von Bündnis 90 / DIE GRÜNEN im Rat der Stadt Wuppertal

Fraktion von Bündnis 90 / DIE GRÜNEN im Rat der Stadt Wuppertal
