{"id":11221,"date":"2016-12-21T12:41:31","date_gmt":"2016-12-21T12:41:31","guid":{"rendered":"https:\/\/gruene-wuppertal.de\/fraktion\/?post_type=ausderratsfraktion&amp;p=11221"},"modified":"2016-12-21T12:41:31","modified_gmt":"2016-12-21T12:41:31","slug":"nachtragshaushaltsplan-2017","status":"publish","type":"ausderratsfraktion","link":"https:\/\/gruene-wuppertal.de\/fraktion\/ausderratsfraktion\/nachtragshaushaltsplan-2017\/","title":{"rendered":"Nachtragshaushaltsplan 2017"},"content":{"rendered":"<p><strong><strong>Rede unseres Stadtverordneten Klaus L\u00fcdemann in der Sitzung des Rates der Stadt Wuppertal am 19.12.2016<\/strong><\/strong><\/p>\n<p><a href=\"https:\/\/gruene-wuppertal.de\/fraktion\/wp-content\/uploads\/2016\/06\/Klaus_Luedemann_quer.jpg\"><img loading=\"lazy\" decoding=\"async\" class=\"size-medium wp-image-9071 alignright\" title=\"Stadtverordneter Klaus L\u00fcdemann\" alt=\"Klaus_Luedemann_quer\" src=\"https:\/\/gruene-wuppertal.de\/fraktion\/wp-content\/uploads\/2016\/06\/Klaus_Luedemann_quer-300x200.jpg\" width=\"300\" height=\"200\" \/><\/a>Vielen Dank Herr Oberb\u00fcrgermeister, meine Damen und Herren,<\/p>\n<p>es ist das origin\u00e4re Recht der Opposition, die Regierung &#8211; und das ist bei uns in Wuppertal nun mal die GroKo &#8211; zu kritisieren. Und damit m\u00f6chte ich anfangen.<\/p>\n<p>Wir haben gerade \u00fcber die Mehrkosten im Plan D\u00f6ppersberg diskutiert, die eigentlich nur gedeckt werden konnten durch versteckte R\u00fccklagen, die erst durch eine GR\u00dcNE Anfrage in diesem Jahr \u00fcberhaupt bekannt wurden.<\/p>\n<p>Meine Damen und Herren, es gibt weitere Punkte. Wir haben uns zum Beispiel gefragt, warum im Nachtragshaushalt die Wohlfahrtsverb\u00e4nde nicht ber\u00fccksichtigt wurden, die ja seit Jahren mit konstanten Zusch\u00fcssen leben m\u00fcssen und vielleicht auch mal eine kleine Erh\u00f6hung abbekommen h\u00e4tten k\u00f6nnen. Wir haben das Thema Rettungsdienst gerade schon mal geh\u00f6rt. Da aber noch der Hinweis: da geht es noch um Investitionen, denn es gibt bereits Pl\u00e4ne f\u00fcr zus\u00e4tzliche Rettungswachen, und auch das h\u00e4tte man jetzt eventuell in diesem Nachtragshaushalt schon ber\u00fccksichtigen k\u00f6nnen.<\/p>\n<p>Auf der anderen Seite ist auch Geld verschwendet worden \u2013 ich glaube das Thema RWE-Aktien ist heute noch nicht gefallen. Das m\u00f6chte ich dann noch mal erw\u00e4hnen. \u00dcber das Thema WMG und ASS haben wir bereits diskutiert. Das nur mal als Beispiele, dass wir als Opposition aufpassen werden, dass hier nicht Geld verschwendet wird.<\/p>\n<p>Positiv k\u00f6nnen wir bewerten, dass es in 2016 gelungen, ist die Haushaltsziele zu erreichen, denn es sind nur noch wenige Tage und man wird sie wohl erreichen \u2013 und dass auch der Haushaltsausgleich in 2017 greifbar nahe ist. Hier kann man dann auch die Verwaltung mal loben, dass sie hier ihre Arbeit gut gemacht hat.<\/p>\n<p>Insgesamt kommen wir dann zu einer Enthaltung, wenn wir die Kritik und die positiven Punkte gegeneinander abw\u00e4gen. Ja so ist das, meine Damen und Herren \u2013 manchmal muss man sich auch enthalten.<\/p>\n<p>Vielen Dank.<\/p>\n","protected":false},"excerpt":{"rendered":"<p>Rede unseres Stadtverordneten Klaus L\u00fcdemann in der Sitzung des Rates der Stadt Wuppertal am 19.12.2016 Vielen Dank Herr Oberb\u00fcrgermeister, meine Damen und Herren, es ist das origin\u00e4re Recht der Opposition, die Regierung &#8211; und das ist bei uns in Wuppertal nun mal die GroKo &#8211;&#8230;<\/p>\n","protected":false},"author":20,"featured_media":0,"menu_order":0,"comment_status":"closed","ping_status":"closed","template":"","meta":{"_wp_rev_ctl_limit":""},"themen":[70],"yoast_head":"<!-- This site is optimized with the Yoast SEO plugin v21.8 - https:\/\/yoast.com\/wordpress\/plugins\/seo\/ -->\n<title>Nachtragshaushaltsplan 2017 - Fraktion von B\u00fcndnis 90 \/ DIE GR\u00dcNEN im Rat der Stadt Wuppertal<\/title>\n<meta name=\"robots\" content=\"index, follow, max-snippet:-1, max-image-preview:large, max-video-preview:-1\" \/>\n<link rel=\"canonical\" href=\"https:\/\/gruene-wuppertal.de\/fraktion\/ausderratsfraktion\/nachtragshaushaltsplan-2017\/\" \/>\n<meta property=\"og:locale\" content=\"de_DE\" \/>\n<meta property=\"og:type\" content=\"article\" \/>\n<meta property=\"og:title\" content=\"Nachtragshaushaltsplan 2017 - Fraktion von B\u00fcndnis 90 \/ DIE GR\u00dcNEN im Rat der Stadt Wuppertal\" \/>\n<meta property=\"og:description\" content=\"Rede unseres Stadtverordneten Klaus L\u00fcdemann in der Sitzung des Rates der Stadt Wuppertal am 19.12.2016 Vielen Dank Herr Oberb\u00fcrgermeister, meine Damen und Herren, es ist das origin\u00e4re Recht der Opposition, die Regierung &#8211; und das ist bei uns in Wuppertal nun mal die GroKo &#8211;...\" \/>\n<meta property=\"og:url\" content=\"https:\/\/gruene-wuppertal.de\/fraktion\/ausderratsfraktion\/nachtragshaushaltsplan-2017\/\" \/>\n<meta property=\"og:site_name\" content=\"Fraktion von B\u00fcndnis 90 \/ DIE GR\u00dcNEN im Rat der Stadt Wuppertal\" \/>\n<meta property=\"og:image\" content=\"https:\/\/gruene-wuppertal.de\/fraktion\/wp-content\/uploads\/2016\/06\/Klaus_Luedemann_quer-300x200.jpg\" \/>\n<meta name=\"twitter:card\" content=\"summary_large_image\" \/>\n<meta name=\"twitter:label1\" content=\"Gesch\u00e4tzte Lesezeit\" \/>\n\t<meta name=\"twitter:data1\" content=\"2 Minuten\" \/>\n<script type=\"application\/ld+json\" class=\"yoast-schema-graph\">{\"@context\":\"https:\/\/schema.org\",\"@graph\":[{\"@type\":\"WebPage\",\"@id\":\"https:\/\/gruene-wuppertal.de\/fraktion\/ausderratsfraktion\/nachtragshaushaltsplan-2017\/\",\"url\":\"https:\/\/gruene-wuppertal.de\/fraktion\/ausderratsfraktion\/nachtragshaushaltsplan-2017\/\",\"name\":\"Nachtragshaushaltsplan 2017 - Fraktion von B\u00fcndnis 90 \/ DIE GR\u00dcNEN im Rat der Stadt Wuppertal\",\"isPartOf\":{\"@id\":\"https:\/\/gruene-wuppertal.de\/fraktion\/#website\"},\"datePublished\":\"2016-12-21T12:41:31+00:00\",\"dateModified\":\"2016-12-21T12:41:31+00:00\",\"breadcrumb\":{\"@id\":\"https:\/\/gruene-wuppertal.de\/fraktion\/ausderratsfraktion\/nachtragshaushaltsplan-2017\/#breadcrumb\"},\"inLanguage\":\"de-DE\",\"potentialAction\":[{\"@type\":\"ReadAction\",\"target\":[\"https:\/\/gruene-wuppertal.de\/fraktion\/ausderratsfraktion\/nachtragshaushaltsplan-2017\/\"]}]},{\"@type\":\"BreadcrumbList\",\"@id\":\"https:\/\/gruene-wuppertal.de\/fraktion\/ausderratsfraktion\/nachtragshaushaltsplan-2017\/#breadcrumb\",\"itemListElement\":[{\"@type\":\"ListItem\",\"position\":1,\"name\":\"Startseite\",\"item\":\"https:\/\/gruene-wuppertal.de\/fraktion\/\"},{\"@type\":\"ListItem\",\"position\":2,\"name\":\"Nachtragshaushaltsplan 2017\"}]},{\"@type\":\"WebSite\",\"@id\":\"https:\/\/gruene-wuppertal.de\/fraktion\/#website\",\"url\":\"https:\/\/gruene-wuppertal.de\/fraktion\/\",\"name\":\"Fraktion von B\u00fcndnis 90 \/ DIE GR\u00dcNEN im Rat der Stadt Wuppertal\",\"description\":\"\",\"potentialAction\":[{\"@type\":\"SearchAction\",\"target\":{\"@type\":\"EntryPoint\",\"urlTemplate\":\"https:\/\/gruene-wuppertal.de\/fraktion\/?s={search_term_string}\"},\"query-input\":\"required name=search_term_string\"}],\"inLanguage\":\"de-DE\"}]}<\/script>\n<!-- \/ Yoast SEO plugin. -->","yoast_head_json":{"title":"Nachtragshaushaltsplan 2017 - Fraktion von B\u00fcndnis 90 \/ DIE GR\u00dcNEN im Rat der Stadt Wuppertal","robots":{"index":"index","follow":"follow","max-snippet":"max-snippet:-1","max-image-preview":"max-image-preview:large","max-video-preview":"max-video-preview:-1"},"canonical":"https:\/\/gruene-wuppertal.de\/fraktion\/ausderratsfraktion\/nachtragshaushaltsplan-2017\/","og_locale":"de_DE","og_type":"article","og_title":"Nachtragshaushaltsplan 2017 - Fraktion von B\u00fcndnis 90 \/ DIE GR\u00dcNEN im Rat der Stadt Wuppertal","og_description":"Rede unseres Stadtverordneten Klaus L\u00fcdemann in der Sitzung des Rates der Stadt Wuppertal am 19.12.2016 Vielen Dank Herr Oberb\u00fcrgermeister, meine Damen und Herren, es ist das origin\u00e4re Recht der Opposition, die Regierung &#8211; und das ist bei uns in Wuppertal nun mal die GroKo &#8211;...","og_url":"https:\/\/gruene-wuppertal.de\/fraktion\/ausderratsfraktion\/nachtragshaushaltsplan-2017\/","og_site_name":"Fraktion von B\u00fcndnis 90 \/ DIE GR\u00dcNEN im Rat der Stadt Wuppertal","og_image":[{"url":"https:\/\/gruene-wuppertal.de\/fraktion\/wp-content\/uploads\/2016\/06\/Klaus_Luedemann_quer-300x200.jpg"}],"twitter_card":"summary_large_image","twitter_misc":{"Gesch\u00e4tzte Lesezeit":"2 Minuten"},"schema":{"@context":"https:\/\/schema.org","@graph":[{"@type":"WebPage","@id":"https:\/\/gruene-wuppertal.de\/fraktion\/ausderratsfraktion\/nachtragshaushaltsplan-2017\/","url":"https:\/\/gruene-wuppertal.de\/fraktion\/ausderratsfraktion\/nachtragshaushaltsplan-2017\/","name":"Nachtragshaushaltsplan 2017 - Fraktion von B\u00fcndnis 90 \/ DIE GR\u00dcNEN im Rat der Stadt Wuppertal","isPartOf":{"@id":"https:\/\/gruene-wuppertal.de\/fraktion\/#website"},"datePublished":"2016-12-21T12:41:31+00:00","dateModified":"2016-12-21T12:41:31+00:00","breadcrumb":{"@id":"https:\/\/gruene-wuppertal.de\/fraktion\/ausderratsfraktion\/nachtragshaushaltsplan-2017\/#breadcrumb"},"inLanguage":"de-DE","potentialAction":[{"@type":"ReadAction","target":["https:\/\/gruene-wuppertal.de\/fraktion\/ausderratsfraktion\/nachtragshaushaltsplan-2017\/"]}]},{"@type":"BreadcrumbList","@id":"https:\/\/gruene-wuppertal.de\/fraktion\/ausderratsfraktion\/nachtragshaushaltsplan-2017\/#breadcrumb","itemListElement":[{"@type":"ListItem","position":1,"name":"Startseite","item":"https:\/\/gruene-wuppertal.de\/fraktion\/"},{"@type":"ListItem","position":2,"name":"Nachtragshaushaltsplan 2017"}]},{"@type":"WebSite","@id":"https:\/\/gruene-wuppertal.de\/fraktion\/#website","url":"https:\/\/gruene-wuppertal.de\/fraktion\/","name":"Fraktion von B\u00fcndnis 90 \/ DIE GR\u00dcNEN im Rat der Stadt Wuppertal","description":"","potentialAction":[{"@type":"SearchAction","target":{"@type":"EntryPoint","urlTemplate":"https:\/\/gruene-wuppertal.de\/fraktion\/?s={search_term_string}"},"query-input":"required name=search_term_string"}],"inLanguage":"de-DE"}]}},"post_mailing_queue_ids":[],"_links":{"self":[{"href":"https:\/\/gruene-wuppertal.de\/fraktion\/wp-json\/wp\/v2\/ausderratsfraktion\/11221"}],"collection":[{"href":"https:\/\/gruene-wuppertal.de\/fraktion\/wp-json\/wp\/v2\/ausderratsfraktion"}],"about":[{"href":"https:\/\/gruene-wuppertal.de\/fraktion\/wp-json\/wp\/v2\/types\/ausderratsfraktion"}],"author":[{"embeddable":true,"href":"https:\/\/gruene-wuppertal.de\/fraktion\/wp-json\/wp\/v2\/users\/20"}],"replies":[{"embeddable":true,"href":"https:\/\/gruene-wuppertal.de\/fraktion\/wp-json\/wp\/v2\/comments?post=11221"}],"version-history":[{"count":0,"href":"https:\/\/gruene-wuppertal.de\/fraktion\/wp-json\/wp\/v2\/ausderratsfraktion\/11221\/revisions"}],"wp:attachment":[{"href":"https:\/\/gruene-wuppertal.de\/fraktion\/wp-json\/wp\/v2\/media?parent=11221"}],"wp:term":[{"taxonomy":"themen","embeddable":true,"href":"https:\/\/gruene-wuppertal.de\/fraktion\/wp-json\/wp\/v2\/themen?post=11221"}],"curies":[{"name":"wp","href":"https:\/\/api.w.org\/{rel}","templated":true}]}}

<p><strong><strong>Rede unseres Stadtverordneten Klaus Lüdemann in der Sitzung des Rates der Stadt Wuppertal am 19.12.2016</strong></strong></p>
<p><a href="https://gruene-wuppertal.de/fraktion/wp-content/uploads/2016/06/Klaus_Luedemann_quer.jpg"><img loading="lazy" decoding="async" class="size-medium wp-image-9071 alignright" title="Stadtverordneter Klaus Lüdemann" alt="Klaus_Luedemann_quer" src="https://gruene-wuppertal.de/fraktion/wp-content/uploads/2016/06/Klaus_Luedemann_quer-300x200.jpg" width="300" height="200" /></a>Vielen Dank Herr Oberbürgermeister, meine Damen und Herren,</p>
<p>es ist das originäre Recht der Opposition, die Regierung &#8211; und das ist bei uns in Wuppertal nun mal die GroKo &#8211; zu kritisieren. Und damit möchte ich anfangen.</p>
<p>Wir haben gerade über die Mehrkosten im Plan Döppersberg diskutiert, die eigentlich nur gedeckt werden konnten durch versteckte Rücklagen, die erst durch eine GRÜNE Anfrage in diesem Jahr überhaupt bekannt wurden.</p>
<p>Meine Damen und Herren, es gibt weitere Punkte. Wir haben uns zum Beispiel gefragt, warum im Nachtragshaushalt die Wohlfahrtsverbände nicht berücksichtigt wurden, die ja seit Jahren mit konstanten Zuschüssen leben müssen und vielleicht auch mal eine kleine Erhöhung abbekommen hätten können. Wir haben das Thema Rettungsdienst gerade schon mal gehört. Da aber noch der Hinweis: da geht es noch um Investitionen, denn es gibt bereits Pläne für zusätzliche Rettungswachen, und auch das hätte man jetzt eventuell in diesem Nachtragshaushalt schon berücksichtigen können.</p>
<p>Auf der anderen Seite ist auch Geld verschwendet worden – ich glaube das Thema RWE-Aktien ist heute noch nicht gefallen. Das möchte ich dann noch mal erwähnen. Über das Thema WMG und ASS haben wir bereits diskutiert. Das nur mal als Beispiele, dass wir als Opposition aufpassen werden, dass hier nicht Geld verschwendet wird.</p>
<p>Positiv können wir bewerten, dass es in 2016 gelungen, ist die Haushaltsziele zu erreichen, denn es sind nur noch wenige Tage und man wird sie wohl erreichen – und dass auch der Haushaltsausgleich in 2017 greifbar nahe ist. Hier kann man dann auch die Verwaltung mal loben, dass sie hier ihre Arbeit gut gemacht hat.</p>
<p>Insgesamt kommen wir dann zu einer Enthaltung, wenn wir die Kritik und die positiven Punkte gegeneinander abwägen. Ja so ist das, meine Damen und Herren – manchmal muss man sich auch enthalten.</p>
<p>Vielen Dank.</p>

<p>Rede unseres Stadtverordneten Klaus Lüdemann in der Sitzung des Rates der Stadt Wuppertal am 19.12.2016 Vielen Dank Herr Oberbürgermeister, meine Damen und Herren, es ist das originäre Recht der Opposition, die Regierung &#8211; und das ist bei uns in Wuppertal nun mal die GroKo &#8211;&#8230;</p>

<!-- This site is optimized with the Yoast SEO plugin v21.8 - https://yoast.com/wordpress/plugins/seo/ -->
<title>Nachtragshaushaltsplan 2017 - Fraktion von Bündnis 90 / DIE GRÜNEN im Rat der Stadt Wuppertal</title>
<meta name="robots" content="index, follow, max-snippet:-1, max-image-preview:large, max-video-preview:-1" />
<link rel="canonical" href="https://gruene-wuppertal.de/fraktion/ausderratsfraktion/nachtragshaushaltsplan-2017/" />
<meta property="og:locale" content="de_DE" />
<meta property="og:type" content="article" />
<meta property="og:title" content="Nachtragshaushaltsplan 2017 - Fraktion von Bündnis 90 / DIE GRÜNEN im Rat der Stadt Wuppertal" />
<meta property="og:description" content="Rede unseres Stadtverordneten Klaus Lüdemann in der Sitzung des Rates der Stadt Wuppertal am 19.12.2016 Vielen Dank Herr Oberbürgermeister, meine Damen und Herren, es ist das originäre Recht der Opposition, die Regierung &#8211; und das ist bei uns in Wuppertal nun mal die GroKo &#8211;..." />
<meta property="og:url" content="https://gruene-wuppertal.de/fraktion/ausderratsfraktion/nachtragshaushaltsplan-2017/" />
<meta property="og:site_name" content="Fraktion von Bündnis 90 / DIE GRÜNEN im Rat der Stadt Wuppertal" />
<meta property="og:image" content="https://gruene-wuppertal.de/fraktion/wp-content/uploads/2016/06/Klaus_Luedemann_quer-300x200.jpg" />
<meta name="twitter:card" content="summary_large_image" />
<meta name="twitter:label1" content="Geschätzte Lesezeit" />
	<meta name="twitter:data1" content="2 Minuten" />
<script type="application/ld+json" class="yoast-schema-graph">{"@context":"https://schema.org","@graph":[{"@type":"WebPage","@id":"https://gruene-wuppertal.de/fraktion/ausderratsfraktion/nachtragshaushaltsplan-2017/","url":"https://gruene-wuppertal.de/fraktion/ausderratsfraktion/nachtragshaushaltsplan-2017/","name":"Nachtragshaushaltsplan 2017 - Fraktion von Bündnis 90 / DIE GRÜNEN im Rat der Stadt Wuppertal","isPartOf":{"@id":"https://gruene-wuppertal.de/fraktion/#website"},"datePublished":"2016-12-21T12:41:31+00:00","dateModified":"2016-12-21T12:41:31+00:00","breadcrumb":{"@id":"https://gruene-wuppertal.de/fraktion/ausderratsfraktion/nachtragshaushaltsplan-2017/#breadcrumb"},"inLanguage":"de-DE","potentialAction":[{"@type":"ReadAction","target":["https://gruene-wuppertal.de/fraktion/ausderratsfraktion/nachtragshaushaltsplan-2017/"]}]},{"@type":"BreadcrumbList","@id":"https://gruene-wuppertal.de/fraktion/ausderratsfraktion/nachtragshaushaltsplan-2017/#breadcrumb","itemListElement":[{"@type":"ListItem","position":1,"name":"Startseite","item":"https://gruene-wuppertal.de/fraktion/"},{"@type":"ListItem","position":2,"name":"Nachtragshaushaltsplan 2017"}]},{"@type":"WebSite","@id":"https://gruene-wuppertal.de/fraktion/#website","url":"https://gruene-wuppertal.de/fraktion/","name":"Fraktion von Bündnis 90 / DIE GRÜNEN im Rat der Stadt Wuppertal","description":"","potentialAction":[{"@type":"SearchAction","target":{"@type":"EntryPoint","urlTemplate":"https://gruene-wuppertal.de/fraktion/?s={search_term_string}"},"query-input":"required name=search_term_string"}],"inLanguage":"de-DE"}]}</script>
<!-- / Yoast SEO plugin. -->

Nachtragshaushaltsplan 2017 - Fraktion von Bündnis 90 / DIE GRÜNEN im Rat der Stadt Wuppertal

Rede unseres Stadtverordneten Klaus Lüdemann in der Sitzung des Rates der Stadt Wuppertal am 19.12.2016 Vielen Dank Herr Oberbürgermeister, meine Damen und Herren, es ist das originäre Recht der Opposition, die Regierung &#8211; und das ist bei uns in Wuppertal nun mal die GroKo &#8211;...

Fraktion von Bündnis 90 / DIE GRÜNEN im Rat der Stadt Wuppertal
