{"id":5932,"date":"2014-09-25T11:46:15","date_gmt":"2014-09-25T11:46:15","guid":{"rendered":"https:\/\/gruene-wuppertal.de\/fraktion\/?post_type=antraege&amp;p=5932"},"modified":"2014-09-25T11:46:15","modified_gmt":"2014-09-25T11:46:15","slug":"anderungsantrag-zu-top-4-5-appell-an-den-landesgesetzgeber","status":"publish","type":"antraege","link":"https:\/\/gruene-wuppertal.de\/fraktion\/antraege\/anderungsantrag-zu-top-4-5-appell-an-den-landesgesetzgeber\/","title":{"rendered":"\u00c4nderungsantrag zu TOP 4.5, Appell an den Landesgesetzgeber"},"content":{"rendered":"<p><del><\/del><strong>Antrag an den Rat der Stadt Wuppertal am 30.09.2014<\/strong><\/p>\n<p><strong>Der Antrag wurde abgelehnt.<\/strong><\/p>\n<p>Sehr geehrter Herr Oberb\u00fcrgermeister,<\/p>\n<p>die Fraktion B\u00dcNDNIS 90\/DIE GR\u00dcNEN beantragt, folgende Erg\u00e4nzung nach dem ersten Absatz in den Antrag einzuf\u00fcgen:<\/p>\n<p>Der Rat der Staat wird dar\u00fcber hinaus auch alle ihm selbst zur Verf\u00fcgung stehenden Mittel pr\u00fcfen, um seine Handlungsf\u00e4higkeit zu erh\u00f6hen.<br \/>\nIn diesem Sinne bekennt sich der Rat zu dem Ziel, die Zahl seiner Mitglieder zur n\u00e4chsten Ratsperiode gem\u00e4\u00df Kommunalwahlgesetz NRW \u00a7 3, Abs. 2 auf 60 Stadtverordnete zu reduzieren und fordert die Verwaltung auf, diese Reduzierung zur kommenden Kommunalwahl entsprechend umzusetzen.<\/p>\n<p><strong>Begr\u00fcndung:<br \/>\n<\/strong>Erfolgt m\u00fcndlich<\/p>\n<p>Mit freundlichen Gr\u00fc\u00dfen<\/p>\n<p>Anja Liebert\u00a0\u00a0\u00a0\u00a0\u00a0\u00a0\u00a0\u00a0\u00a0\u00a0\u00a0\u00a0\u00a0\u00a0\u00a0\u00a0\u00a0\u00a0\u00a0\u00a0\u00a0\u00a0\u00a0\u00a0\u00a0\u00a0\u00a0\u00a0\u00a0\u00a0\u00a0\u00a0\u00a0\u00a0\u00a0\u00a0\u00a0\u00a0\u00a0\u00a0\u00a0\u00a0\u00a0\u00a0\u00a0\u00a0\u00a0\u00a0\u00a0 Marc Schulz Fraktionsvorsitzende\u00a0\u00a0\u00a0\u00a0\u00a0\u00a0\u00a0\u00a0\u00a0\u00a0\u00a0\u00a0\u00a0\u00a0\u00a0\u00a0\u00a0\u00a0\u00a0\u00a0\u00a0\u00a0\u00a0\u00a0\u00a0\u00a0\u00a0\u00a0\u00a0\u00a0\u00a0\u00a0\u00a0\u00a0\u00a0 Fraktionsvorsitzender<\/p>\n","protected":false},"excerpt":{"rendered":"<p>Antrag an den Rat der Stadt Wuppertal am 30.09.2014 Der Antrag wurde abgelehnt. Sehr geehrter Herr Oberb\u00fcrgermeister, die Fraktion B\u00dcNDNIS 90\/DIE GR\u00dcNEN beantragt, folgende Erg\u00e4nzung nach dem ersten Absatz in den Antrag einzuf\u00fcgen: Der Rat der Staat wird dar\u00fcber hinaus auch alle ihm selbst zur&#8230;<\/p>\n","protected":false},"author":20,"featured_media":0,"menu_order":0,"comment_status":"closed","ping_status":"closed","template":"","meta":{"_wp_rev_ctl_limit":""},"themen":[69,79],"yoast_head":"<!-- This site is optimized with the Yoast SEO plugin v21.8 - https:\/\/yoast.com\/wordpress\/plugins\/seo\/ -->\n<title>\u00c4nderungsantrag zu TOP 4.5, Appell an den Landesgesetzgeber - Fraktion von B\u00fcndnis 90 \/ DIE GR\u00dcNEN im Rat der Stadt Wuppertal<\/title>\n<meta name=\"robots\" content=\"index, follow, max-snippet:-1, max-image-preview:large, max-video-preview:-1\" \/>\n<link rel=\"canonical\" href=\"https:\/\/gruene-wuppertal.de\/fraktion\/antraege\/anderungsantrag-zu-top-4-5-appell-an-den-landesgesetzgeber\/\" \/>\n<meta property=\"og:locale\" content=\"de_DE\" \/>\n<meta property=\"og:type\" content=\"article\" \/>\n<meta property=\"og:title\" content=\"\u00c4nderungsantrag zu TOP 4.5, Appell an den Landesgesetzgeber - Fraktion von B\u00fcndnis 90 \/ DIE GR\u00dcNEN im Rat der Stadt Wuppertal\" \/>\n<meta property=\"og:description\" content=\"Antrag an den Rat der Stadt Wuppertal am 30.09.2014 Der Antrag wurde abgelehnt. Sehr geehrter Herr Oberb\u00fcrgermeister, die Fraktion B\u00dcNDNIS 90\/DIE GR\u00dcNEN beantragt, folgende Erg\u00e4nzung nach dem ersten Absatz in den Antrag einzuf\u00fcgen: Der Rat der Staat wird dar\u00fcber hinaus auch alle ihm selbst zur...\" \/>\n<meta property=\"og:url\" content=\"https:\/\/gruene-wuppertal.de\/fraktion\/antraege\/anderungsantrag-zu-top-4-5-appell-an-den-landesgesetzgeber\/\" \/>\n<meta property=\"og:site_name\" content=\"Fraktion von B\u00fcndnis 90 \/ DIE GR\u00dcNEN im Rat der Stadt Wuppertal\" \/>\n<meta name=\"twitter:card\" content=\"summary_large_image\" \/>\n<meta name=\"twitter:label1\" content=\"Gesch\u00e4tzte Lesezeit\" \/>\n\t<meta name=\"twitter:data1\" content=\"1 Minute\" \/>\n<script type=\"application\/ld+json\" class=\"yoast-schema-graph\">{\"@context\":\"https:\/\/schema.org\",\"@graph\":[{\"@type\":\"WebPage\",\"@id\":\"https:\/\/gruene-wuppertal.de\/fraktion\/antraege\/anderungsantrag-zu-top-4-5-appell-an-den-landesgesetzgeber\/\",\"url\":\"https:\/\/gruene-wuppertal.de\/fraktion\/antraege\/anderungsantrag-zu-top-4-5-appell-an-den-landesgesetzgeber\/\",\"name\":\"\u00c4nderungsantrag zu TOP 4.5, Appell an den Landesgesetzgeber - Fraktion von B\u00fcndnis 90 \/ DIE GR\u00dcNEN im Rat der Stadt Wuppertal\",\"isPartOf\":{\"@id\":\"https:\/\/gruene-wuppertal.de\/fraktion\/#website\"},\"datePublished\":\"2014-09-25T11:46:15+00:00\",\"dateModified\":\"2014-09-25T11:46:15+00:00\",\"breadcrumb\":{\"@id\":\"https:\/\/gruene-wuppertal.de\/fraktion\/antraege\/anderungsantrag-zu-top-4-5-appell-an-den-landesgesetzgeber\/#breadcrumb\"},\"inLanguage\":\"de-DE\",\"potentialAction\":[{\"@type\":\"ReadAction\",\"target\":[\"https:\/\/gruene-wuppertal.de\/fraktion\/antraege\/anderungsantrag-zu-top-4-5-appell-an-den-landesgesetzgeber\/\"]}]},{\"@type\":\"BreadcrumbList\",\"@id\":\"https:\/\/gruene-wuppertal.de\/fraktion\/antraege\/anderungsantrag-zu-top-4-5-appell-an-den-landesgesetzgeber\/#breadcrumb\",\"itemListElement\":[{\"@type\":\"ListItem\",\"position\":1,\"name\":\"Startseite\",\"item\":\"https:\/\/gruene-wuppertal.de\/fraktion\/\"},{\"@type\":\"ListItem\",\"position\":2,\"name\":\"\u00c4nderungsantrag zu TOP 4.5, Appell an den Landesgesetzgeber\"}]},{\"@type\":\"WebSite\",\"@id\":\"https:\/\/gruene-wuppertal.de\/fraktion\/#website\",\"url\":\"https:\/\/gruene-wuppertal.de\/fraktion\/\",\"name\":\"Fraktion von B\u00fcndnis 90 \/ DIE GR\u00dcNEN im Rat der Stadt Wuppertal\",\"description\":\"\",\"potentialAction\":[{\"@type\":\"SearchAction\",\"target\":{\"@type\":\"EntryPoint\",\"urlTemplate\":\"https:\/\/gruene-wuppertal.de\/fraktion\/?s={search_term_string}\"},\"query-input\":\"required name=search_term_string\"}],\"inLanguage\":\"de-DE\"}]}<\/script>\n<!-- \/ Yoast SEO plugin. -->","yoast_head_json":{"title":"\u00c4nderungsantrag zu TOP 4.5, Appell an den Landesgesetzgeber - Fraktion von B\u00fcndnis 90 \/ DIE GR\u00dcNEN im Rat der Stadt Wuppertal","robots":{"index":"index","follow":"follow","max-snippet":"max-snippet:-1","max-image-preview":"max-image-preview:large","max-video-preview":"max-video-preview:-1"},"canonical":"https:\/\/gruene-wuppertal.de\/fraktion\/antraege\/anderungsantrag-zu-top-4-5-appell-an-den-landesgesetzgeber\/","og_locale":"de_DE","og_type":"article","og_title":"\u00c4nderungsantrag zu TOP 4.5, Appell an den Landesgesetzgeber - Fraktion von B\u00fcndnis 90 \/ DIE GR\u00dcNEN im Rat der Stadt Wuppertal","og_description":"Antrag an den Rat der Stadt Wuppertal am 30.09.2014 Der Antrag wurde abgelehnt. Sehr geehrter Herr Oberb\u00fcrgermeister, die Fraktion B\u00dcNDNIS 90\/DIE GR\u00dcNEN beantragt, folgende Erg\u00e4nzung nach dem ersten Absatz in den Antrag einzuf\u00fcgen: Der Rat der Staat wird dar\u00fcber hinaus auch alle ihm selbst zur...","og_url":"https:\/\/gruene-wuppertal.de\/fraktion\/antraege\/anderungsantrag-zu-top-4-5-appell-an-den-landesgesetzgeber\/","og_site_name":"Fraktion von B\u00fcndnis 90 \/ DIE GR\u00dcNEN im Rat der Stadt Wuppertal","twitter_card":"summary_large_image","twitter_misc":{"Gesch\u00e4tzte Lesezeit":"1 Minute"},"schema":{"@context":"https:\/\/schema.org","@graph":[{"@type":"WebPage","@id":"https:\/\/gruene-wuppertal.de\/fraktion\/antraege\/anderungsantrag-zu-top-4-5-appell-an-den-landesgesetzgeber\/","url":"https:\/\/gruene-wuppertal.de\/fraktion\/antraege\/anderungsantrag-zu-top-4-5-appell-an-den-landesgesetzgeber\/","name":"\u00c4nderungsantrag zu TOP 4.5, Appell an den Landesgesetzgeber - Fraktion von B\u00fcndnis 90 \/ DIE GR\u00dcNEN im Rat der Stadt Wuppertal","isPartOf":{"@id":"https:\/\/gruene-wuppertal.de\/fraktion\/#website"},"datePublished":"2014-09-25T11:46:15+00:00","dateModified":"2014-09-25T11:46:15+00:00","breadcrumb":{"@id":"https:\/\/gruene-wuppertal.de\/fraktion\/antraege\/anderungsantrag-zu-top-4-5-appell-an-den-landesgesetzgeber\/#breadcrumb"},"inLanguage":"de-DE","potentialAction":[{"@type":"ReadAction","target":["https:\/\/gruene-wuppertal.de\/fraktion\/antraege\/anderungsantrag-zu-top-4-5-appell-an-den-landesgesetzgeber\/"]}]},{"@type":"BreadcrumbList","@id":"https:\/\/gruene-wuppertal.de\/fraktion\/antraege\/anderungsantrag-zu-top-4-5-appell-an-den-landesgesetzgeber\/#breadcrumb","itemListElement":[{"@type":"ListItem","position":1,"name":"Startseite","item":"https:\/\/gruene-wuppertal.de\/fraktion\/"},{"@type":"ListItem","position":2,"name":"\u00c4nderungsantrag zu TOP 4.5, Appell an den Landesgesetzgeber"}]},{"@type":"WebSite","@id":"https:\/\/gruene-wuppertal.de\/fraktion\/#website","url":"https:\/\/gruene-wuppertal.de\/fraktion\/","name":"Fraktion von B\u00fcndnis 90 \/ DIE GR\u00dcNEN im Rat der Stadt Wuppertal","description":"","potentialAction":[{"@type":"SearchAction","target":{"@type":"EntryPoint","urlTemplate":"https:\/\/gruene-wuppertal.de\/fraktion\/?s={search_term_string}"},"query-input":"required name=search_term_string"}],"inLanguage":"de-DE"}]}},"post_mailing_queue_ids":[],"_links":{"self":[{"href":"https:\/\/gruene-wuppertal.de\/fraktion\/wp-json\/wp\/v2\/antraege\/5932"}],"collection":[{"href":"https:\/\/gruene-wuppertal.de\/fraktion\/wp-json\/wp\/v2\/antraege"}],"about":[{"href":"https:\/\/gruene-wuppertal.de\/fraktion\/wp-json\/wp\/v2\/types\/antraege"}],"author":[{"embeddable":true,"href":"https:\/\/gruene-wuppertal.de\/fraktion\/wp-json\/wp\/v2\/users\/20"}],"replies":[{"embeddable":true,"href":"https:\/\/gruene-wuppertal.de\/fraktion\/wp-json\/wp\/v2\/comments?post=5932"}],"version-history":[{"count":0,"href":"https:\/\/gruene-wuppertal.de\/fraktion\/wp-json\/wp\/v2\/antraege\/5932\/revisions"}],"wp:attachment":[{"href":"https:\/\/gruene-wuppertal.de\/fraktion\/wp-json\/wp\/v2\/media?parent=5932"}],"wp:term":[{"taxonomy":"themen","embeddable":true,"href":"https:\/\/gruene-wuppertal.de\/fraktion\/wp-json\/wp\/v2\/themen?post=5932"}],"curies":[{"name":"wp","href":"https:\/\/api.w.org\/{rel}","templated":true}]}}

Änderungsantrag zu TOP 4.5, Appell an den Landesgesetzgeber

<p><del></del><strong>Antrag an den Rat der Stadt Wuppertal am 30.09.2014</strong></p>
<p><strong>Der Antrag wurde abgelehnt.</strong></p>
<p>Sehr geehrter Herr Oberbürgermeister,</p>
<p>die Fraktion BÜNDNIS 90/DIE GRÜNEN beantragt, folgende Ergänzung nach dem ersten Absatz in den Antrag einzufügen:</p>
<p>Der Rat der Staat wird darüber hinaus auch alle ihm selbst zur Verfügung stehenden Mittel prüfen, um seine Handlungsfähigkeit zu erhöhen.<br />
In diesem Sinne bekennt sich der Rat zu dem Ziel, die Zahl seiner Mitglieder zur nächsten Ratsperiode gemäß Kommunalwahlgesetz NRW § 3, Abs. 2 auf 60 Stadtverordnete zu reduzieren und fordert die Verwaltung auf, diese Reduzierung zur kommenden Kommunalwahl entsprechend umzusetzen.</p>
<p><strong>Begründung:<br />
</strong>Erfolgt mündlich</p>
<p>Mit freundlichen Grüßen</p>
<p>Anja Liebert                                                  Marc Schulz Fraktionsvorsitzende                                    Fraktionsvorsitzender</p>

<p>Antrag an den Rat der Stadt Wuppertal am 30.09.2014 Der Antrag wurde abgelehnt. Sehr geehrter Herr Oberbürgermeister, die Fraktion BÜNDNIS 90/DIE GRÜNEN beantragt, folgende Ergänzung nach dem ersten Absatz in den Antrag einzufügen: Der Rat der Staat wird darüber hinaus auch alle ihm selbst zur&#8230;</p>

<!-- This site is optimized with the Yoast SEO plugin v21.8 - https://yoast.com/wordpress/plugins/seo/ -->
<title>Änderungsantrag zu TOP 4.5, Appell an den Landesgesetzgeber - Fraktion von Bündnis 90 / DIE GRÜNEN im Rat der Stadt Wuppertal</title>
<meta name="robots" content="index, follow, max-snippet:-1, max-image-preview:large, max-video-preview:-1" />
<link rel="canonical" href="https://gruene-wuppertal.de/fraktion/antraege/anderungsantrag-zu-top-4-5-appell-an-den-landesgesetzgeber/" />
<meta property="og:locale" content="de_DE" />
<meta property="og:type" content="article" />
<meta property="og:title" content="Änderungsantrag zu TOP 4.5, Appell an den Landesgesetzgeber - Fraktion von Bündnis 90 / DIE GRÜNEN im Rat der Stadt Wuppertal" />
<meta property="og:description" content="Antrag an den Rat der Stadt Wuppertal am 30.09.2014 Der Antrag wurde abgelehnt. Sehr geehrter Herr Oberbürgermeister, die Fraktion BÜNDNIS 90/DIE GRÜNEN beantragt, folgende Ergänzung nach dem ersten Absatz in den Antrag einzufügen: Der Rat der Staat wird darüber hinaus auch alle ihm selbst zur..." />
<meta property="og:url" content="https://gruene-wuppertal.de/fraktion/antraege/anderungsantrag-zu-top-4-5-appell-an-den-landesgesetzgeber/" />
<meta property="og:site_name" content="Fraktion von Bündnis 90 / DIE GRÜNEN im Rat der Stadt Wuppertal" />
<meta name="twitter:card" content="summary_large_image" />
<meta name="twitter:label1" content="Geschätzte Lesezeit" />
	<meta name="twitter:data1" content="1 Minute" />
<script type="application/ld+json" class="yoast-schema-graph">{"@context":"https://schema.org","@graph":[{"@type":"WebPage","@id":"https://gruene-wuppertal.de/fraktion/antraege/anderungsantrag-zu-top-4-5-appell-an-den-landesgesetzgeber/","url":"https://gruene-wuppertal.de/fraktion/antraege/anderungsantrag-zu-top-4-5-appell-an-den-landesgesetzgeber/","name":"Änderungsantrag zu TOP 4.5, Appell an den Landesgesetzgeber - Fraktion von Bündnis 90 / DIE GRÜNEN im Rat der Stadt Wuppertal","isPartOf":{"@id":"https://gruene-wuppertal.de/fraktion/#website"},"datePublished":"2014-09-25T11:46:15+00:00","dateModified":"2014-09-25T11:46:15+00:00","breadcrumb":{"@id":"https://gruene-wuppertal.de/fraktion/antraege/anderungsantrag-zu-top-4-5-appell-an-den-landesgesetzgeber/#breadcrumb"},"inLanguage":"de-DE","potentialAction":[{"@type":"ReadAction","target":["https://gruene-wuppertal.de/fraktion/antraege/anderungsantrag-zu-top-4-5-appell-an-den-landesgesetzgeber/"]}]},{"@type":"BreadcrumbList","@id":"https://gruene-wuppertal.de/fraktion/antraege/anderungsantrag-zu-top-4-5-appell-an-den-landesgesetzgeber/#breadcrumb","itemListElement":[{"@type":"ListItem","position":1,"name":"Startseite","item":"https://gruene-wuppertal.de/fraktion/"},{"@type":"ListItem","position":2,"name":"Änderungsantrag zu TOP 4.5, Appell an den Landesgesetzgeber"}]},{"@type":"WebSite","@id":"https://gruene-wuppertal.de/fraktion/#website","url":"https://gruene-wuppertal.de/fraktion/","name":"Fraktion von Bündnis 90 / DIE GRÜNEN im Rat der Stadt Wuppertal","description":"","potentialAction":[{"@type":"SearchAction","target":{"@type":"EntryPoint","urlTemplate":"https://gruene-wuppertal.de/fraktion/?s={search_term_string}"},"query-input":"required name=search_term_string"}],"inLanguage":"de-DE"}]}</script>
<!-- / Yoast SEO plugin. -->

Änderungsantrag zu TOP 4.5, Appell an den Landesgesetzgeber - Fraktion von Bündnis 90 / DIE GRÜNEN im Rat der Stadt Wuppertal

Antrag an den Rat der Stadt Wuppertal am 30.09.2014 Der Antrag wurde abgelehnt. Sehr geehrter Herr Oberbürgermeister, die Fraktion BÜNDNIS 90/DIE GRÜNEN beantragt, folgende Ergänzung nach dem ersten Absatz in den Antrag einzufügen: Der Rat der Staat wird darüber hinaus auch alle ihm selbst zur...

Fraktion von Bündnis 90 / DIE GRÜNEN im Rat der Stadt Wuppertal
