{"id":4891,"date":"2013-10-28T16:20:08","date_gmt":"2013-10-28T16:20:08","guid":{"rendered":"https:\/\/gruene-wuppertal.de\/fraktion\/?post_type=antraege&amp;p=4891"},"modified":"2013-10-28T16:20:08","modified_gmt":"2013-10-28T16:20:08","slug":"ansiedlung-eines-mobelfachmarktes-in-wuppertal","status":"publish","type":"antraege","link":"https:\/\/gruene-wuppertal.de\/fraktion\/antraege\/ansiedlung-eines-mobelfachmarktes-in-wuppertal\/","title":{"rendered":"Ansiedlung eines M\u00f6belfachmarktes in Wuppertal"},"content":{"rendered":"<div>\n<p><b>Antrag an den Rat der Stadt Wuppertal am <\/b><b>11.11.2013\u00a0\u00a0\u00a0<\/b><\/p>\n<p><strong>Der Antrag wurde abgelehnt. \u00a0\u00a0<\/strong>\u00a0\u00a0\u00a0\u00a0\u00a0<b>\u00a0\u00a0\u00a0\u00a0\u00a0 <\/b><\/p>\n<\/div>\n<p>Sehr geehrter Herr Oberb\u00fcrgermeister,<b><\/b><\/p>\n<p>die Ratsfraktion von B\u00dcNDNIS 90\/DIE GR\u00dcNEN beantragt, der Rat der Stadt m\u00f6ge folgenden Beschluss fassen:<\/p>\n<ol start=\"1\">\n<li>Der Rat spricht sich f\u00fcr die Ansiedlung eines M\u00f6belfachmarktes in Wuppertal aus, dessen Sortiment die Funktionsf\u00e4higkeit der Innstadtbereiche in Wuppertal nicht gef\u00e4hrdet. Gro\u00dffl\u00e4chige Vorhaben au\u00dferhalb der zentralen Versorgungsbereiche hingegen werden abgelehnt, wenn sie \u00fcber zu hohe innenstadtrelevante Sortimentsanteile verf\u00fcgen und somit den Zielen der Landesplanung zuwiderlaufen.<\/li>\n<\/ol>\n<ol start=\"2\">\n<li>Vor dem Hintergrund der Unvereinbarkeit des Homepark-Vorhabens mit den landesplanerischen Vorgaben und den Zielen einer St\u00e4rkung der Zentren wird die Verwaltung beauftragt, erneut in Verhandlungen mit IKEA einzusteigen mit dem Ziel, ein M\u00f6belmarktzentrum in Wuppertal anzusiedeln.<\/li>\n<\/ol>\n<ol start=\"3\">\n<li>Der Rat bittet die Wirtschaftsf\u00f6rderungsgesellschaft, mit weiteren M\u00f6belmarktbetreibern \u00fcber die Ansiedlung eines mit den Zielen der Landesplanung vereinbaren M\u00f6belmarktes zu beraten.<\/li>\n<\/ol>\n<ol start=\"4\">\n<li>Die st\u00e4dtischen Grundst\u00fccke im Bereich Dreigrenzen werden vorl\u00e4ufig nicht verkauft. Der Verkauf kann erst nach einem entsprechenden Ratsbeschluss erfolgen.<\/li>\n<\/ol>\n<p>Mit freundlichen Gr\u00fc\u00dfen<\/p>\n<p>Peter Vorsteher<\/p>\n<p>Anja Liebert<\/p>\n<p>Regina Orth<\/p>\n","protected":false},"excerpt":{"rendered":"<p>Antrag an den Rat der Stadt Wuppertal am 11.11.2013\u00a0\u00a0\u00a0 Der Antrag wurde abgelehnt. \u00a0\u00a0\u00a0\u00a0\u00a0\u00a0\u00a0\u00a0\u00a0\u00a0\u00a0\u00a0 Sehr geehrter Herr Oberb\u00fcrgermeister, die Ratsfraktion von B\u00dcNDNIS 90\/DIE GR\u00dcNEN beantragt, der Rat der Stadt m\u00f6ge folgenden Beschluss fassen: Der Rat spricht sich f\u00fcr die Ansiedlung eines M\u00f6belfachmarktes in Wuppertal aus,&#8230;<\/p>\n","protected":false},"author":6,"featured_media":0,"menu_order":0,"comment_status":"closed","ping_status":"closed","template":"","meta":{"_wp_rev_ctl_limit":""},"themen":[67,58],"yoast_head":"<!-- This site is optimized with the Yoast SEO plugin v21.8 - https:\/\/yoast.com\/wordpress\/plugins\/seo\/ -->\n<title>Ansiedlung eines M\u00f6belfachmarktes in Wuppertal - Fraktion von B\u00fcndnis 90 \/ DIE GR\u00dcNEN im Rat der Stadt Wuppertal<\/title>\n<meta name=\"robots\" content=\"index, follow, max-snippet:-1, max-image-preview:large, max-video-preview:-1\" \/>\n<link rel=\"canonical\" href=\"https:\/\/gruene-wuppertal.de\/fraktion\/antraege\/ansiedlung-eines-mobelfachmarktes-in-wuppertal\/\" \/>\n<meta property=\"og:locale\" content=\"de_DE\" \/>\n<meta property=\"og:type\" content=\"article\" \/>\n<meta property=\"og:title\" content=\"Ansiedlung eines M\u00f6belfachmarktes in Wuppertal - Fraktion von B\u00fcndnis 90 \/ DIE GR\u00dcNEN im Rat der Stadt Wuppertal\" \/>\n<meta property=\"og:description\" content=\"Antrag an den Rat der Stadt Wuppertal am 11.11.2013\u00a0\u00a0\u00a0 Der Antrag wurde abgelehnt. \u00a0\u00a0\u00a0\u00a0\u00a0\u00a0\u00a0\u00a0\u00a0\u00a0\u00a0\u00a0 Sehr geehrter Herr Oberb\u00fcrgermeister, die Ratsfraktion von B\u00dcNDNIS 90\/DIE GR\u00dcNEN beantragt, der Rat der Stadt m\u00f6ge folgenden Beschluss fassen: Der Rat spricht sich f\u00fcr die Ansiedlung eines M\u00f6belfachmarktes in Wuppertal aus,...\" \/>\n<meta property=\"og:url\" content=\"https:\/\/gruene-wuppertal.de\/fraktion\/antraege\/ansiedlung-eines-mobelfachmarktes-in-wuppertal\/\" \/>\n<meta property=\"og:site_name\" content=\"Fraktion von B\u00fcndnis 90 \/ DIE GR\u00dcNEN im Rat der Stadt Wuppertal\" \/>\n<meta name=\"twitter:card\" content=\"summary_large_image\" \/>\n<meta name=\"twitter:label1\" content=\"Gesch\u00e4tzte Lesezeit\" \/>\n\t<meta name=\"twitter:data1\" content=\"1 Minute\" \/>\n<script type=\"application\/ld+json\" class=\"yoast-schema-graph\">{\"@context\":\"https:\/\/schema.org\",\"@graph\":[{\"@type\":\"WebPage\",\"@id\":\"https:\/\/gruene-wuppertal.de\/fraktion\/antraege\/ansiedlung-eines-mobelfachmarktes-in-wuppertal\/\",\"url\":\"https:\/\/gruene-wuppertal.de\/fraktion\/antraege\/ansiedlung-eines-mobelfachmarktes-in-wuppertal\/\",\"name\":\"Ansiedlung eines M\u00f6belfachmarktes in Wuppertal - Fraktion von B\u00fcndnis 90 \/ DIE GR\u00dcNEN im Rat der Stadt Wuppertal\",\"isPartOf\":{\"@id\":\"https:\/\/gruene-wuppertal.de\/fraktion\/#website\"},\"datePublished\":\"2013-10-28T16:20:08+00:00\",\"dateModified\":\"2013-10-28T16:20:08+00:00\",\"breadcrumb\":{\"@id\":\"https:\/\/gruene-wuppertal.de\/fraktion\/antraege\/ansiedlung-eines-mobelfachmarktes-in-wuppertal\/#breadcrumb\"},\"inLanguage\":\"de-DE\",\"potentialAction\":[{\"@type\":\"ReadAction\",\"target\":[\"https:\/\/gruene-wuppertal.de\/fraktion\/antraege\/ansiedlung-eines-mobelfachmarktes-in-wuppertal\/\"]}]},{\"@type\":\"BreadcrumbList\",\"@id\":\"https:\/\/gruene-wuppertal.de\/fraktion\/antraege\/ansiedlung-eines-mobelfachmarktes-in-wuppertal\/#breadcrumb\",\"itemListElement\":[{\"@type\":\"ListItem\",\"position\":1,\"name\":\"Startseite\",\"item\":\"https:\/\/gruene-wuppertal.de\/fraktion\/\"},{\"@type\":\"ListItem\",\"position\":2,\"name\":\"Ansiedlung eines M\u00f6belfachmarktes in Wuppertal\"}]},{\"@type\":\"WebSite\",\"@id\":\"https:\/\/gruene-wuppertal.de\/fraktion\/#website\",\"url\":\"https:\/\/gruene-wuppertal.de\/fraktion\/\",\"name\":\"Fraktion von B\u00fcndnis 90 \/ DIE GR\u00dcNEN im Rat der Stadt Wuppertal\",\"description\":\"\",\"potentialAction\":[{\"@type\":\"SearchAction\",\"target\":{\"@type\":\"EntryPoint\",\"urlTemplate\":\"https:\/\/gruene-wuppertal.de\/fraktion\/?s={search_term_string}\"},\"query-input\":\"required name=search_term_string\"}],\"inLanguage\":\"de-DE\"}]}<\/script>\n<!-- \/ Yoast SEO plugin. -->","yoast_head_json":{"title":"Ansiedlung eines M\u00f6belfachmarktes in Wuppertal - Fraktion von B\u00fcndnis 90 \/ DIE GR\u00dcNEN im Rat der Stadt Wuppertal","robots":{"index":"index","follow":"follow","max-snippet":"max-snippet:-1","max-image-preview":"max-image-preview:large","max-video-preview":"max-video-preview:-1"},"canonical":"https:\/\/gruene-wuppertal.de\/fraktion\/antraege\/ansiedlung-eines-mobelfachmarktes-in-wuppertal\/","og_locale":"de_DE","og_type":"article","og_title":"Ansiedlung eines M\u00f6belfachmarktes in Wuppertal - Fraktion von B\u00fcndnis 90 \/ DIE GR\u00dcNEN im Rat der Stadt Wuppertal","og_description":"Antrag an den Rat der Stadt Wuppertal am 11.11.2013\u00a0\u00a0\u00a0 Der Antrag wurde abgelehnt. \u00a0\u00a0\u00a0\u00a0\u00a0\u00a0\u00a0\u00a0\u00a0\u00a0\u00a0\u00a0 Sehr geehrter Herr Oberb\u00fcrgermeister, die Ratsfraktion von B\u00dcNDNIS 90\/DIE GR\u00dcNEN beantragt, der Rat der Stadt m\u00f6ge folgenden Beschluss fassen: Der Rat spricht sich f\u00fcr die Ansiedlung eines M\u00f6belfachmarktes in Wuppertal aus,...","og_url":"https:\/\/gruene-wuppertal.de\/fraktion\/antraege\/ansiedlung-eines-mobelfachmarktes-in-wuppertal\/","og_site_name":"Fraktion von B\u00fcndnis 90 \/ DIE GR\u00dcNEN im Rat der Stadt Wuppertal","twitter_card":"summary_large_image","twitter_misc":{"Gesch\u00e4tzte Lesezeit":"1 Minute"},"schema":{"@context":"https:\/\/schema.org","@graph":[{"@type":"WebPage","@id":"https:\/\/gruene-wuppertal.de\/fraktion\/antraege\/ansiedlung-eines-mobelfachmarktes-in-wuppertal\/","url":"https:\/\/gruene-wuppertal.de\/fraktion\/antraege\/ansiedlung-eines-mobelfachmarktes-in-wuppertal\/","name":"Ansiedlung eines M\u00f6belfachmarktes in Wuppertal - Fraktion von B\u00fcndnis 90 \/ DIE GR\u00dcNEN im Rat der Stadt Wuppertal","isPartOf":{"@id":"https:\/\/gruene-wuppertal.de\/fraktion\/#website"},"datePublished":"2013-10-28T16:20:08+00:00","dateModified":"2013-10-28T16:20:08+00:00","breadcrumb":{"@id":"https:\/\/gruene-wuppertal.de\/fraktion\/antraege\/ansiedlung-eines-mobelfachmarktes-in-wuppertal\/#breadcrumb"},"inLanguage":"de-DE","potentialAction":[{"@type":"ReadAction","target":["https:\/\/gruene-wuppertal.de\/fraktion\/antraege\/ansiedlung-eines-mobelfachmarktes-in-wuppertal\/"]}]},{"@type":"BreadcrumbList","@id":"https:\/\/gruene-wuppertal.de\/fraktion\/antraege\/ansiedlung-eines-mobelfachmarktes-in-wuppertal\/#breadcrumb","itemListElement":[{"@type":"ListItem","position":1,"name":"Startseite","item":"https:\/\/gruene-wuppertal.de\/fraktion\/"},{"@type":"ListItem","position":2,"name":"Ansiedlung eines M\u00f6belfachmarktes in Wuppertal"}]},{"@type":"WebSite","@id":"https:\/\/gruene-wuppertal.de\/fraktion\/#website","url":"https:\/\/gruene-wuppertal.de\/fraktion\/","name":"Fraktion von B\u00fcndnis 90 \/ DIE GR\u00dcNEN im Rat der Stadt Wuppertal","description":"","potentialAction":[{"@type":"SearchAction","target":{"@type":"EntryPoint","urlTemplate":"https:\/\/gruene-wuppertal.de\/fraktion\/?s={search_term_string}"},"query-input":"required name=search_term_string"}],"inLanguage":"de-DE"}]}},"post_mailing_queue_ids":[],"_links":{"self":[{"href":"https:\/\/gruene-wuppertal.de\/fraktion\/wp-json\/wp\/v2\/antraege\/4891"}],"collection":[{"href":"https:\/\/gruene-wuppertal.de\/fraktion\/wp-json\/wp\/v2\/antraege"}],"about":[{"href":"https:\/\/gruene-wuppertal.de\/fraktion\/wp-json\/wp\/v2\/types\/antraege"}],"author":[{"embeddable":true,"href":"https:\/\/gruene-wuppertal.de\/fraktion\/wp-json\/wp\/v2\/users\/6"}],"replies":[{"embeddable":true,"href":"https:\/\/gruene-wuppertal.de\/fraktion\/wp-json\/wp\/v2\/comments?post=4891"}],"version-history":[{"count":0,"href":"https:\/\/gruene-wuppertal.de\/fraktion\/wp-json\/wp\/v2\/antraege\/4891\/revisions"}],"wp:attachment":[{"href":"https:\/\/gruene-wuppertal.de\/fraktion\/wp-json\/wp\/v2\/media?parent=4891"}],"wp:term":[{"taxonomy":"themen","embeddable":true,"href":"https:\/\/gruene-wuppertal.de\/fraktion\/wp-json\/wp\/v2\/themen?post=4891"}],"curies":[{"name":"wp","href":"https:\/\/api.w.org\/{rel}","templated":true}]}}

Ansiedlung eines Möbelfachmarktes in Wuppertal

<div>
<p><b>Antrag an den Rat der Stadt Wuppertal am </b><b>11.11.2013   </b></p>
<p><strong>Der Antrag wurde abgelehnt.   </strong>     <b>      </b></p>
</div>
<p>Sehr geehrter Herr Oberbürgermeister,<b></b></p>
<p>die Ratsfraktion von BÜNDNIS 90/DIE GRÜNEN beantragt, der Rat der Stadt möge folgenden Beschluss fassen:</p>
<ol start="1">
<li>Der Rat spricht sich für die Ansiedlung eines Möbelfachmarktes in Wuppertal aus, dessen Sortiment die Funktionsfähigkeit der Innstadtbereiche in Wuppertal nicht gefährdet. Großflächige Vorhaben außerhalb der zentralen Versorgungsbereiche hingegen werden abgelehnt, wenn sie über zu hohe innenstadtrelevante Sortimentsanteile verfügen und somit den Zielen der Landesplanung zuwiderlaufen.</li>
</ol>
<ol start="2">
<li>Vor dem Hintergrund der Unvereinbarkeit des Homepark-Vorhabens mit den landesplanerischen Vorgaben und den Zielen einer Stärkung der Zentren wird die Verwaltung beauftragt, erneut in Verhandlungen mit IKEA einzusteigen mit dem Ziel, ein Möbelmarktzentrum in Wuppertal anzusiedeln.</li>
</ol>
<ol start="3">
<li>Der Rat bittet die Wirtschaftsförderungsgesellschaft, mit weiteren Möbelmarktbetreibern über die Ansiedlung eines mit den Zielen der Landesplanung vereinbaren Möbelmarktes zu beraten.</li>
</ol>
<ol start="4">
<li>Die städtischen Grundstücke im Bereich Dreigrenzen werden vorläufig nicht verkauft. Der Verkauf kann erst nach einem entsprechenden Ratsbeschluss erfolgen.</li>
</ol>
<p>Mit freundlichen Grüßen</p>
<p>Peter Vorsteher</p>
<p>Anja Liebert</p>
<p>Regina Orth</p>

<p>Antrag an den Rat der Stadt Wuppertal am 11.11.2013    Der Antrag wurde abgelehnt.              Sehr geehrter Herr Oberbürgermeister, die Ratsfraktion von BÜNDNIS 90/DIE GRÜNEN beantragt, der Rat der Stadt möge folgenden Beschluss fassen: Der Rat spricht sich für die Ansiedlung eines Möbelfachmarktes in Wuppertal aus,&#8230;</p>

<!-- This site is optimized with the Yoast SEO plugin v21.8 - https://yoast.com/wordpress/plugins/seo/ -->
<title>Ansiedlung eines Möbelfachmarktes in Wuppertal - Fraktion von Bündnis 90 / DIE GRÜNEN im Rat der Stadt Wuppertal</title>
<meta name="robots" content="index, follow, max-snippet:-1, max-image-preview:large, max-video-preview:-1" />
<link rel="canonical" href="https://gruene-wuppertal.de/fraktion/antraege/ansiedlung-eines-mobelfachmarktes-in-wuppertal/" />
<meta property="og:locale" content="de_DE" />
<meta property="og:type" content="article" />
<meta property="og:title" content="Ansiedlung eines Möbelfachmarktes in Wuppertal - Fraktion von Bündnis 90 / DIE GRÜNEN im Rat der Stadt Wuppertal" />
<meta property="og:description" content="Antrag an den Rat der Stadt Wuppertal am 11.11.2013    Der Antrag wurde abgelehnt.              Sehr geehrter Herr Oberbürgermeister, die Ratsfraktion von BÜNDNIS 90/DIE GRÜNEN beantragt, der Rat der Stadt möge folgenden Beschluss fassen: Der Rat spricht sich für die Ansiedlung eines Möbelfachmarktes in Wuppertal aus,..." />
<meta property="og:url" content="https://gruene-wuppertal.de/fraktion/antraege/ansiedlung-eines-mobelfachmarktes-in-wuppertal/" />
<meta property="og:site_name" content="Fraktion von Bündnis 90 / DIE GRÜNEN im Rat der Stadt Wuppertal" />
<meta name="twitter:card" content="summary_large_image" />
<meta name="twitter:label1" content="Geschätzte Lesezeit" />
	<meta name="twitter:data1" content="1 Minute" />
<script type="application/ld+json" class="yoast-schema-graph">{"@context":"https://schema.org","@graph":[{"@type":"WebPage","@id":"https://gruene-wuppertal.de/fraktion/antraege/ansiedlung-eines-mobelfachmarktes-in-wuppertal/","url":"https://gruene-wuppertal.de/fraktion/antraege/ansiedlung-eines-mobelfachmarktes-in-wuppertal/","name":"Ansiedlung eines Möbelfachmarktes in Wuppertal - Fraktion von Bündnis 90 / DIE GRÜNEN im Rat der Stadt Wuppertal","isPartOf":{"@id":"https://gruene-wuppertal.de/fraktion/#website"},"datePublished":"2013-10-28T16:20:08+00:00","dateModified":"2013-10-28T16:20:08+00:00","breadcrumb":{"@id":"https://gruene-wuppertal.de/fraktion/antraege/ansiedlung-eines-mobelfachmarktes-in-wuppertal/#breadcrumb"},"inLanguage":"de-DE","potentialAction":[{"@type":"ReadAction","target":["https://gruene-wuppertal.de/fraktion/antraege/ansiedlung-eines-mobelfachmarktes-in-wuppertal/"]}]},{"@type":"BreadcrumbList","@id":"https://gruene-wuppertal.de/fraktion/antraege/ansiedlung-eines-mobelfachmarktes-in-wuppertal/#breadcrumb","itemListElement":[{"@type":"ListItem","position":1,"name":"Startseite","item":"https://gruene-wuppertal.de/fraktion/"},{"@type":"ListItem","position":2,"name":"Ansiedlung eines Möbelfachmarktes in Wuppertal"}]},{"@type":"WebSite","@id":"https://gruene-wuppertal.de/fraktion/#website","url":"https://gruene-wuppertal.de/fraktion/","name":"Fraktion von Bündnis 90 / DIE GRÜNEN im Rat der Stadt Wuppertal","description":"","potentialAction":[{"@type":"SearchAction","target":{"@type":"EntryPoint","urlTemplate":"https://gruene-wuppertal.de/fraktion/?s={search_term_string}"},"query-input":"required name=search_term_string"}],"inLanguage":"de-DE"}]}</script>
<!-- / Yoast SEO plugin. -->

Ansiedlung eines Möbelfachmarktes in Wuppertal - Fraktion von Bündnis 90 / DIE GRÜNEN im Rat der Stadt Wuppertal

Antrag an den Rat der Stadt Wuppertal am 11.11.2013    Der Antrag wurde abgelehnt.              Sehr geehrter Herr Oberbürgermeister, die Ratsfraktion von BÜNDNIS 90/DIE GRÜNEN beantragt, der Rat der Stadt möge folgenden Beschluss fassen: Der Rat spricht sich für die Ansiedlung eines Möbelfachmarktes in Wuppertal aus,...

Fraktion von Bündnis 90 / DIE GRÜNEN im Rat der Stadt Wuppertal
