{"id":2311,"date":"2011-12-13T14:34:22","date_gmt":"2011-12-13T14:34:22","guid":{"rendered":"https:\/\/gruene-wuppertal.de\/fraktion\/?post_type=antraege&amp;p=2311"},"modified":"2011-12-13T14:34:22","modified_gmt":"2011-12-13T14:34:22","slug":"dringlichkeitsantrag-zur-bergischen-gesellschaft-fur-ressourceneffizienz-mbh","status":"publish","type":"antraege","link":"https:\/\/gruene-wuppertal.de\/fraktion\/antraege\/dringlichkeitsantrag-zur-bergischen-gesellschaft-fur-ressourceneffizienz-mbh\/","title":{"rendered":"Dringlichkeitsantrag zur Bergischen Gesellschaft f\u00fcr Ressourceneffizienz mbH"},"content":{"rendered":"<p>Antrag der Fraktionen von B\u00fcndnis 90\/DIE GR\u00dcNEN, FDP und WfW zur Sitzung des Finanzausschusses (TOP 5.3), des Hauptausschusses und des Rates (TOP 8.8)<\/p>\n<p>Sehr geehrter Herr Oberb\u00fcrgermeister,<br \/>\nsehr geehrter Herr Reese,<\/p>\n<p>die Fraktionen von B\u00fcndnis 90\/DIE GR\u00dcNEN, FDP und WfW im Rat der Stadt Wupppertal beantragen, folgenden Beschluss zu fassen:<\/p>\n<ol>\n<li>Wir bekr\u00e4ftigen die wichtige Bedeutung von innovativen, ressourceneffizienten Prozessen f\u00fcr die Kosteneffizienz von Betrieben und begr\u00fc\u00dfen in dem Zusammenhang die Initiative der Stadt Wuppertal zur Gr\u00fcndung einer Gesellschaft f\u00fcr Ressourceneffizienz.<\/li>\n<li>Die Verwaltung wird gebeten, gemeinsam mit den Stadtwerken und der Wirtschaftsf\u00f6rderung zustimmungsf\u00e4hige Strukturen zu erarbeiten, die der bergischen Gemeinsamkeit mehr Ausdruck verleihen k\u00f6nnen.<\/li>\n<li>Die Verwaltung wird gebeten, einen neuen Entwurf f\u00fcr einen Gesellschaftsvertrag bis zur n\u00e4chsten Ratssitzung am 13. Februar 2012 vorzulegen.<\/li>\n<\/ol>\n<p><strong>Begr\u00fcndung:<\/strong><br \/>\nIm Sinne einer gemeinsamen bergischen Vorgehensweise und f\u00fcr eine effiziente Arbeitsverteilung im bergischen Land ist es erforderlich, die Aufgabenverteilung zwischen den St\u00e4dten und innerhalb der Gesellschaft detailliert auszugestalten. Der bislang vorliegende Gesellschaftsvertrag wird diesem Erfordernis noch nicht gerecht. Aus diesem Grunde besteht Gespr\u00e4chs- und Anpassungsbedarf.<\/p>\n<p>Mit freundlichen Gr\u00fc\u00dfen<\/p>\n<p>gez.<br \/>\nPeter Vorsteher<br \/>\nFraktionsvorsitzender<\/p>\n<p>J\u00f6rn Suika<br \/>\nFraktionsvorsitzender<\/p>\n<p>Heribert Stenzel<br \/>\nFraktionsvorsitzender<\/p>\n<p>&nbsp;<\/p>\n<p>Ergebnis: Der Antrag wurde von CDU und SPD abgelehnt.<\/p>\n","protected":false},"excerpt":{"rendered":"<p>Gemeinsamer Antrag der Fraktionen von B\u00dcNDNIS 90\/DIE GR\u00dcNEN, FDP und WfW zum Ausschuss f\u00fcr Finanzen und Beteiligungssteuerung am 13.12.2011, zum Hauptausschuss am 14.12.2011 und zum Rat der Stadt Wuppertal am 19.12.201<\/p>\n","protected":false},"author":6,"featured_media":0,"menu_order":0,"comment_status":"closed","ping_status":"closed","template":"","meta":{"_wp_rev_ctl_limit":""},"themen":[66,73,34,74],"yoast_head":"<!-- This site is optimized with the Yoast SEO plugin v21.8 - https:\/\/yoast.com\/wordpress\/plugins\/seo\/ -->\n<title>Dringlichkeitsantrag zur Bergischen Gesellschaft f\u00fcr Ressourceneffizienz mbH - Fraktion von B\u00fcndnis 90 \/ DIE GR\u00dcNEN im Rat der Stadt Wuppertal<\/title>\n<meta name=\"robots\" content=\"index, follow, max-snippet:-1, max-image-preview:large, max-video-preview:-1\" \/>\n<link rel=\"canonical\" href=\"https:\/\/gruene-wuppertal.de\/fraktion\/antraege\/dringlichkeitsantrag-zur-bergischen-gesellschaft-fur-ressourceneffizienz-mbh\/\" \/>\n<meta property=\"og:locale\" content=\"de_DE\" \/>\n<meta property=\"og:type\" content=\"article\" \/>\n<meta property=\"og:title\" content=\"Dringlichkeitsantrag zur Bergischen Gesellschaft f\u00fcr Ressourceneffizienz mbH - Fraktion von B\u00fcndnis 90 \/ DIE GR\u00dcNEN im Rat der Stadt Wuppertal\" \/>\n<meta property=\"og:description\" content=\"Gemeinsamer Antrag der Fraktionen von B\u00dcNDNIS 90\/DIE GR\u00dcNEN, FDP und WfW zum Ausschuss f\u00fcr Finanzen und Beteiligungssteuerung am 13.12.2011, zum Hauptausschuss am 14.12.2011 und zum Rat der Stadt Wuppertal am 19.12.201\" \/>\n<meta property=\"og:url\" content=\"https:\/\/gruene-wuppertal.de\/fraktion\/antraege\/dringlichkeitsantrag-zur-bergischen-gesellschaft-fur-ressourceneffizienz-mbh\/\" \/>\n<meta property=\"og:site_name\" content=\"Fraktion von B\u00fcndnis 90 \/ DIE GR\u00dcNEN im Rat der Stadt Wuppertal\" \/>\n<meta name=\"twitter:card\" content=\"summary_large_image\" \/>\n<meta name=\"twitter:label1\" content=\"Gesch\u00e4tzte Lesezeit\" \/>\n\t<meta name=\"twitter:data1\" content=\"1 Minute\" \/>\n<script type=\"application\/ld+json\" class=\"yoast-schema-graph\">{\"@context\":\"https:\/\/schema.org\",\"@graph\":[{\"@type\":\"WebPage\",\"@id\":\"https:\/\/gruene-wuppertal.de\/fraktion\/antraege\/dringlichkeitsantrag-zur-bergischen-gesellschaft-fur-ressourceneffizienz-mbh\/\",\"url\":\"https:\/\/gruene-wuppertal.de\/fraktion\/antraege\/dringlichkeitsantrag-zur-bergischen-gesellschaft-fur-ressourceneffizienz-mbh\/\",\"name\":\"Dringlichkeitsantrag zur Bergischen Gesellschaft f\u00fcr Ressourceneffizienz mbH - Fraktion von B\u00fcndnis 90 \/ DIE GR\u00dcNEN im Rat der Stadt Wuppertal\",\"isPartOf\":{\"@id\":\"https:\/\/gruene-wuppertal.de\/fraktion\/#website\"},\"datePublished\":\"2011-12-13T14:34:22+00:00\",\"dateModified\":\"2011-12-13T14:34:22+00:00\",\"breadcrumb\":{\"@id\":\"https:\/\/gruene-wuppertal.de\/fraktion\/antraege\/dringlichkeitsantrag-zur-bergischen-gesellschaft-fur-ressourceneffizienz-mbh\/#breadcrumb\"},\"inLanguage\":\"de-DE\",\"potentialAction\":[{\"@type\":\"ReadAction\",\"target\":[\"https:\/\/gruene-wuppertal.de\/fraktion\/antraege\/dringlichkeitsantrag-zur-bergischen-gesellschaft-fur-ressourceneffizienz-mbh\/\"]}]},{\"@type\":\"BreadcrumbList\",\"@id\":\"https:\/\/gruene-wuppertal.de\/fraktion\/antraege\/dringlichkeitsantrag-zur-bergischen-gesellschaft-fur-ressourceneffizienz-mbh\/#breadcrumb\",\"itemListElement\":[{\"@type\":\"ListItem\",\"position\":1,\"name\":\"Startseite\",\"item\":\"https:\/\/gruene-wuppertal.de\/fraktion\/\"},{\"@type\":\"ListItem\",\"position\":2,\"name\":\"Dringlichkeitsantrag zur Bergischen Gesellschaft f\u00fcr Ressourceneffizienz mbH\"}]},{\"@type\":\"WebSite\",\"@id\":\"https:\/\/gruene-wuppertal.de\/fraktion\/#website\",\"url\":\"https:\/\/gruene-wuppertal.de\/fraktion\/\",\"name\":\"Fraktion von B\u00fcndnis 90 \/ DIE GR\u00dcNEN im Rat der Stadt Wuppertal\",\"description\":\"\",\"potentialAction\":[{\"@type\":\"SearchAction\",\"target\":{\"@type\":\"EntryPoint\",\"urlTemplate\":\"https:\/\/gruene-wuppertal.de\/fraktion\/?s={search_term_string}\"},\"query-input\":\"required name=search_term_string\"}],\"inLanguage\":\"de-DE\"}]}<\/script>\n<!-- \/ Yoast SEO plugin. -->","yoast_head_json":{"title":"Dringlichkeitsantrag zur Bergischen Gesellschaft f\u00fcr Ressourceneffizienz mbH - Fraktion von B\u00fcndnis 90 \/ DIE GR\u00dcNEN im Rat der Stadt Wuppertal","robots":{"index":"index","follow":"follow","max-snippet":"max-snippet:-1","max-image-preview":"max-image-preview:large","max-video-preview":"max-video-preview:-1"},"canonical":"https:\/\/gruene-wuppertal.de\/fraktion\/antraege\/dringlichkeitsantrag-zur-bergischen-gesellschaft-fur-ressourceneffizienz-mbh\/","og_locale":"de_DE","og_type":"article","og_title":"Dringlichkeitsantrag zur Bergischen Gesellschaft f\u00fcr Ressourceneffizienz mbH - Fraktion von B\u00fcndnis 90 \/ DIE GR\u00dcNEN im Rat der Stadt Wuppertal","og_description":"Gemeinsamer Antrag der Fraktionen von B\u00dcNDNIS 90\/DIE GR\u00dcNEN, FDP und WfW zum Ausschuss f\u00fcr Finanzen und Beteiligungssteuerung am 13.12.2011, zum Hauptausschuss am 14.12.2011 und zum Rat der Stadt Wuppertal am 19.12.201","og_url":"https:\/\/gruene-wuppertal.de\/fraktion\/antraege\/dringlichkeitsantrag-zur-bergischen-gesellschaft-fur-ressourceneffizienz-mbh\/","og_site_name":"Fraktion von B\u00fcndnis 90 \/ DIE GR\u00dcNEN im Rat der Stadt Wuppertal","twitter_card":"summary_large_image","twitter_misc":{"Gesch\u00e4tzte Lesezeit":"1 Minute"},"schema":{"@context":"https:\/\/schema.org","@graph":[{"@type":"WebPage","@id":"https:\/\/gruene-wuppertal.de\/fraktion\/antraege\/dringlichkeitsantrag-zur-bergischen-gesellschaft-fur-ressourceneffizienz-mbh\/","url":"https:\/\/gruene-wuppertal.de\/fraktion\/antraege\/dringlichkeitsantrag-zur-bergischen-gesellschaft-fur-ressourceneffizienz-mbh\/","name":"Dringlichkeitsantrag zur Bergischen Gesellschaft f\u00fcr Ressourceneffizienz mbH - Fraktion von B\u00fcndnis 90 \/ DIE GR\u00dcNEN im Rat der Stadt Wuppertal","isPartOf":{"@id":"https:\/\/gruene-wuppertal.de\/fraktion\/#website"},"datePublished":"2011-12-13T14:34:22+00:00","dateModified":"2011-12-13T14:34:22+00:00","breadcrumb":{"@id":"https:\/\/gruene-wuppertal.de\/fraktion\/antraege\/dringlichkeitsantrag-zur-bergischen-gesellschaft-fur-ressourceneffizienz-mbh\/#breadcrumb"},"inLanguage":"de-DE","potentialAction":[{"@type":"ReadAction","target":["https:\/\/gruene-wuppertal.de\/fraktion\/antraege\/dringlichkeitsantrag-zur-bergischen-gesellschaft-fur-ressourceneffizienz-mbh\/"]}]},{"@type":"BreadcrumbList","@id":"https:\/\/gruene-wuppertal.de\/fraktion\/antraege\/dringlichkeitsantrag-zur-bergischen-gesellschaft-fur-ressourceneffizienz-mbh\/#breadcrumb","itemListElement":[{"@type":"ListItem","position":1,"name":"Startseite","item":"https:\/\/gruene-wuppertal.de\/fraktion\/"},{"@type":"ListItem","position":2,"name":"Dringlichkeitsantrag zur Bergischen Gesellschaft f\u00fcr Ressourceneffizienz mbH"}]},{"@type":"WebSite","@id":"https:\/\/gruene-wuppertal.de\/fraktion\/#website","url":"https:\/\/gruene-wuppertal.de\/fraktion\/","name":"Fraktion von B\u00fcndnis 90 \/ DIE GR\u00dcNEN im Rat der Stadt Wuppertal","description":"","potentialAction":[{"@type":"SearchAction","target":{"@type":"EntryPoint","urlTemplate":"https:\/\/gruene-wuppertal.de\/fraktion\/?s={search_term_string}"},"query-input":"required name=search_term_string"}],"inLanguage":"de-DE"}]}},"post_mailing_queue_ids":[],"_links":{"self":[{"href":"https:\/\/gruene-wuppertal.de\/fraktion\/wp-json\/wp\/v2\/antraege\/2311"}],"collection":[{"href":"https:\/\/gruene-wuppertal.de\/fraktion\/wp-json\/wp\/v2\/antraege"}],"about":[{"href":"https:\/\/gruene-wuppertal.de\/fraktion\/wp-json\/wp\/v2\/types\/antraege"}],"author":[{"embeddable":true,"href":"https:\/\/gruene-wuppertal.de\/fraktion\/wp-json\/wp\/v2\/users\/6"}],"replies":[{"embeddable":true,"href":"https:\/\/gruene-wuppertal.de\/fraktion\/wp-json\/wp\/v2\/comments?post=2311"}],"version-history":[{"count":0,"href":"https:\/\/gruene-wuppertal.de\/fraktion\/wp-json\/wp\/v2\/antraege\/2311\/revisions"}],"wp:attachment":[{"href":"https:\/\/gruene-wuppertal.de\/fraktion\/wp-json\/wp\/v2\/media?parent=2311"}],"wp:term":[{"taxonomy":"themen","embeddable":true,"href":"https:\/\/gruene-wuppertal.de\/fraktion\/wp-json\/wp\/v2\/themen?post=2311"}],"curies":[{"name":"wp","href":"https:\/\/api.w.org\/{rel}","templated":true}]}}

Dringlichkeitsantrag zur Bergischen Gesellschaft für Ressourceneffizienz mbH

<p>Antrag der Fraktionen von Bündnis 90/DIE GRÜNEN, FDP und WfW zur Sitzung des Finanzausschusses (TOP 5.3), des Hauptausschusses und des Rates (TOP 8.8)</p>
<p>Sehr geehrter Herr Oberbürgermeister,<br />
sehr geehrter Herr Reese,</p>
<p>die Fraktionen von Bündnis 90/DIE GRÜNEN, FDP und WfW im Rat der Stadt Wupppertal beantragen, folgenden Beschluss zu fassen:</p>
<ol>
<li>Wir bekräftigen die wichtige Bedeutung von innovativen, ressourceneffizienten Prozessen für die Kosteneffizienz von Betrieben und begrüßen in dem Zusammenhang die Initiative der Stadt Wuppertal zur Gründung einer Gesellschaft für Ressourceneffizienz.</li>
<li>Die Verwaltung wird gebeten, gemeinsam mit den Stadtwerken und der Wirtschaftsförderung zustimmungsfähige Strukturen zu erarbeiten, die der bergischen Gemeinsamkeit mehr Ausdruck verleihen können.</li>
<li>Die Verwaltung wird gebeten, einen neuen Entwurf für einen Gesellschaftsvertrag bis zur nächsten Ratssitzung am 13. Februar 2012 vorzulegen.</li>
</ol>
<p><strong>Begründung:</strong><br />
Im Sinne einer gemeinsamen bergischen Vorgehensweise und für eine effiziente Arbeitsverteilung im bergischen Land ist es erforderlich, die Aufgabenverteilung zwischen den Städten und innerhalb der Gesellschaft detailliert auszugestalten. Der bislang vorliegende Gesellschaftsvertrag wird diesem Erfordernis noch nicht gerecht. Aus diesem Grunde besteht Gesprächs- und Anpassungsbedarf.</p>
<p>Mit freundlichen Grüßen</p>
<p>gez.<br />
Peter Vorsteher<br />
Fraktionsvorsitzender</p>
<p>Jörn Suika<br />
Fraktionsvorsitzender</p>
<p>Heribert Stenzel<br />
Fraktionsvorsitzender</p>
<p>&nbsp;</p>
<p>Ergebnis: Der Antrag wurde von CDU und SPD abgelehnt.</p>

<p>Gemeinsamer Antrag der Fraktionen von BÜNDNIS 90/DIE GRÜNEN, FDP und WfW zum Ausschuss für Finanzen und Beteiligungssteuerung am 13.12.2011, zum Hauptausschuss am 14.12.2011 und zum Rat der Stadt Wuppertal am 19.12.201</p>

<!-- This site is optimized with the Yoast SEO plugin v21.8 - https://yoast.com/wordpress/plugins/seo/ -->
<title>Dringlichkeitsantrag zur Bergischen Gesellschaft für Ressourceneffizienz mbH - Fraktion von Bündnis 90 / DIE GRÜNEN im Rat der Stadt Wuppertal</title>
<meta name="robots" content="index, follow, max-snippet:-1, max-image-preview:large, max-video-preview:-1" />
<link rel="canonical" href="https://gruene-wuppertal.de/fraktion/antraege/dringlichkeitsantrag-zur-bergischen-gesellschaft-fur-ressourceneffizienz-mbh/" />
<meta property="og:locale" content="de_DE" />
<meta property="og:type" content="article" />
<meta property="og:title" content="Dringlichkeitsantrag zur Bergischen Gesellschaft für Ressourceneffizienz mbH - Fraktion von Bündnis 90 / DIE GRÜNEN im Rat der Stadt Wuppertal" />
<meta property="og:description" content="Gemeinsamer Antrag der Fraktionen von BÜNDNIS 90/DIE GRÜNEN, FDP und WfW zum Ausschuss für Finanzen und Beteiligungssteuerung am 13.12.2011, zum Hauptausschuss am 14.12.2011 und zum Rat der Stadt Wuppertal am 19.12.201" />
<meta property="og:url" content="https://gruene-wuppertal.de/fraktion/antraege/dringlichkeitsantrag-zur-bergischen-gesellschaft-fur-ressourceneffizienz-mbh/" />
<meta property="og:site_name" content="Fraktion von Bündnis 90 / DIE GRÜNEN im Rat der Stadt Wuppertal" />
<meta name="twitter:card" content="summary_large_image" />
<meta name="twitter:label1" content="Geschätzte Lesezeit" />
	<meta name="twitter:data1" content="1 Minute" />
<script type="application/ld+json" class="yoast-schema-graph">{"@context":"https://schema.org","@graph":[{"@type":"WebPage","@id":"https://gruene-wuppertal.de/fraktion/antraege/dringlichkeitsantrag-zur-bergischen-gesellschaft-fur-ressourceneffizienz-mbh/","url":"https://gruene-wuppertal.de/fraktion/antraege/dringlichkeitsantrag-zur-bergischen-gesellschaft-fur-ressourceneffizienz-mbh/","name":"Dringlichkeitsantrag zur Bergischen Gesellschaft für Ressourceneffizienz mbH - Fraktion von Bündnis 90 / DIE GRÜNEN im Rat der Stadt Wuppertal","isPartOf":{"@id":"https://gruene-wuppertal.de/fraktion/#website"},"datePublished":"2011-12-13T14:34:22+00:00","dateModified":"2011-12-13T14:34:22+00:00","breadcrumb":{"@id":"https://gruene-wuppertal.de/fraktion/antraege/dringlichkeitsantrag-zur-bergischen-gesellschaft-fur-ressourceneffizienz-mbh/#breadcrumb"},"inLanguage":"de-DE","potentialAction":[{"@type":"ReadAction","target":["https://gruene-wuppertal.de/fraktion/antraege/dringlichkeitsantrag-zur-bergischen-gesellschaft-fur-ressourceneffizienz-mbh/"]}]},{"@type":"BreadcrumbList","@id":"https://gruene-wuppertal.de/fraktion/antraege/dringlichkeitsantrag-zur-bergischen-gesellschaft-fur-ressourceneffizienz-mbh/#breadcrumb","itemListElement":[{"@type":"ListItem","position":1,"name":"Startseite","item":"https://gruene-wuppertal.de/fraktion/"},{"@type":"ListItem","position":2,"name":"Dringlichkeitsantrag zur Bergischen Gesellschaft für Ressourceneffizienz mbH"}]},{"@type":"WebSite","@id":"https://gruene-wuppertal.de/fraktion/#website","url":"https://gruene-wuppertal.de/fraktion/","name":"Fraktion von Bündnis 90 / DIE GRÜNEN im Rat der Stadt Wuppertal","description":"","potentialAction":[{"@type":"SearchAction","target":{"@type":"EntryPoint","urlTemplate":"https://gruene-wuppertal.de/fraktion/?s={search_term_string}"},"query-input":"required name=search_term_string"}],"inLanguage":"de-DE"}]}</script>
<!-- / Yoast SEO plugin. -->

Dringlichkeitsantrag zur Bergischen Gesellschaft für Ressourceneffizienz mbH - Fraktion von Bündnis 90 / DIE GRÜNEN im Rat der Stadt Wuppertal

Gemeinsamer Antrag der Fraktionen von BÜNDNIS 90/DIE GRÜNEN, FDP und WfW zum Ausschuss für Finanzen und Beteiligungssteuerung am 13.12.2011, zum Hauptausschuss am 14.12.2011 und zum Rat der Stadt Wuppertal am 19.12.201

Fraktion von Bündnis 90 / DIE GRÜNEN im Rat der Stadt Wuppertal
