{"id":21214,"date":"2023-05-17T14:26:09","date_gmt":"2023-05-17T12:26:09","guid":{"rendered":"https:\/\/gruene-wuppertal.de\/fraktion\/?post_type=antraege&#038;p=21214"},"modified":"2023-05-17T14:26:09","modified_gmt":"2023-05-17T12:26:09","slug":"kulturpass-fuer-jugendliche","status":"publish","type":"antraege","link":"https:\/\/gruene-wuppertal.de\/fraktion\/antraege\/kulturpass-fuer-jugendliche\/","title":{"rendered":"KulturPass f\u00fcr Jugendliche"},"content":{"rendered":"<p><strong>Antrag der Fraktion B\u00dcNDNIS 90\/DIE GR\u00dcNEN an den Ausschuss f\u00fcr Kultur am 07.06.2023<\/strong><\/p>\n<p>Sehr geehrter Herr Dr. K\u00f6ster,<\/p>\n<p>die Fraktion B\u00dcNDNIS 90\/DIE GR\u00dcNEN beantragt, der Ausschuss f\u00fcr Kultur m\u00f6ge folgenden Beschluss fassen:<\/p>\n<p>Die Verwaltung wird gebeten, in der n\u00e4chsten Sitzung des Ausschusses f\u00fcr Kultur einen Sachstandsbericht zur Einf\u00fchrung des Kulturpasses f\u00fcr Jugendliche vorzulegen und dabei folgende Aspekte zu ber\u00fccksichtigen:<\/p>\n<ol>\n<li>Gibt es f\u00fcr die Stadt Wuppertal schon \u00dcberlegungen, wie die Einf\u00fchrung des von der Bundesregierung f\u00fcr das 2. Quartal 2023 geplanten KulturPasses f\u00fcr Jugendliche vor Ort flankiert und unterst\u00fctzt werden kann?<\/li>\n<li>Wenn die Antwort nein lautet, bitten wir um Vorlage eines konkreten Zeit- und Ma\u00dfnahmenplan f\u00fcr eine Begleitung der Einf\u00fchrung des geplanten KulturPasses<\/li>\n<\/ol>\n<p>&nbsp;<\/p>\n<p><strong>Begr\u00fcndung:<\/strong><\/p>\n<p>Bereits vor einigen Jahren wurde u.a. in Frankreich erfolgreich ein Kulturpass f\u00fcr Jugendliche eingef\u00fchrt, der sich gro\u00dfer Beliebtheit erfreut. Dem Vorbild europ\u00e4ischer L\u00e4nder folgend, hat die Bundesregierung beschlossen, auch in Deutschland einen KulturPass einzuf\u00fchren. Mit einem Guthaben von 200 Euro m\u00f6chte der Bund junge Menschen dazu anregen, Kultur vor Ort zu erleben und die H\u00fcrden zu reduzieren. Au\u00dferdem soll damit auch die Kulturbranche unterst\u00fctzt werden, die weiterhin sehr unter den Auswirkungen der Pandemie leidet.<\/p>\n<p>Der KulturPass soll sich zun\u00e4chst an alle Jugendlichen in Deutschland richten, die im Jahr 2023 achtzehn Jahre alt werden. Laut Statistischem Bundesamt werden das etwa 750.000 Personen sein. Alle Jugendlichen erhalten ein Guthaben in H\u00f6he von 200 Euro. Dieses Guthaben k\u00f6nnen sie zwei Jahre lang auf einer digitalen Plattform einl\u00f6sen, die als App und Website verf\u00fcgbar sein wird. Der KulturPass soll dar\u00fcber hinaus auch die Nachfrage in den Kultureinrichtungen st\u00e4rken und ihnen zudem erm\u00f6glichen, neues Publikum f\u00fcr sich zu gewinnen.<\/p>\n<p>Auf der Plattform k\u00f6nnen sich lokale Kulturanbieter registrieren und dort beispielsweise Konzerte, Theater- und Kinovorstellungen anbieten. Auch Eintrittskarten f\u00fcr Museen oder Ausstellungen sowie B\u00fccher oder Vinylplatten sollen zum Angebot geh\u00f6ren. Die Registrierung ist beschr\u00e4nkt auf lokale Kulturanbieter*innen. Gro\u00dfe Verkaufsplattformen und Online-Versandh\u00e4ndler sind ausgeschlossen. Die Bundesregierung stellt f\u00fcr das Pilotprojekt 100 Millionen Euro zur Verf\u00fcgung. Das hat der Haushaltsausschuss des Deutschen Bundestags am 10. November 2022 beschlossen. Die Mittel kommen aus dem Etat der Staatsministerin f\u00fcr Kultur und Medien, Claudia Roth. Der KulturPass soll ab dem zweiten Quartal 2023 an den Start gehen. Bei erfolgreichem Verlauf kann das Programm in einem zweiten Schritt f\u00fcr Jugendliche im Alter von 15 bis 17 Jahren ge\u00f6ffnet werden, so eine Pressemitteilung der Bundesregierung.<\/p>\n<p>In der Sitzung des Ausschusses f\u00fcr Kultur am 3. Mai 2023 wurde das Thema ebenfalls angesprochen, aber es gab hierzu noch keine konkreten Vorstellungen seitens der Verwaltung, wann und wie eine entsprechende Kommunikation in Wuppertal geplant ist. Um dieses Angebot auch auf lokaler Ebene bekannt zu machen, sollte dies von Seiten der Verwaltung in Verbindung mit dem Stadtmarketing flankiert und durch entsprechende Werbung sowohl bei den Jugendlichen als auch bei den Kulturanbietern und Initiativen bekannt gemacht werden. Dar\u00fcber hinaus gilt es hier, Br\u00fccken zu bauen und die Player der kulturellen Bildung aktiv und perspektivisch mit einzubeziehen. Wichtig ist es, Ansprechpartner*innen zu etablieren, den Bedarf der Jugendlichen zu erforschen und der bei Ihnen geweckten Neugier eine Kontinuit\u00e4t zu erm\u00f6glichen.<\/p>\n<p>&nbsp;<\/p>\n<p>Mit freundlichen Gr\u00fc\u00dfen<\/p>\n<p>Dagmar Liste-Frinker\u00a0 \u00a0 \u00a0 \u00a0 \u00a0 Rainer Widmann<\/p>\n<p>Stadtverordnete\u00a0\u00a0\u00a0\u00a0\u00a0\u00a0\u00a0\u00a0\u00a0\u00a0\u00a0\u00a0\u00a0\u00a0\u00a0\u00a0\u00a0\u00a0\u00a0\u00a0\u00a0 Stadtverordneter<\/p>\n<p>&nbsp;<\/p>\n","protected":false},"excerpt":{"rendered":"<p>Antrag der Fraktion B\u00dcNDNIS 90\/DIE GR\u00dcNEN an den Ausschuss f\u00fcr Kultur am 07.06.2023 Sehr geehrter Herr Dr. K\u00f6ster, die Fraktion B\u00dcNDNIS 90\/DIE GR\u00dcNEN beantragt, der Ausschuss f\u00fcr Kultur m\u00f6ge folgenden Beschluss fassen: Die Verwaltung wird gebeten, in der n\u00e4chsten Sitzung des Ausschusses f\u00fcr Kultur einen&#8230;<\/p>\n","protected":false},"author":89,"featured_media":0,"menu_order":0,"comment_status":"open","ping_status":"open","template":"","meta":{"_wp_rev_ctl_limit":""},"themen":[35,10,416,148],"yoast_head":"<!-- This site is optimized with the Yoast SEO plugin v21.8 - https:\/\/yoast.com\/wordpress\/plugins\/seo\/ -->\n<title>KulturPass f\u00fcr Jugendliche - Fraktion von B\u00fcndnis 90 \/ DIE GR\u00dcNEN im Rat der Stadt Wuppertal<\/title>\n<meta name=\"robots\" content=\"index, follow, max-snippet:-1, max-image-preview:large, max-video-preview:-1\" \/>\n<link rel=\"canonical\" href=\"https:\/\/gruene-wuppertal.de\/fraktion\/antraege\/kulturpass-fuer-jugendliche\/\" \/>\n<meta property=\"og:locale\" content=\"de_DE\" \/>\n<meta property=\"og:type\" content=\"article\" \/>\n<meta property=\"og:title\" content=\"KulturPass f\u00fcr Jugendliche - Fraktion von B\u00fcndnis 90 \/ DIE GR\u00dcNEN im Rat der Stadt Wuppertal\" \/>\n<meta property=\"og:description\" content=\"Antrag der Fraktion B\u00dcNDNIS 90\/DIE GR\u00dcNEN an den Ausschuss f\u00fcr Kultur am 07.06.2023 Sehr geehrter Herr Dr. K\u00f6ster, die Fraktion B\u00dcNDNIS 90\/DIE GR\u00dcNEN beantragt, der Ausschuss f\u00fcr Kultur m\u00f6ge folgenden Beschluss fassen: Die Verwaltung wird gebeten, in der n\u00e4chsten Sitzung des Ausschusses f\u00fcr Kultur einen...\" \/>\n<meta property=\"og:url\" content=\"https:\/\/gruene-wuppertal.de\/fraktion\/antraege\/kulturpass-fuer-jugendliche\/\" \/>\n<meta property=\"og:site_name\" content=\"Fraktion von B\u00fcndnis 90 \/ DIE GR\u00dcNEN im Rat der Stadt Wuppertal\" \/>\n<meta name=\"twitter:card\" content=\"summary_large_image\" \/>\n<meta name=\"twitter:label1\" content=\"Gesch\u00e4tzte Lesezeit\" \/>\n\t<meta name=\"twitter:data1\" content=\"3 Minuten\" \/>\n<script type=\"application\/ld+json\" class=\"yoast-schema-graph\">{\"@context\":\"https:\/\/schema.org\",\"@graph\":[{\"@type\":\"WebPage\",\"@id\":\"https:\/\/gruene-wuppertal.de\/fraktion\/antraege\/kulturpass-fuer-jugendliche\/\",\"url\":\"https:\/\/gruene-wuppertal.de\/fraktion\/antraege\/kulturpass-fuer-jugendliche\/\",\"name\":\"KulturPass f\u00fcr Jugendliche - Fraktion von B\u00fcndnis 90 \/ DIE GR\u00dcNEN im Rat der Stadt Wuppertal\",\"isPartOf\":{\"@id\":\"https:\/\/gruene-wuppertal.de\/fraktion\/#website\"},\"datePublished\":\"2023-05-17T12:26:09+00:00\",\"dateModified\":\"2023-05-17T12:26:09+00:00\",\"breadcrumb\":{\"@id\":\"https:\/\/gruene-wuppertal.de\/fraktion\/antraege\/kulturpass-fuer-jugendliche\/#breadcrumb\"},\"inLanguage\":\"de-DE\",\"potentialAction\":[{\"@type\":\"ReadAction\",\"target\":[\"https:\/\/gruene-wuppertal.de\/fraktion\/antraege\/kulturpass-fuer-jugendliche\/\"]}]},{\"@type\":\"BreadcrumbList\",\"@id\":\"https:\/\/gruene-wuppertal.de\/fraktion\/antraege\/kulturpass-fuer-jugendliche\/#breadcrumb\",\"itemListElement\":[{\"@type\":\"ListItem\",\"position\":1,\"name\":\"Startseite\",\"item\":\"https:\/\/gruene-wuppertal.de\/fraktion\/\"},{\"@type\":\"ListItem\",\"position\":2,\"name\":\"KulturPass f\u00fcr Jugendliche\"}]},{\"@type\":\"WebSite\",\"@id\":\"https:\/\/gruene-wuppertal.de\/fraktion\/#website\",\"url\":\"https:\/\/gruene-wuppertal.de\/fraktion\/\",\"name\":\"Fraktion von B\u00fcndnis 90 \/ DIE GR\u00dcNEN im Rat der Stadt Wuppertal\",\"description\":\"\",\"potentialAction\":[{\"@type\":\"SearchAction\",\"target\":{\"@type\":\"EntryPoint\",\"urlTemplate\":\"https:\/\/gruene-wuppertal.de\/fraktion\/?s={search_term_string}\"},\"query-input\":\"required name=search_term_string\"}],\"inLanguage\":\"de-DE\"}]}<\/script>\n<!-- \/ Yoast SEO plugin. -->","yoast_head_json":{"title":"KulturPass f\u00fcr Jugendliche - Fraktion von B\u00fcndnis 90 \/ DIE GR\u00dcNEN im Rat der Stadt Wuppertal","robots":{"index":"index","follow":"follow","max-snippet":"max-snippet:-1","max-image-preview":"max-image-preview:large","max-video-preview":"max-video-preview:-1"},"canonical":"https:\/\/gruene-wuppertal.de\/fraktion\/antraege\/kulturpass-fuer-jugendliche\/","og_locale":"de_DE","og_type":"article","og_title":"KulturPass f\u00fcr Jugendliche - Fraktion von B\u00fcndnis 90 \/ DIE GR\u00dcNEN im Rat der Stadt Wuppertal","og_description":"Antrag der Fraktion B\u00dcNDNIS 90\/DIE GR\u00dcNEN an den Ausschuss f\u00fcr Kultur am 07.06.2023 Sehr geehrter Herr Dr. K\u00f6ster, die Fraktion B\u00dcNDNIS 90\/DIE GR\u00dcNEN beantragt, der Ausschuss f\u00fcr Kultur m\u00f6ge folgenden Beschluss fassen: Die Verwaltung wird gebeten, in der n\u00e4chsten Sitzung des Ausschusses f\u00fcr Kultur einen...","og_url":"https:\/\/gruene-wuppertal.de\/fraktion\/antraege\/kulturpass-fuer-jugendliche\/","og_site_name":"Fraktion von B\u00fcndnis 90 \/ DIE GR\u00dcNEN im Rat der Stadt Wuppertal","twitter_card":"summary_large_image","twitter_misc":{"Gesch\u00e4tzte Lesezeit":"3 Minuten"},"schema":{"@context":"https:\/\/schema.org","@graph":[{"@type":"WebPage","@id":"https:\/\/gruene-wuppertal.de\/fraktion\/antraege\/kulturpass-fuer-jugendliche\/","url":"https:\/\/gruene-wuppertal.de\/fraktion\/antraege\/kulturpass-fuer-jugendliche\/","name":"KulturPass f\u00fcr Jugendliche - Fraktion von B\u00fcndnis 90 \/ DIE GR\u00dcNEN im Rat der Stadt Wuppertal","isPartOf":{"@id":"https:\/\/gruene-wuppertal.de\/fraktion\/#website"},"datePublished":"2023-05-17T12:26:09+00:00","dateModified":"2023-05-17T12:26:09+00:00","breadcrumb":{"@id":"https:\/\/gruene-wuppertal.de\/fraktion\/antraege\/kulturpass-fuer-jugendliche\/#breadcrumb"},"inLanguage":"de-DE","potentialAction":[{"@type":"ReadAction","target":["https:\/\/gruene-wuppertal.de\/fraktion\/antraege\/kulturpass-fuer-jugendliche\/"]}]},{"@type":"BreadcrumbList","@id":"https:\/\/gruene-wuppertal.de\/fraktion\/antraege\/kulturpass-fuer-jugendliche\/#breadcrumb","itemListElement":[{"@type":"ListItem","position":1,"name":"Startseite","item":"https:\/\/gruene-wuppertal.de\/fraktion\/"},{"@type":"ListItem","position":2,"name":"KulturPass f\u00fcr Jugendliche"}]},{"@type":"WebSite","@id":"https:\/\/gruene-wuppertal.de\/fraktion\/#website","url":"https:\/\/gruene-wuppertal.de\/fraktion\/","name":"Fraktion von B\u00fcndnis 90 \/ DIE GR\u00dcNEN im Rat der Stadt Wuppertal","description":"","potentialAction":[{"@type":"SearchAction","target":{"@type":"EntryPoint","urlTemplate":"https:\/\/gruene-wuppertal.de\/fraktion\/?s={search_term_string}"},"query-input":"required name=search_term_string"}],"inLanguage":"de-DE"}]}},"post_mailing_queue_ids":[],"_links":{"self":[{"href":"https:\/\/gruene-wuppertal.de\/fraktion\/wp-json\/wp\/v2\/antraege\/21214"}],"collection":[{"href":"https:\/\/gruene-wuppertal.de\/fraktion\/wp-json\/wp\/v2\/antraege"}],"about":[{"href":"https:\/\/gruene-wuppertal.de\/fraktion\/wp-json\/wp\/v2\/types\/antraege"}],"author":[{"embeddable":true,"href":"https:\/\/gruene-wuppertal.de\/fraktion\/wp-json\/wp\/v2\/users\/89"}],"replies":[{"embeddable":true,"href":"https:\/\/gruene-wuppertal.de\/fraktion\/wp-json\/wp\/v2\/comments?post=21214"}],"version-history":[{"count":2,"href":"https:\/\/gruene-wuppertal.de\/fraktion\/wp-json\/wp\/v2\/antraege\/21214\/revisions"}],"predecessor-version":[{"id":21216,"href":"https:\/\/gruene-wuppertal.de\/fraktion\/wp-json\/wp\/v2\/antraege\/21214\/revisions\/21216"}],"wp:attachment":[{"href":"https:\/\/gruene-wuppertal.de\/fraktion\/wp-json\/wp\/v2\/media?parent=21214"}],"wp:term":[{"taxonomy":"themen","embeddable":true,"href":"https:\/\/gruene-wuppertal.de\/fraktion\/wp-json\/wp\/v2\/themen?post=21214"}],"curies":[{"name":"wp","href":"https:\/\/api.w.org\/{rel}","templated":true}]}}

KulturPass für Jugendliche

<p><strong>Antrag der Fraktion BÜNDNIS 90/DIE GRÜNEN an den Ausschuss für Kultur am 07.06.2023</strong></p>
<p>Sehr geehrter Herr Dr. Köster,</p>
<p>die Fraktion BÜNDNIS 90/DIE GRÜNEN beantragt, der Ausschuss für Kultur möge folgenden Beschluss fassen:</p>
<p>Die Verwaltung wird gebeten, in der nächsten Sitzung des Ausschusses für Kultur einen Sachstandsbericht zur Einführung des Kulturpasses für Jugendliche vorzulegen und dabei folgende Aspekte zu berücksichtigen:</p>
<ol>
<li>Gibt es für die Stadt Wuppertal schon Überlegungen, wie die Einführung des von der Bundesregierung für das 2. Quartal 2023 geplanten KulturPasses für Jugendliche vor Ort flankiert und unterstützt werden kann?</li>
<li>Wenn die Antwort nein lautet, bitten wir um Vorlage eines konkreten Zeit- und Maßnahmenplan für eine Begleitung der Einführung des geplanten KulturPasses</li>
</ol>
<p>&nbsp;</p>
<p><strong>Begründung:</strong></p>
<p>Bereits vor einigen Jahren wurde u.a. in Frankreich erfolgreich ein Kulturpass für Jugendliche eingeführt, der sich großer Beliebtheit erfreut. Dem Vorbild europäischer Länder folgend, hat die Bundesregierung beschlossen, auch in Deutschland einen KulturPass einzuführen. Mit einem Guthaben von 200 Euro möchte der Bund junge Menschen dazu anregen, Kultur vor Ort zu erleben und die Hürden zu reduzieren. Außerdem soll damit auch die Kulturbranche unterstützt werden, die weiterhin sehr unter den Auswirkungen der Pandemie leidet.</p>
<p>Der KulturPass soll sich zunächst an alle Jugendlichen in Deutschland richten, die im Jahr 2023 achtzehn Jahre alt werden. Laut Statistischem Bundesamt werden das etwa 750.000 Personen sein. Alle Jugendlichen erhalten ein Guthaben in Höhe von 200 Euro. Dieses Guthaben können sie zwei Jahre lang auf einer digitalen Plattform einlösen, die als App und Website verfügbar sein wird. Der KulturPass soll darüber hinaus auch die Nachfrage in den Kultureinrichtungen stärken und ihnen zudem ermöglichen, neues Publikum für sich zu gewinnen.</p>
<p>Auf der Plattform können sich lokale Kulturanbieter registrieren und dort beispielsweise Konzerte, Theater- und Kinovorstellungen anbieten. Auch Eintrittskarten für Museen oder Ausstellungen sowie Bücher oder Vinylplatten sollen zum Angebot gehören. Die Registrierung ist beschränkt auf lokale Kulturanbieter*innen. Große Verkaufsplattformen und Online-Versandhändler sind ausgeschlossen. Die Bundesregierung stellt für das Pilotprojekt 100 Millionen Euro zur Verfügung. Das hat der Haushaltsausschuss des Deutschen Bundestags am 10. November 2022 beschlossen. Die Mittel kommen aus dem Etat der Staatsministerin für Kultur und Medien, Claudia Roth. Der KulturPass soll ab dem zweiten Quartal 2023 an den Start gehen. Bei erfolgreichem Verlauf kann das Programm in einem zweiten Schritt für Jugendliche im Alter von 15 bis 17 Jahren geöffnet werden, so eine Pressemitteilung der Bundesregierung.</p>
<p>In der Sitzung des Ausschusses für Kultur am 3. Mai 2023 wurde das Thema ebenfalls angesprochen, aber es gab hierzu noch keine konkreten Vorstellungen seitens der Verwaltung, wann und wie eine entsprechende Kommunikation in Wuppertal geplant ist. Um dieses Angebot auch auf lokaler Ebene bekannt zu machen, sollte dies von Seiten der Verwaltung in Verbindung mit dem Stadtmarketing flankiert und durch entsprechende Werbung sowohl bei den Jugendlichen als auch bei den Kulturanbietern und Initiativen bekannt gemacht werden. Darüber hinaus gilt es hier, Brücken zu bauen und die Player der kulturellen Bildung aktiv und perspektivisch mit einzubeziehen. Wichtig ist es, Ansprechpartner*innen zu etablieren, den Bedarf der Jugendlichen zu erforschen und der bei Ihnen geweckten Neugier eine Kontinuität zu ermöglichen.</p>
<p>&nbsp;</p>
<p>Mit freundlichen Grüßen</p>
<p>Dagmar Liste-Frinker          Rainer Widmann</p>
<p>Stadtverordnete                      Stadtverordneter</p>
<p>&nbsp;</p>

<p>Antrag der Fraktion BÜNDNIS 90/DIE GRÜNEN an den Ausschuss für Kultur am 07.06.2023 Sehr geehrter Herr Dr. Köster, die Fraktion BÜNDNIS 90/DIE GRÜNEN beantragt, der Ausschuss für Kultur möge folgenden Beschluss fassen: Die Verwaltung wird gebeten, in der nächsten Sitzung des Ausschusses für Kultur einen&#8230;</p>

<!-- This site is optimized with the Yoast SEO plugin v21.8 - https://yoast.com/wordpress/plugins/seo/ -->
<title>KulturPass für Jugendliche - Fraktion von Bündnis 90 / DIE GRÜNEN im Rat der Stadt Wuppertal</title>
<meta name="robots" content="index, follow, max-snippet:-1, max-image-preview:large, max-video-preview:-1" />
<link rel="canonical" href="https://gruene-wuppertal.de/fraktion/antraege/kulturpass-fuer-jugendliche/" />
<meta property="og:locale" content="de_DE" />
<meta property="og:type" content="article" />
<meta property="og:title" content="KulturPass für Jugendliche - Fraktion von Bündnis 90 / DIE GRÜNEN im Rat der Stadt Wuppertal" />
<meta property="og:description" content="Antrag der Fraktion BÜNDNIS 90/DIE GRÜNEN an den Ausschuss für Kultur am 07.06.2023 Sehr geehrter Herr Dr. Köster, die Fraktion BÜNDNIS 90/DIE GRÜNEN beantragt, der Ausschuss für Kultur möge folgenden Beschluss fassen: Die Verwaltung wird gebeten, in der nächsten Sitzung des Ausschusses für Kultur einen..." />
<meta property="og:url" content="https://gruene-wuppertal.de/fraktion/antraege/kulturpass-fuer-jugendliche/" />
<meta property="og:site_name" content="Fraktion von Bündnis 90 / DIE GRÜNEN im Rat der Stadt Wuppertal" />
<meta name="twitter:card" content="summary_large_image" />
<meta name="twitter:label1" content="Geschätzte Lesezeit" />
	<meta name="twitter:data1" content="3 Minuten" />
<script type="application/ld+json" class="yoast-schema-graph">{"@context":"https://schema.org","@graph":[{"@type":"WebPage","@id":"https://gruene-wuppertal.de/fraktion/antraege/kulturpass-fuer-jugendliche/","url":"https://gruene-wuppertal.de/fraktion/antraege/kulturpass-fuer-jugendliche/","name":"KulturPass für Jugendliche - Fraktion von Bündnis 90 / DIE GRÜNEN im Rat der Stadt Wuppertal","isPartOf":{"@id":"https://gruene-wuppertal.de/fraktion/#website"},"datePublished":"2023-05-17T12:26:09+00:00","dateModified":"2023-05-17T12:26:09+00:00","breadcrumb":{"@id":"https://gruene-wuppertal.de/fraktion/antraege/kulturpass-fuer-jugendliche/#breadcrumb"},"inLanguage":"de-DE","potentialAction":[{"@type":"ReadAction","target":["https://gruene-wuppertal.de/fraktion/antraege/kulturpass-fuer-jugendliche/"]}]},{"@type":"BreadcrumbList","@id":"https://gruene-wuppertal.de/fraktion/antraege/kulturpass-fuer-jugendliche/#breadcrumb","itemListElement":[{"@type":"ListItem","position":1,"name":"Startseite","item":"https://gruene-wuppertal.de/fraktion/"},{"@type":"ListItem","position":2,"name":"KulturPass für Jugendliche"}]},{"@type":"WebSite","@id":"https://gruene-wuppertal.de/fraktion/#website","url":"https://gruene-wuppertal.de/fraktion/","name":"Fraktion von Bündnis 90 / DIE GRÜNEN im Rat der Stadt Wuppertal","description":"","potentialAction":[{"@type":"SearchAction","target":{"@type":"EntryPoint","urlTemplate":"https://gruene-wuppertal.de/fraktion/?s={search_term_string}"},"query-input":"required name=search_term_string"}],"inLanguage":"de-DE"}]}</script>
<!-- / Yoast SEO plugin. -->

KulturPass für Jugendliche - Fraktion von Bündnis 90 / DIE GRÜNEN im Rat der Stadt Wuppertal

Antrag der Fraktion BÜNDNIS 90/DIE GRÜNEN an den Ausschuss für Kultur am 07.06.2023 Sehr geehrter Herr Dr. Köster, die Fraktion BÜNDNIS 90/DIE GRÜNEN beantragt, der Ausschuss für Kultur möge folgenden Beschluss fassen: Die Verwaltung wird gebeten, in der nächsten Sitzung des Ausschusses für Kultur einen...

Fraktion von Bündnis 90 / DIE GRÜNEN im Rat der Stadt Wuppertal
