{"id":14688,"date":"2019-04-15T12:15:59","date_gmt":"2019-04-15T12:15:59","guid":{"rendered":"https:\/\/gruene-wuppertal.de\/fraktion\/?post_type=antraege&amp;p=14688"},"modified":"2019-04-15T12:15:59","modified_gmt":"2019-04-15T12:15:59","slug":"bericht-zum-freibad-mahlersbeck","status":"publish","type":"antraege","link":"https:\/\/gruene-wuppertal.de\/fraktion\/antraege\/bericht-zum-freibad-mahlersbeck\/","title":{"rendered":"Bericht zum Freibad M\u00e4hlersbeck"},"content":{"rendered":"<p><strong>Gemeinsamer Antrag der CDU-Fraktion und der Fraktion B\u00dcNDNIS 90\/DIE GR\u00dcNEN an den Betriebsausschuss Geb\u00e4udemanagement am 02.05.2019<\/strong><\/p>\n<p>Den Bericht der Verwaltung finden Sie hier:<br \/>\n<a href=\"https:\/\/gruene-wuppertal.de\/fraktion\/wp-content\/uploads\/2019\/04\/Antwort_Freibad_Maehlersbeck.pdf\">Antwort_Freibad_Maehlersbeck<\/a><\/p>\n<p>Sehr geehrte Frau Warnecke,<\/p>\n<p>zur n\u00e4chsten Sitzung des Betriebsausschusses Geb\u00e4udemanagement am 2. Mai 2019 beantragen die Fraktionen von CDU und B\u00fcndnis 90\/Die Gr\u00fcnen die Aufnahme des Beratungspunktes \u201eBericht zum Freibad M\u00e4hlersbeck\u201c.<\/p>\n<p>Bekanntlich hat der Bund mit Beschluss des zust\u00e4ndigen Fachausschusses im Deutschen Bundestag seine Bereitschaft erkl\u00e4rt, die Sanierung des Freibades M\u00e4hlersbeck mit vier Millionen Euro zu f\u00f6rdern. Dabei geht man von den zuletzt im vergangenen Jahr ermittelten Gesamtkosten in H\u00f6he von elf Millionen Euro aus. Im st\u00e4dtischen Haushalt stehen f\u00fcr den Zeitraum bis zum Jahre 2022 hierf\u00fcr f\u00fcnf Millionen Euro zur Verf\u00fcgung. Die Finanzierung der restlichen zwei Millionen Euro \u00fcber den st\u00e4dtischen Haushalt ist nicht sichergestellt.<\/p>\n<p>In diesem Zusammenhang bitten wir die Verwaltung, u.a. zu den nachfolgenden Fragen Stellung zu nehmen:<\/p>\n<p>1.\u00a0 Ist der Stand der im vergangenen Jahr ermittelten Baukosten mit einem Gesamtvolumen von zurzeit elf Millionen Euro noch aktuell und was wird damit umgesetzt?<\/p>\n<p>2.\u00a0 K\u00f6nnte die Ma\u00dfnahme ggf. auch mit einem um zwei Millionen Euro reduzierten Gesamtkostenvolumen noch sinnvoll verwirklicht werden? In welcher Weise w\u00fcrde sich eine solche Ma\u00dfnahme von der urspr\u00fcnglichen Planung unterscheiden bzw. was w\u00fcrde einer m\u00f6glichen Kostenreduzierung in dieser Gr\u00f6\u00dfenordnung zum Opfer fallen?<\/p>\n<p>3.\u00a0 Werden die Zuwendungen des Bundes anteilig berechnet und muss bei einer Ver\u00e4nderung der Gesamtbaukosten auch eine entsprechend reduzierte F\u00f6rdersumme einkalkuliert werden?<\/p>\n<p>4.\u00a0 Sieht sich die Verwaltung unter den gegenw\u00e4rtigen Voraussetzungen grunds\u00e4tzlich in der Lage, das Projekt \u201eSanierung des Freibades M\u00e4hlersbeck\u201c bis zum Jahre 2022 zu realisieren?<\/p>\n<p>Die Stellungnahme der Verwaltung und die Ergebnisse der Beratungen im Betriebsausschuss Geb\u00e4udemanagement sind auch den Mitgliedern des Sportausschusses zu \u00fcbermitteln.<\/p>\n<p>&nbsp;<\/p>\n<p>Mit freundlichen Gr\u00fc\u00dfen<\/p>\n<p>Thomas Hahnel-M\u00fcller, Stadtverordneter\u00a0\u00a0\u00a0 \u00a0 \u00a0 \u00a0 Bettina Br\u00fccher, B\u00fcrgermeisterin<br \/>\n&#8211; Sprecher &#8211; \u00a0 \u00a0 \u00a0 \u00a0 \u00a0 \u00a0 \u00a0 \u00a0 \u00a0 \u00a0 \u00a0 \u00a0 \u00a0 \u00a0 \u00a0 \u00a0 \u00a0 \u00a0 \u00a0 \u00a0 \u00a0 \u00a0 \u00a0 \u00a0 \u00a0 \u00a0\u00a0 &#8211; Sprecherin &#8211;<\/p>\n","protected":false},"excerpt":{"rendered":"<p>Gemeinsamer Antrag der CDU-Fraktion und der Fraktion B\u00dcNDNIS 90\/DIE GR\u00dcNEN an den Betriebsausschuss Geb\u00e4udemanagement am 02.05.2019 Den Bericht der Verwaltung finden Sie hier: Antwort_Freibad_Maehlersbeck Sehr geehrte Frau Warnecke, zur n\u00e4chsten Sitzung des Betriebsausschusses Geb\u00e4udemanagement am 2. Mai 2019 beantragen die Fraktionen von CDU und B\u00fcndnis&#8230;<\/p>\n","protected":false},"author":20,"featured_media":0,"menu_order":0,"comment_status":"closed","ping_status":"closed","template":"","meta":{"_wp_rev_ctl_limit":""},"themen":[24,36,12,58],"yoast_head":"<!-- This site is optimized with the Yoast SEO plugin v21.8 - https:\/\/yoast.com\/wordpress\/plugins\/seo\/ -->\n<title>Bericht zum Freibad M\u00e4hlersbeck - Fraktion von B\u00fcndnis 90 \/ DIE GR\u00dcNEN im Rat der Stadt Wuppertal<\/title>\n<meta name=\"robots\" content=\"index, follow, max-snippet:-1, max-image-preview:large, max-video-preview:-1\" \/>\n<link rel=\"canonical\" href=\"https:\/\/gruene-wuppertal.de\/fraktion\/antraege\/bericht-zum-freibad-mahlersbeck\/\" \/>\n<meta property=\"og:locale\" content=\"de_DE\" \/>\n<meta property=\"og:type\" content=\"article\" \/>\n<meta property=\"og:title\" content=\"Bericht zum Freibad M\u00e4hlersbeck - Fraktion von B\u00fcndnis 90 \/ DIE GR\u00dcNEN im Rat der Stadt Wuppertal\" \/>\n<meta property=\"og:description\" content=\"Gemeinsamer Antrag der CDU-Fraktion und der Fraktion B\u00dcNDNIS 90\/DIE GR\u00dcNEN an den Betriebsausschuss Geb\u00e4udemanagement am 02.05.2019 Den Bericht der Verwaltung finden Sie hier: Antwort_Freibad_Maehlersbeck Sehr geehrte Frau Warnecke, zur n\u00e4chsten Sitzung des Betriebsausschusses Geb\u00e4udemanagement am 2. Mai 2019 beantragen die Fraktionen von CDU und B\u00fcndnis...\" \/>\n<meta property=\"og:url\" content=\"https:\/\/gruene-wuppertal.de\/fraktion\/antraege\/bericht-zum-freibad-mahlersbeck\/\" \/>\n<meta property=\"og:site_name\" content=\"Fraktion von B\u00fcndnis 90 \/ DIE GR\u00dcNEN im Rat der Stadt Wuppertal\" \/>\n<meta name=\"twitter:card\" content=\"summary_large_image\" \/>\n<meta name=\"twitter:label1\" content=\"Gesch\u00e4tzte Lesezeit\" \/>\n\t<meta name=\"twitter:data1\" content=\"2 Minuten\" \/>\n<script type=\"application\/ld+json\" class=\"yoast-schema-graph\">{\"@context\":\"https:\/\/schema.org\",\"@graph\":[{\"@type\":\"WebPage\",\"@id\":\"https:\/\/gruene-wuppertal.de\/fraktion\/antraege\/bericht-zum-freibad-mahlersbeck\/\",\"url\":\"https:\/\/gruene-wuppertal.de\/fraktion\/antraege\/bericht-zum-freibad-mahlersbeck\/\",\"name\":\"Bericht zum Freibad M\u00e4hlersbeck - Fraktion von B\u00fcndnis 90 \/ DIE GR\u00dcNEN im Rat der Stadt Wuppertal\",\"isPartOf\":{\"@id\":\"https:\/\/gruene-wuppertal.de\/fraktion\/#website\"},\"datePublished\":\"2019-04-15T12:15:59+00:00\",\"dateModified\":\"2019-04-15T12:15:59+00:00\",\"breadcrumb\":{\"@id\":\"https:\/\/gruene-wuppertal.de\/fraktion\/antraege\/bericht-zum-freibad-mahlersbeck\/#breadcrumb\"},\"inLanguage\":\"de-DE\",\"potentialAction\":[{\"@type\":\"ReadAction\",\"target\":[\"https:\/\/gruene-wuppertal.de\/fraktion\/antraege\/bericht-zum-freibad-mahlersbeck\/\"]}]},{\"@type\":\"BreadcrumbList\",\"@id\":\"https:\/\/gruene-wuppertal.de\/fraktion\/antraege\/bericht-zum-freibad-mahlersbeck\/#breadcrumb\",\"itemListElement\":[{\"@type\":\"ListItem\",\"position\":1,\"name\":\"Startseite\",\"item\":\"https:\/\/gruene-wuppertal.de\/fraktion\/\"},{\"@type\":\"ListItem\",\"position\":2,\"name\":\"Bericht zum Freibad M\u00e4hlersbeck\"}]},{\"@type\":\"WebSite\",\"@id\":\"https:\/\/gruene-wuppertal.de\/fraktion\/#website\",\"url\":\"https:\/\/gruene-wuppertal.de\/fraktion\/\",\"name\":\"Fraktion von B\u00fcndnis 90 \/ DIE GR\u00dcNEN im Rat der Stadt Wuppertal\",\"description\":\"\",\"potentialAction\":[{\"@type\":\"SearchAction\",\"target\":{\"@type\":\"EntryPoint\",\"urlTemplate\":\"https:\/\/gruene-wuppertal.de\/fraktion\/?s={search_term_string}\"},\"query-input\":\"required name=search_term_string\"}],\"inLanguage\":\"de-DE\"}]}<\/script>\n<!-- \/ Yoast SEO plugin. -->","yoast_head_json":{"title":"Bericht zum Freibad M\u00e4hlersbeck - Fraktion von B\u00fcndnis 90 \/ DIE GR\u00dcNEN im Rat der Stadt Wuppertal","robots":{"index":"index","follow":"follow","max-snippet":"max-snippet:-1","max-image-preview":"max-image-preview:large","max-video-preview":"max-video-preview:-1"},"canonical":"https:\/\/gruene-wuppertal.de\/fraktion\/antraege\/bericht-zum-freibad-mahlersbeck\/","og_locale":"de_DE","og_type":"article","og_title":"Bericht zum Freibad M\u00e4hlersbeck - Fraktion von B\u00fcndnis 90 \/ DIE GR\u00dcNEN im Rat der Stadt Wuppertal","og_description":"Gemeinsamer Antrag der CDU-Fraktion und der Fraktion B\u00dcNDNIS 90\/DIE GR\u00dcNEN an den Betriebsausschuss Geb\u00e4udemanagement am 02.05.2019 Den Bericht der Verwaltung finden Sie hier: Antwort_Freibad_Maehlersbeck Sehr geehrte Frau Warnecke, zur n\u00e4chsten Sitzung des Betriebsausschusses Geb\u00e4udemanagement am 2. Mai 2019 beantragen die Fraktionen von CDU und B\u00fcndnis...","og_url":"https:\/\/gruene-wuppertal.de\/fraktion\/antraege\/bericht-zum-freibad-mahlersbeck\/","og_site_name":"Fraktion von B\u00fcndnis 90 \/ DIE GR\u00dcNEN im Rat der Stadt Wuppertal","twitter_card":"summary_large_image","twitter_misc":{"Gesch\u00e4tzte Lesezeit":"2 Minuten"},"schema":{"@context":"https:\/\/schema.org","@graph":[{"@type":"WebPage","@id":"https:\/\/gruene-wuppertal.de\/fraktion\/antraege\/bericht-zum-freibad-mahlersbeck\/","url":"https:\/\/gruene-wuppertal.de\/fraktion\/antraege\/bericht-zum-freibad-mahlersbeck\/","name":"Bericht zum Freibad M\u00e4hlersbeck - Fraktion von B\u00fcndnis 90 \/ DIE GR\u00dcNEN im Rat der Stadt Wuppertal","isPartOf":{"@id":"https:\/\/gruene-wuppertal.de\/fraktion\/#website"},"datePublished":"2019-04-15T12:15:59+00:00","dateModified":"2019-04-15T12:15:59+00:00","breadcrumb":{"@id":"https:\/\/gruene-wuppertal.de\/fraktion\/antraege\/bericht-zum-freibad-mahlersbeck\/#breadcrumb"},"inLanguage":"de-DE","potentialAction":[{"@type":"ReadAction","target":["https:\/\/gruene-wuppertal.de\/fraktion\/antraege\/bericht-zum-freibad-mahlersbeck\/"]}]},{"@type":"BreadcrumbList","@id":"https:\/\/gruene-wuppertal.de\/fraktion\/antraege\/bericht-zum-freibad-mahlersbeck\/#breadcrumb","itemListElement":[{"@type":"ListItem","position":1,"name":"Startseite","item":"https:\/\/gruene-wuppertal.de\/fraktion\/"},{"@type":"ListItem","position":2,"name":"Bericht zum Freibad M\u00e4hlersbeck"}]},{"@type":"WebSite","@id":"https:\/\/gruene-wuppertal.de\/fraktion\/#website","url":"https:\/\/gruene-wuppertal.de\/fraktion\/","name":"Fraktion von B\u00fcndnis 90 \/ DIE GR\u00dcNEN im Rat der Stadt Wuppertal","description":"","potentialAction":[{"@type":"SearchAction","target":{"@type":"EntryPoint","urlTemplate":"https:\/\/gruene-wuppertal.de\/fraktion\/?s={search_term_string}"},"query-input":"required name=search_term_string"}],"inLanguage":"de-DE"}]}},"post_mailing_queue_ids":[],"_links":{"self":[{"href":"https:\/\/gruene-wuppertal.de\/fraktion\/wp-json\/wp\/v2\/antraege\/14688"}],"collection":[{"href":"https:\/\/gruene-wuppertal.de\/fraktion\/wp-json\/wp\/v2\/antraege"}],"about":[{"href":"https:\/\/gruene-wuppertal.de\/fraktion\/wp-json\/wp\/v2\/types\/antraege"}],"author":[{"embeddable":true,"href":"https:\/\/gruene-wuppertal.de\/fraktion\/wp-json\/wp\/v2\/users\/20"}],"replies":[{"embeddable":true,"href":"https:\/\/gruene-wuppertal.de\/fraktion\/wp-json\/wp\/v2\/comments?post=14688"}],"version-history":[{"count":0,"href":"https:\/\/gruene-wuppertal.de\/fraktion\/wp-json\/wp\/v2\/antraege\/14688\/revisions"}],"wp:attachment":[{"href":"https:\/\/gruene-wuppertal.de\/fraktion\/wp-json\/wp\/v2\/media?parent=14688"}],"wp:term":[{"taxonomy":"themen","embeddable":true,"href":"https:\/\/gruene-wuppertal.de\/fraktion\/wp-json\/wp\/v2\/themen?post=14688"}],"curies":[{"name":"wp","href":"https:\/\/api.w.org\/{rel}","templated":true}]}}

Bericht zum Freibad Mählersbeck

<p><strong>Gemeinsamer Antrag der CDU-Fraktion und der Fraktion BÜNDNIS 90/DIE GRÜNEN an den Betriebsausschuss Gebäudemanagement am 02.05.2019</strong></p>
<p>Den Bericht der Verwaltung finden Sie hier:<br />
<a href="https://gruene-wuppertal.de/fraktion/wp-content/uploads/2019/04/Antwort_Freibad_Maehlersbeck.pdf">Antwort_Freibad_Maehlersbeck</a></p>
<p>Sehr geehrte Frau Warnecke,</p>
<p>zur nächsten Sitzung des Betriebsausschusses Gebäudemanagement am 2. Mai 2019 beantragen die Fraktionen von CDU und Bündnis 90/Die Grünen die Aufnahme des Beratungspunktes „Bericht zum Freibad Mählersbeck“.</p>
<p>Bekanntlich hat der Bund mit Beschluss des zuständigen Fachausschusses im Deutschen Bundestag seine Bereitschaft erklärt, die Sanierung des Freibades Mählersbeck mit vier Millionen Euro zu fördern. Dabei geht man von den zuletzt im vergangenen Jahr ermittelten Gesamtkosten in Höhe von elf Millionen Euro aus. Im städtischen Haushalt stehen für den Zeitraum bis zum Jahre 2022 hierfür fünf Millionen Euro zur Verfügung. Die Finanzierung der restlichen zwei Millionen Euro über den städtischen Haushalt ist nicht sichergestellt.</p>
<p>In diesem Zusammenhang bitten wir die Verwaltung, u.a. zu den nachfolgenden Fragen Stellung zu nehmen:</p>
<p>1.  Ist der Stand der im vergangenen Jahr ermittelten Baukosten mit einem Gesamtvolumen von zurzeit elf Millionen Euro noch aktuell und was wird damit umgesetzt?</p>
<p>2.  Könnte die Maßnahme ggf. auch mit einem um zwei Millionen Euro reduzierten Gesamtkostenvolumen noch sinnvoll verwirklicht werden? In welcher Weise würde sich eine solche Maßnahme von der ursprünglichen Planung unterscheiden bzw. was würde einer möglichen Kostenreduzierung in dieser Größenordnung zum Opfer fallen?</p>
<p>3.  Werden die Zuwendungen des Bundes anteilig berechnet und muss bei einer Veränderung der Gesamtbaukosten auch eine entsprechend reduzierte Fördersumme einkalkuliert werden?</p>
<p>4.  Sieht sich die Verwaltung unter den gegenwärtigen Voraussetzungen grundsätzlich in der Lage, das Projekt „Sanierung des Freibades Mählersbeck“ bis zum Jahre 2022 zu realisieren?</p>
<p>Die Stellungnahme der Verwaltung und die Ergebnisse der Beratungen im Betriebsausschuss Gebäudemanagement sind auch den Mitgliedern des Sportausschusses zu übermitteln.</p>
<p>&nbsp;</p>
<p>Mit freundlichen Grüßen</p>
<p>Thomas Hahnel-Müller, Stadtverordneter          Bettina Brücher, Bürgermeisterin<br />
&#8211; Sprecher &#8211;                                                      &#8211; Sprecherin &#8211;</p>

<p>Gemeinsamer Antrag der CDU-Fraktion und der Fraktion BÜNDNIS 90/DIE GRÜNEN an den Betriebsausschuss Gebäudemanagement am 02.05.2019 Den Bericht der Verwaltung finden Sie hier: Antwort_Freibad_Maehlersbeck Sehr geehrte Frau Warnecke, zur nächsten Sitzung des Betriebsausschusses Gebäudemanagement am 2. Mai 2019 beantragen die Fraktionen von CDU und Bündnis&#8230;</p>

<!-- This site is optimized with the Yoast SEO plugin v21.8 - https://yoast.com/wordpress/plugins/seo/ -->
<title>Bericht zum Freibad Mählersbeck - Fraktion von Bündnis 90 / DIE GRÜNEN im Rat der Stadt Wuppertal</title>
<meta name="robots" content="index, follow, max-snippet:-1, max-image-preview:large, max-video-preview:-1" />
<link rel="canonical" href="https://gruene-wuppertal.de/fraktion/antraege/bericht-zum-freibad-mahlersbeck/" />
<meta property="og:locale" content="de_DE" />
<meta property="og:type" content="article" />
<meta property="og:title" content="Bericht zum Freibad Mählersbeck - Fraktion von Bündnis 90 / DIE GRÜNEN im Rat der Stadt Wuppertal" />
<meta property="og:description" content="Gemeinsamer Antrag der CDU-Fraktion und der Fraktion BÜNDNIS 90/DIE GRÜNEN an den Betriebsausschuss Gebäudemanagement am 02.05.2019 Den Bericht der Verwaltung finden Sie hier: Antwort_Freibad_Maehlersbeck Sehr geehrte Frau Warnecke, zur nächsten Sitzung des Betriebsausschusses Gebäudemanagement am 2. Mai 2019 beantragen die Fraktionen von CDU und Bündnis..." />
<meta property="og:url" content="https://gruene-wuppertal.de/fraktion/antraege/bericht-zum-freibad-mahlersbeck/" />
<meta property="og:site_name" content="Fraktion von Bündnis 90 / DIE GRÜNEN im Rat der Stadt Wuppertal" />
<meta name="twitter:card" content="summary_large_image" />
<meta name="twitter:label1" content="Geschätzte Lesezeit" />
	<meta name="twitter:data1" content="2 Minuten" />
<script type="application/ld+json" class="yoast-schema-graph">{"@context":"https://schema.org","@graph":[{"@type":"WebPage","@id":"https://gruene-wuppertal.de/fraktion/antraege/bericht-zum-freibad-mahlersbeck/","url":"https://gruene-wuppertal.de/fraktion/antraege/bericht-zum-freibad-mahlersbeck/","name":"Bericht zum Freibad Mählersbeck - Fraktion von Bündnis 90 / DIE GRÜNEN im Rat der Stadt Wuppertal","isPartOf":{"@id":"https://gruene-wuppertal.de/fraktion/#website"},"datePublished":"2019-04-15T12:15:59+00:00","dateModified":"2019-04-15T12:15:59+00:00","breadcrumb":{"@id":"https://gruene-wuppertal.de/fraktion/antraege/bericht-zum-freibad-mahlersbeck/#breadcrumb"},"inLanguage":"de-DE","potentialAction":[{"@type":"ReadAction","target":["https://gruene-wuppertal.de/fraktion/antraege/bericht-zum-freibad-mahlersbeck/"]}]},{"@type":"BreadcrumbList","@id":"https://gruene-wuppertal.de/fraktion/antraege/bericht-zum-freibad-mahlersbeck/#breadcrumb","itemListElement":[{"@type":"ListItem","position":1,"name":"Startseite","item":"https://gruene-wuppertal.de/fraktion/"},{"@type":"ListItem","position":2,"name":"Bericht zum Freibad Mählersbeck"}]},{"@type":"WebSite","@id":"https://gruene-wuppertal.de/fraktion/#website","url":"https://gruene-wuppertal.de/fraktion/","name":"Fraktion von Bündnis 90 / DIE GRÜNEN im Rat der Stadt Wuppertal","description":"","potentialAction":[{"@type":"SearchAction","target":{"@type":"EntryPoint","urlTemplate":"https://gruene-wuppertal.de/fraktion/?s={search_term_string}"},"query-input":"required name=search_term_string"}],"inLanguage":"de-DE"}]}</script>
<!-- / Yoast SEO plugin. -->

Bericht zum Freibad Mählersbeck - Fraktion von Bündnis 90 / DIE GRÜNEN im Rat der Stadt Wuppertal

Gemeinsamer Antrag der CDU-Fraktion und der Fraktion BÜNDNIS 90/DIE GRÜNEN an den Betriebsausschuss Gebäudemanagement am 02.05.2019 Den Bericht der Verwaltung finden Sie hier: Antwort_Freibad_Maehlersbeck Sehr geehrte Frau Warnecke, zur nächsten Sitzung des Betriebsausschusses Gebäudemanagement am 2. Mai 2019 beantragen die Fraktionen von CDU und Bündnis...

Fraktion von Bündnis 90 / DIE GRÜNEN im Rat der Stadt Wuppertal
