{"id":14283,"date":"2018-12-07T08:48:50","date_gmt":"2018-12-07T08:48:50","guid":{"rendered":"https:\/\/gruene-wuppertal.de\/fraktion\/?post_type=antraege&amp;p=14283"},"modified":"2018-12-07T08:48:50","modified_gmt":"2018-12-07T08:48:50","slug":"resolution-zur-entwicklung-im-bereich-der-bayer-ag-am-standort-wuppertal","status":"publish","type":"antraege","link":"https:\/\/gruene-wuppertal.de\/fraktion\/antraege\/resolution-zur-entwicklung-im-bereich-der-bayer-ag-am-standort-wuppertal\/","title":{"rendered":"Resolution zur Entwicklung im Bereich der Bayer AG am Standort Wuppertal"},"content":{"rendered":"<p>Gemeinsamer Antrag der CDU-Fraktion und der Fraktion B\u00dcNDNIS 90\/DIE GR\u00dcNEN zur Sitzung des Rates am 17.12.18<\/p>\n<p>Sehr geehrter Herr Oberb\u00fcrgermeister,<\/p>\n<p>die Fraktionen von CDU und B\u00fcndnis 90\/Die Gr\u00fcnen beantragen, der Rat der Stadt m\u00f6ge in seiner n\u00e4chsten Sitzung am 17. Dezember 2018 die folgende Resolution beschlie\u00dfen:<\/p>\n<ul>\n<li>Nachdem auf der Betriebsversammlung der Bayer AG am 6. Dezember 2018 bekannt wurde, dass nunmehr insgesamt 750 Arbeitspl\u00e4tze am Standort Wuppertal wegfallen sollen, erkl\u00e4rt sich der Rat der Stadt solidarisch mit den Besch\u00e4ftigten und unterst\u00fctzt nachdr\u00fccklich den seitens des Betriebsrates angek\u00fcndigten massiven Protest. Es kann nicht angehen, dass die Mitarbeiterinnen und Mitarbeiter der Firma Bayer in Wuppertal jetzt die Zeche zahlen f\u00fcr unternehmerische Fehlentscheidungen sowie Managementfehler und -verfehlungen an anderer Stelle, die offenbar lange Zeit unter der Decke gehalten wurden. Hintergr\u00fcnde und der Umfang m\u00f6glicher Konsequenzen kommen offenbar nun scheibchenweise ans Licht.<\/li>\n<li>Der Rat der Stadt Wuppertal steht an der Seite der Arbeitnehmerinnen und Arbeitnehmer. Der Fortfall von 400 Arbeitspl\u00e4tzen in der Forschung und 350 in der Produktion trifft aber nicht nur die von dieser Entscheidung unmittelbar Betroffenen hart, sondern hat zugleich auch noch nicht absehbare Konsequenzen f\u00fcr die gesamtwirtschaftliche Entwicklung unserer Stadt.<\/li>\n<li>In dieser Situation fordert der Rat der Stadt den Vorstand und die Verantwortlichen in der Unternehmensleitung auf, mit offenen Karten zu spielen und alles f\u00fcr die Sicherung der Arbeitspl\u00e4tze und den Ausbau des Standortes Wuppertal zu unternehmen.\u00a0 Der Rat der Stadt Wuppertal erwartet jetzt ein klares Bekenntnis zu einem Industriestandort mit langj\u00e4hriger Firmentradition und die notwendige Entschlossenheit, einem m\u00f6glicherweise schleichenden Prozess mit aller Kraft gegenzusteuern.<\/li>\n<\/ul>\n<p><strong>Begr\u00fcndung:<\/strong><br \/>\n(erfolgt m\u00fcndlich)<\/p>\n<p>Mit freundlichen Gr\u00fc\u00dfen<\/p>\n<p>Michael M\u00fcller<br \/>\nFraktionsvorsitzender<\/p>\n<p>Anja Liebert\u00a0 Marc Schulz<br \/>\nFraktionsvorsitzende<\/p>\n","protected":false},"excerpt":{"rendered":"<p>Gemeinsamer Antrag der CDU-Fraktion und der Fraktion B\u00dcNDNIS 90\/DIE GR\u00dcNEN zur Sitzung des Rates am 17.12.18 Sehr geehrter Herr Oberb\u00fcrgermeister, die Fraktionen von CDU und B\u00fcndnis 90\/Die Gr\u00fcnen beantragen, der Rat der Stadt m\u00f6ge in seiner n\u00e4chsten Sitzung am 17. Dezember 2018 die folgende Resolution&#8230;<\/p>\n","protected":false},"author":6,"featured_media":0,"menu_order":0,"comment_status":"closed","ping_status":"closed","template":"","meta":{"_wp_rev_ctl_limit":""},"themen":[66,36,74],"yoast_head":"<!-- This site is optimized with the Yoast SEO plugin v21.8 - https:\/\/yoast.com\/wordpress\/plugins\/seo\/ -->\n<title>Resolution zur Entwicklung im Bereich der Bayer AG am Standort Wuppertal - Fraktion von B\u00fcndnis 90 \/ DIE GR\u00dcNEN im Rat der Stadt Wuppertal<\/title>\n<meta name=\"robots\" content=\"index, follow, max-snippet:-1, max-image-preview:large, max-video-preview:-1\" \/>\n<link rel=\"canonical\" href=\"https:\/\/gruene-wuppertal.de\/fraktion\/antraege\/resolution-zur-entwicklung-im-bereich-der-bayer-ag-am-standort-wuppertal\/\" \/>\n<meta property=\"og:locale\" content=\"de_DE\" \/>\n<meta property=\"og:type\" content=\"article\" \/>\n<meta property=\"og:title\" content=\"Resolution zur Entwicklung im Bereich der Bayer AG am Standort Wuppertal - Fraktion von B\u00fcndnis 90 \/ DIE GR\u00dcNEN im Rat der Stadt Wuppertal\" \/>\n<meta property=\"og:description\" content=\"Gemeinsamer Antrag der CDU-Fraktion und der Fraktion B\u00dcNDNIS 90\/DIE GR\u00dcNEN zur Sitzung des Rates am 17.12.18 Sehr geehrter Herr Oberb\u00fcrgermeister, die Fraktionen von CDU und B\u00fcndnis 90\/Die Gr\u00fcnen beantragen, der Rat der Stadt m\u00f6ge in seiner n\u00e4chsten Sitzung am 17. Dezember 2018 die folgende Resolution...\" \/>\n<meta property=\"og:url\" content=\"https:\/\/gruene-wuppertal.de\/fraktion\/antraege\/resolution-zur-entwicklung-im-bereich-der-bayer-ag-am-standort-wuppertal\/\" \/>\n<meta property=\"og:site_name\" content=\"Fraktion von B\u00fcndnis 90 \/ DIE GR\u00dcNEN im Rat der Stadt Wuppertal\" \/>\n<meta name=\"twitter:card\" content=\"summary_large_image\" \/>\n<meta name=\"twitter:label1\" content=\"Gesch\u00e4tzte Lesezeit\" \/>\n\t<meta name=\"twitter:data1\" content=\"1 Minute\" \/>\n<script type=\"application\/ld+json\" class=\"yoast-schema-graph\">{\"@context\":\"https:\/\/schema.org\",\"@graph\":[{\"@type\":\"WebPage\",\"@id\":\"https:\/\/gruene-wuppertal.de\/fraktion\/antraege\/resolution-zur-entwicklung-im-bereich-der-bayer-ag-am-standort-wuppertal\/\",\"url\":\"https:\/\/gruene-wuppertal.de\/fraktion\/antraege\/resolution-zur-entwicklung-im-bereich-der-bayer-ag-am-standort-wuppertal\/\",\"name\":\"Resolution zur Entwicklung im Bereich der Bayer AG am Standort Wuppertal - Fraktion von B\u00fcndnis 90 \/ DIE GR\u00dcNEN im Rat der Stadt Wuppertal\",\"isPartOf\":{\"@id\":\"https:\/\/gruene-wuppertal.de\/fraktion\/#website\"},\"datePublished\":\"2018-12-07T08:48:50+00:00\",\"dateModified\":\"2018-12-07T08:48:50+00:00\",\"breadcrumb\":{\"@id\":\"https:\/\/gruene-wuppertal.de\/fraktion\/antraege\/resolution-zur-entwicklung-im-bereich-der-bayer-ag-am-standort-wuppertal\/#breadcrumb\"},\"inLanguage\":\"de-DE\",\"potentialAction\":[{\"@type\":\"ReadAction\",\"target\":[\"https:\/\/gruene-wuppertal.de\/fraktion\/antraege\/resolution-zur-entwicklung-im-bereich-der-bayer-ag-am-standort-wuppertal\/\"]}]},{\"@type\":\"BreadcrumbList\",\"@id\":\"https:\/\/gruene-wuppertal.de\/fraktion\/antraege\/resolution-zur-entwicklung-im-bereich-der-bayer-ag-am-standort-wuppertal\/#breadcrumb\",\"itemListElement\":[{\"@type\":\"ListItem\",\"position\":1,\"name\":\"Startseite\",\"item\":\"https:\/\/gruene-wuppertal.de\/fraktion\/\"},{\"@type\":\"ListItem\",\"position\":2,\"name\":\"Resolution zur Entwicklung im Bereich der Bayer AG am Standort Wuppertal\"}]},{\"@type\":\"WebSite\",\"@id\":\"https:\/\/gruene-wuppertal.de\/fraktion\/#website\",\"url\":\"https:\/\/gruene-wuppertal.de\/fraktion\/\",\"name\":\"Fraktion von B\u00fcndnis 90 \/ DIE GR\u00dcNEN im Rat der Stadt Wuppertal\",\"description\":\"\",\"potentialAction\":[{\"@type\":\"SearchAction\",\"target\":{\"@type\":\"EntryPoint\",\"urlTemplate\":\"https:\/\/gruene-wuppertal.de\/fraktion\/?s={search_term_string}\"},\"query-input\":\"required name=search_term_string\"}],\"inLanguage\":\"de-DE\"}]}<\/script>\n<!-- \/ Yoast SEO plugin. -->","yoast_head_json":{"title":"Resolution zur Entwicklung im Bereich der Bayer AG am Standort Wuppertal - Fraktion von B\u00fcndnis 90 \/ DIE GR\u00dcNEN im Rat der Stadt Wuppertal","robots":{"index":"index","follow":"follow","max-snippet":"max-snippet:-1","max-image-preview":"max-image-preview:large","max-video-preview":"max-video-preview:-1"},"canonical":"https:\/\/gruene-wuppertal.de\/fraktion\/antraege\/resolution-zur-entwicklung-im-bereich-der-bayer-ag-am-standort-wuppertal\/","og_locale":"de_DE","og_type":"article","og_title":"Resolution zur Entwicklung im Bereich der Bayer AG am Standort Wuppertal - Fraktion von B\u00fcndnis 90 \/ DIE GR\u00dcNEN im Rat der Stadt Wuppertal","og_description":"Gemeinsamer Antrag der CDU-Fraktion und der Fraktion B\u00dcNDNIS 90\/DIE GR\u00dcNEN zur Sitzung des Rates am 17.12.18 Sehr geehrter Herr Oberb\u00fcrgermeister, die Fraktionen von CDU und B\u00fcndnis 90\/Die Gr\u00fcnen beantragen, der Rat der Stadt m\u00f6ge in seiner n\u00e4chsten Sitzung am 17. Dezember 2018 die folgende Resolution...","og_url":"https:\/\/gruene-wuppertal.de\/fraktion\/antraege\/resolution-zur-entwicklung-im-bereich-der-bayer-ag-am-standort-wuppertal\/","og_site_name":"Fraktion von B\u00fcndnis 90 \/ DIE GR\u00dcNEN im Rat der Stadt Wuppertal","twitter_card":"summary_large_image","twitter_misc":{"Gesch\u00e4tzte Lesezeit":"1 Minute"},"schema":{"@context":"https:\/\/schema.org","@graph":[{"@type":"WebPage","@id":"https:\/\/gruene-wuppertal.de\/fraktion\/antraege\/resolution-zur-entwicklung-im-bereich-der-bayer-ag-am-standort-wuppertal\/","url":"https:\/\/gruene-wuppertal.de\/fraktion\/antraege\/resolution-zur-entwicklung-im-bereich-der-bayer-ag-am-standort-wuppertal\/","name":"Resolution zur Entwicklung im Bereich der Bayer AG am Standort Wuppertal - Fraktion von B\u00fcndnis 90 \/ DIE GR\u00dcNEN im Rat der Stadt Wuppertal","isPartOf":{"@id":"https:\/\/gruene-wuppertal.de\/fraktion\/#website"},"datePublished":"2018-12-07T08:48:50+00:00","dateModified":"2018-12-07T08:48:50+00:00","breadcrumb":{"@id":"https:\/\/gruene-wuppertal.de\/fraktion\/antraege\/resolution-zur-entwicklung-im-bereich-der-bayer-ag-am-standort-wuppertal\/#breadcrumb"},"inLanguage":"de-DE","potentialAction":[{"@type":"ReadAction","target":["https:\/\/gruene-wuppertal.de\/fraktion\/antraege\/resolution-zur-entwicklung-im-bereich-der-bayer-ag-am-standort-wuppertal\/"]}]},{"@type":"BreadcrumbList","@id":"https:\/\/gruene-wuppertal.de\/fraktion\/antraege\/resolution-zur-entwicklung-im-bereich-der-bayer-ag-am-standort-wuppertal\/#breadcrumb","itemListElement":[{"@type":"ListItem","position":1,"name":"Startseite","item":"https:\/\/gruene-wuppertal.de\/fraktion\/"},{"@type":"ListItem","position":2,"name":"Resolution zur Entwicklung im Bereich der Bayer AG am Standort Wuppertal"}]},{"@type":"WebSite","@id":"https:\/\/gruene-wuppertal.de\/fraktion\/#website","url":"https:\/\/gruene-wuppertal.de\/fraktion\/","name":"Fraktion von B\u00fcndnis 90 \/ DIE GR\u00dcNEN im Rat der Stadt Wuppertal","description":"","potentialAction":[{"@type":"SearchAction","target":{"@type":"EntryPoint","urlTemplate":"https:\/\/gruene-wuppertal.de\/fraktion\/?s={search_term_string}"},"query-input":"required name=search_term_string"}],"inLanguage":"de-DE"}]}},"post_mailing_queue_ids":[],"_links":{"self":[{"href":"https:\/\/gruene-wuppertal.de\/fraktion\/wp-json\/wp\/v2\/antraege\/14283"}],"collection":[{"href":"https:\/\/gruene-wuppertal.de\/fraktion\/wp-json\/wp\/v2\/antraege"}],"about":[{"href":"https:\/\/gruene-wuppertal.de\/fraktion\/wp-json\/wp\/v2\/types\/antraege"}],"author":[{"embeddable":true,"href":"https:\/\/gruene-wuppertal.de\/fraktion\/wp-json\/wp\/v2\/users\/6"}],"replies":[{"embeddable":true,"href":"https:\/\/gruene-wuppertal.de\/fraktion\/wp-json\/wp\/v2\/comments?post=14283"}],"version-history":[{"count":0,"href":"https:\/\/gruene-wuppertal.de\/fraktion\/wp-json\/wp\/v2\/antraege\/14283\/revisions"}],"wp:attachment":[{"href":"https:\/\/gruene-wuppertal.de\/fraktion\/wp-json\/wp\/v2\/media?parent=14283"}],"wp:term":[{"taxonomy":"themen","embeddable":true,"href":"https:\/\/gruene-wuppertal.de\/fraktion\/wp-json\/wp\/v2\/themen?post=14283"}],"curies":[{"name":"wp","href":"https:\/\/api.w.org\/{rel}","templated":true}]}}

<p>Gemeinsamer Antrag der CDU-Fraktion und der Fraktion BÜNDNIS 90/DIE GRÜNEN zur Sitzung des Rates am 17.12.18</p>
<p>Sehr geehrter Herr Oberbürgermeister,</p>
<p>die Fraktionen von CDU und Bündnis 90/Die Grünen beantragen, der Rat der Stadt möge in seiner nächsten Sitzung am 17. Dezember 2018 die folgende Resolution beschließen:</p>
<ul>
<li>Nachdem auf der Betriebsversammlung der Bayer AG am 6. Dezember 2018 bekannt wurde, dass nunmehr insgesamt 750 Arbeitsplätze am Standort Wuppertal wegfallen sollen, erklärt sich der Rat der Stadt solidarisch mit den Beschäftigten und unterstützt nachdrücklich den seitens des Betriebsrates angekündigten massiven Protest. Es kann nicht angehen, dass die Mitarbeiterinnen und Mitarbeiter der Firma Bayer in Wuppertal jetzt die Zeche zahlen für unternehmerische Fehlentscheidungen sowie Managementfehler und -verfehlungen an anderer Stelle, die offenbar lange Zeit unter der Decke gehalten wurden. Hintergründe und der Umfang möglicher Konsequenzen kommen offenbar nun scheibchenweise ans Licht.</li>
<li>Der Rat der Stadt Wuppertal steht an der Seite der Arbeitnehmerinnen und Arbeitnehmer. Der Fortfall von 400 Arbeitsplätzen in der Forschung und 350 in der Produktion trifft aber nicht nur die von dieser Entscheidung unmittelbar Betroffenen hart, sondern hat zugleich auch noch nicht absehbare Konsequenzen für die gesamtwirtschaftliche Entwicklung unserer Stadt.</li>
<li>In dieser Situation fordert der Rat der Stadt den Vorstand und die Verantwortlichen in der Unternehmensleitung auf, mit offenen Karten zu spielen und alles für die Sicherung der Arbeitsplätze und den Ausbau des Standortes Wuppertal zu unternehmen.  Der Rat der Stadt Wuppertal erwartet jetzt ein klares Bekenntnis zu einem Industriestandort mit langjähriger Firmentradition und die notwendige Entschlossenheit, einem möglicherweise schleichenden Prozess mit aller Kraft gegenzusteuern.</li>
</ul>
<p><strong>Begründung:</strong><br />
(erfolgt mündlich)</p>
<p>Mit freundlichen Grüßen</p>
<p>Michael Müller<br />
Fraktionsvorsitzender</p>
<p>Anja Liebert  Marc Schulz<br />
Fraktionsvorsitzende</p>

<p>Gemeinsamer Antrag der CDU-Fraktion und der Fraktion BÜNDNIS 90/DIE GRÜNEN zur Sitzung des Rates am 17.12.18 Sehr geehrter Herr Oberbürgermeister, die Fraktionen von CDU und Bündnis 90/Die Grünen beantragen, der Rat der Stadt möge in seiner nächsten Sitzung am 17. Dezember 2018 die folgende Resolution&#8230;</p>

<!-- This site is optimized with the Yoast SEO plugin v21.8 - https://yoast.com/wordpress/plugins/seo/ -->
<title>Resolution zur Entwicklung im Bereich der Bayer AG am Standort Wuppertal - Fraktion von Bündnis 90 / DIE GRÜNEN im Rat der Stadt Wuppertal</title>
<meta name="robots" content="index, follow, max-snippet:-1, max-image-preview:large, max-video-preview:-1" />
<link rel="canonical" href="https://gruene-wuppertal.de/fraktion/antraege/resolution-zur-entwicklung-im-bereich-der-bayer-ag-am-standort-wuppertal/" />
<meta property="og:locale" content="de_DE" />
<meta property="og:type" content="article" />
<meta property="og:title" content="Resolution zur Entwicklung im Bereich der Bayer AG am Standort Wuppertal - Fraktion von Bündnis 90 / DIE GRÜNEN im Rat der Stadt Wuppertal" />
<meta property="og:description" content="Gemeinsamer Antrag der CDU-Fraktion und der Fraktion BÜNDNIS 90/DIE GRÜNEN zur Sitzung des Rates am 17.12.18 Sehr geehrter Herr Oberbürgermeister, die Fraktionen von CDU und Bündnis 90/Die Grünen beantragen, der Rat der Stadt möge in seiner nächsten Sitzung am 17. Dezember 2018 die folgende Resolution..." />
<meta property="og:url" content="https://gruene-wuppertal.de/fraktion/antraege/resolution-zur-entwicklung-im-bereich-der-bayer-ag-am-standort-wuppertal/" />
<meta property="og:site_name" content="Fraktion von Bündnis 90 / DIE GRÜNEN im Rat der Stadt Wuppertal" />
<meta name="twitter:card" content="summary_large_image" />
<meta name="twitter:label1" content="Geschätzte Lesezeit" />
	<meta name="twitter:data1" content="1 Minute" />
<script type="application/ld+json" class="yoast-schema-graph">{"@context":"https://schema.org","@graph":[{"@type":"WebPage","@id":"https://gruene-wuppertal.de/fraktion/antraege/resolution-zur-entwicklung-im-bereich-der-bayer-ag-am-standort-wuppertal/","url":"https://gruene-wuppertal.de/fraktion/antraege/resolution-zur-entwicklung-im-bereich-der-bayer-ag-am-standort-wuppertal/","name":"Resolution zur Entwicklung im Bereich der Bayer AG am Standort Wuppertal - Fraktion von Bündnis 90 / DIE GRÜNEN im Rat der Stadt Wuppertal","isPartOf":{"@id":"https://gruene-wuppertal.de/fraktion/#website"},"datePublished":"2018-12-07T08:48:50+00:00","dateModified":"2018-12-07T08:48:50+00:00","breadcrumb":{"@id":"https://gruene-wuppertal.de/fraktion/antraege/resolution-zur-entwicklung-im-bereich-der-bayer-ag-am-standort-wuppertal/#breadcrumb"},"inLanguage":"de-DE","potentialAction":[{"@type":"ReadAction","target":["https://gruene-wuppertal.de/fraktion/antraege/resolution-zur-entwicklung-im-bereich-der-bayer-ag-am-standort-wuppertal/"]}]},{"@type":"BreadcrumbList","@id":"https://gruene-wuppertal.de/fraktion/antraege/resolution-zur-entwicklung-im-bereich-der-bayer-ag-am-standort-wuppertal/#breadcrumb","itemListElement":[{"@type":"ListItem","position":1,"name":"Startseite","item":"https://gruene-wuppertal.de/fraktion/"},{"@type":"ListItem","position":2,"name":"Resolution zur Entwicklung im Bereich der Bayer AG am Standort Wuppertal"}]},{"@type":"WebSite","@id":"https://gruene-wuppertal.de/fraktion/#website","url":"https://gruene-wuppertal.de/fraktion/","name":"Fraktion von Bündnis 90 / DIE GRÜNEN im Rat der Stadt Wuppertal","description":"","potentialAction":[{"@type":"SearchAction","target":{"@type":"EntryPoint","urlTemplate":"https://gruene-wuppertal.de/fraktion/?s={search_term_string}"},"query-input":"required name=search_term_string"}],"inLanguage":"de-DE"}]}</script>
<!-- / Yoast SEO plugin. -->

Resolution zur Entwicklung im Bereich der Bayer AG am Standort Wuppertal - Fraktion von Bündnis 90 / DIE GRÜNEN im Rat der Stadt Wuppertal

Gemeinsamer Antrag der CDU-Fraktion und der Fraktion BÜNDNIS 90/DIE GRÜNEN zur Sitzung des Rates am 17.12.18 Sehr geehrter Herr Oberbürgermeister, die Fraktionen von CDU und Bündnis 90/Die Grünen beantragen, der Rat der Stadt möge in seiner nächsten Sitzung am 17. Dezember 2018 die folgende Resolution...

Fraktion von Bündnis 90 / DIE GRÜNEN im Rat der Stadt Wuppertal
