{"id":6453,"date":"2015-02-05T12:23:19","date_gmt":"2015-02-05T12:23:19","guid":{"rendered":"https:\/\/gruene-wuppertal.de\/fraktion\/?post_type=anfragen&amp;p=6453"},"modified":"2015-02-05T12:23:19","modified_gmt":"2015-02-05T12:23:19","slug":"geplantes-factory-outlet-center-foc-am-doppersberg","status":"publish","type":"anfragen","link":"https:\/\/gruene-wuppertal.de\/fraktion\/anfragen\/geplantes-factory-outlet-center-foc-am-doppersberg\/","title":{"rendered":"Geplantes Factory Outlet Center (FOC) am D\u00f6ppersberg"},"content":{"rendered":"<p><strong>Anfrage an den Ausschuss f\u00fcr Stadtentwicklung, Wirtschaft und Bauen am 26.02.2015<\/strong><\/p>\n<p>Die Antwort der Verwaltung\u00a0 finden Sie in dieser PDF-Datei: <a href=\"https:\/\/gruene-wuppertal.de\/fraktion\/wp-content\/uploads\/2015\/02\/Antwort_FOC_Einzelhandel.pdf\">Antwort_FOC_Einzelhandel<\/a><\/p>\n<p>Sehr geehrter Herr M\u00fcller,<\/p>\n<p>in den Medien wurde berichtet, dass der aktuelle Besitzer der ehemaligen Bundesbahndirektion und des Postgeb\u00e4udes am Kleeblatt\u00a0 beabsichtigt, ein Factory Outlet Center (FOC) in diesen Geb\u00e4uden zu er\u00f6ffnen. Ebenso wurde durch die Medien bekannt, dass Oberb\u00fcrgermeister Peter Jung diese Pl\u00e4ne positiv bewertet. Vor diesem Hintergrund bittet die Fraktion B\u00dcNDNIS 90\/DIE GR\u00dcNE um die Beantwortung folgender Fragen:<\/p>\n<p>1. Wie stellt sich der aktuelle Sachstand der Pl\u00e4ne des Investors dar?<\/p>\n<p>2. In welcher Art und Weise plant die Verwaltung, zuk\u00fcnftig B\u00fcrgerinnen und B\u00fcrger, Vertreter*innen der Kommunalpolitik und Einzelh\u00e4ndler*innen \u00fcber den Fortgang der Planungen zu informieren?<\/p>\n<p>3. Welche Auswirkungen der Pl\u00e4ne auf die Stadt Wuppertal, auf Nachbarkommunen und auf den Einzelhandel erwartet die Verwaltung?<\/p>\n<p>&nbsp;<\/p>\n<p>Mit freundlichen Gr\u00fc\u00dfen<\/p>\n<p>Anja Liebert\u00a0\u00a0\u00a0\u00a0\u00a0\u00a0\u00a0\u00a0\u00a0\u00a0\u00a0\u00a0\u00a0\u00a0\u00a0\u00a0\u00a0\u00a0\u00a0\u00a0\u00a0\u00a0\u00a0\u00a0\u00a0\u00a0\u00a0\u00a0\u00a0\u00a0\u00a0\u00a0\u00a0\u00a0\u00a0\u00a0\u00a0 Peter Vorsteher<br \/>\nFraktionsvorsitzende\u00a0\u00a0\u00a0\u00a0\u00a0\u00a0\u00a0\u00a0\u00a0\u00a0\u00a0\u00a0\u00a0\u00a0\u00a0\u00a0\u00a0\u00a0\u00a0\u00a0\u00a0\u00a0\u00a0\u00a0 Stadtverordneter<\/p>\n","protected":false},"excerpt":{"rendered":"<p>Anfrage an den Ausschuss f\u00fcr Stadtentwicklung, Wirtschaft und Bauen am 26.02.2015 Die Antwort der Verwaltung\u00a0 finden Sie in dieser PDF-Datei: Antwort_FOC_Einzelhandel Sehr geehrter Herr M\u00fcller, in den Medien wurde berichtet, dass der aktuelle Besitzer der ehemaligen Bundesbahndirektion und des Postgeb\u00e4udes am Kleeblatt\u00a0 beabsichtigt, ein Factory&#8230;<\/p>\n","protected":false},"author":20,"featured_media":0,"menu_order":0,"comment_status":"closed","ping_status":"closed","template":"","meta":{"_wp_rev_ctl_limit":""},"themen":[25,58,74],"yoast_head":"<!-- This site is optimized with the Yoast SEO plugin v21.8 - https:\/\/yoast.com\/wordpress\/plugins\/seo\/ -->\n<title>Geplantes Factory Outlet Center (FOC) am D\u00f6ppersberg - Fraktion von B\u00fcndnis 90 \/ DIE GR\u00dcNEN im Rat der Stadt Wuppertal<\/title>\n<meta name=\"robots\" content=\"index, follow, max-snippet:-1, max-image-preview:large, max-video-preview:-1\" \/>\n<link rel=\"canonical\" href=\"https:\/\/gruene-wuppertal.de\/fraktion\/anfragen\/geplantes-factory-outlet-center-foc-am-doppersberg\/\" \/>\n<meta property=\"og:locale\" content=\"de_DE\" \/>\n<meta property=\"og:type\" content=\"article\" \/>\n<meta property=\"og:title\" content=\"Geplantes Factory Outlet Center (FOC) am D\u00f6ppersberg - Fraktion von B\u00fcndnis 90 \/ DIE GR\u00dcNEN im Rat der Stadt Wuppertal\" \/>\n<meta property=\"og:description\" content=\"Anfrage an den Ausschuss f\u00fcr Stadtentwicklung, Wirtschaft und Bauen am 26.02.2015 Die Antwort der Verwaltung\u00a0 finden Sie in dieser PDF-Datei: Antwort_FOC_Einzelhandel Sehr geehrter Herr M\u00fcller, in den Medien wurde berichtet, dass der aktuelle Besitzer der ehemaligen Bundesbahndirektion und des Postgeb\u00e4udes am Kleeblatt\u00a0 beabsichtigt, ein Factory...\" \/>\n<meta property=\"og:url\" content=\"https:\/\/gruene-wuppertal.de\/fraktion\/anfragen\/geplantes-factory-outlet-center-foc-am-doppersberg\/\" \/>\n<meta property=\"og:site_name\" content=\"Fraktion von B\u00fcndnis 90 \/ DIE GR\u00dcNEN im Rat der Stadt Wuppertal\" \/>\n<meta name=\"twitter:card\" content=\"summary_large_image\" \/>\n<meta name=\"twitter:label1\" content=\"Gesch\u00e4tzte Lesezeit\" \/>\n\t<meta name=\"twitter:data1\" content=\"1 Minute\" \/>\n<script type=\"application\/ld+json\" class=\"yoast-schema-graph\">{\"@context\":\"https:\/\/schema.org\",\"@graph\":[{\"@type\":\"WebPage\",\"@id\":\"https:\/\/gruene-wuppertal.de\/fraktion\/anfragen\/geplantes-factory-outlet-center-foc-am-doppersberg\/\",\"url\":\"https:\/\/gruene-wuppertal.de\/fraktion\/anfragen\/geplantes-factory-outlet-center-foc-am-doppersberg\/\",\"name\":\"Geplantes Factory Outlet Center (FOC) am D\u00f6ppersberg - Fraktion von B\u00fcndnis 90 \/ DIE GR\u00dcNEN im Rat der Stadt Wuppertal\",\"isPartOf\":{\"@id\":\"https:\/\/gruene-wuppertal.de\/fraktion\/#website\"},\"datePublished\":\"2015-02-05T12:23:19+00:00\",\"dateModified\":\"2015-02-05T12:23:19+00:00\",\"breadcrumb\":{\"@id\":\"https:\/\/gruene-wuppertal.de\/fraktion\/anfragen\/geplantes-factory-outlet-center-foc-am-doppersberg\/#breadcrumb\"},\"inLanguage\":\"de-DE\",\"potentialAction\":[{\"@type\":\"ReadAction\",\"target\":[\"https:\/\/gruene-wuppertal.de\/fraktion\/anfragen\/geplantes-factory-outlet-center-foc-am-doppersberg\/\"]}]},{\"@type\":\"BreadcrumbList\",\"@id\":\"https:\/\/gruene-wuppertal.de\/fraktion\/anfragen\/geplantes-factory-outlet-center-foc-am-doppersberg\/#breadcrumb\",\"itemListElement\":[{\"@type\":\"ListItem\",\"position\":1,\"name\":\"Startseite\",\"item\":\"https:\/\/gruene-wuppertal.de\/fraktion\/\"},{\"@type\":\"ListItem\",\"position\":2,\"name\":\"Geplantes Factory Outlet Center (FOC) am D\u00f6ppersberg\"}]},{\"@type\":\"WebSite\",\"@id\":\"https:\/\/gruene-wuppertal.de\/fraktion\/#website\",\"url\":\"https:\/\/gruene-wuppertal.de\/fraktion\/\",\"name\":\"Fraktion von B\u00fcndnis 90 \/ DIE GR\u00dcNEN im Rat der Stadt Wuppertal\",\"description\":\"\",\"potentialAction\":[{\"@type\":\"SearchAction\",\"target\":{\"@type\":\"EntryPoint\",\"urlTemplate\":\"https:\/\/gruene-wuppertal.de\/fraktion\/?s={search_term_string}\"},\"query-input\":\"required name=search_term_string\"}],\"inLanguage\":\"de-DE\"}]}<\/script>\n<!-- \/ Yoast SEO plugin. -->","yoast_head_json":{"title":"Geplantes Factory Outlet Center (FOC) am D\u00f6ppersberg - Fraktion von B\u00fcndnis 90 \/ DIE GR\u00dcNEN im Rat der Stadt Wuppertal","robots":{"index":"index","follow":"follow","max-snippet":"max-snippet:-1","max-image-preview":"max-image-preview:large","max-video-preview":"max-video-preview:-1"},"canonical":"https:\/\/gruene-wuppertal.de\/fraktion\/anfragen\/geplantes-factory-outlet-center-foc-am-doppersberg\/","og_locale":"de_DE","og_type":"article","og_title":"Geplantes Factory Outlet Center (FOC) am D\u00f6ppersberg - Fraktion von B\u00fcndnis 90 \/ DIE GR\u00dcNEN im Rat der Stadt Wuppertal","og_description":"Anfrage an den Ausschuss f\u00fcr Stadtentwicklung, Wirtschaft und Bauen am 26.02.2015 Die Antwort der Verwaltung\u00a0 finden Sie in dieser PDF-Datei: Antwort_FOC_Einzelhandel Sehr geehrter Herr M\u00fcller, in den Medien wurde berichtet, dass der aktuelle Besitzer der ehemaligen Bundesbahndirektion und des Postgeb\u00e4udes am Kleeblatt\u00a0 beabsichtigt, ein Factory...","og_url":"https:\/\/gruene-wuppertal.de\/fraktion\/anfragen\/geplantes-factory-outlet-center-foc-am-doppersberg\/","og_site_name":"Fraktion von B\u00fcndnis 90 \/ DIE GR\u00dcNEN im Rat der Stadt Wuppertal","twitter_card":"summary_large_image","twitter_misc":{"Gesch\u00e4tzte Lesezeit":"1 Minute"},"schema":{"@context":"https:\/\/schema.org","@graph":[{"@type":"WebPage","@id":"https:\/\/gruene-wuppertal.de\/fraktion\/anfragen\/geplantes-factory-outlet-center-foc-am-doppersberg\/","url":"https:\/\/gruene-wuppertal.de\/fraktion\/anfragen\/geplantes-factory-outlet-center-foc-am-doppersberg\/","name":"Geplantes Factory Outlet Center (FOC) am D\u00f6ppersberg - Fraktion von B\u00fcndnis 90 \/ DIE GR\u00dcNEN im Rat der Stadt Wuppertal","isPartOf":{"@id":"https:\/\/gruene-wuppertal.de\/fraktion\/#website"},"datePublished":"2015-02-05T12:23:19+00:00","dateModified":"2015-02-05T12:23:19+00:00","breadcrumb":{"@id":"https:\/\/gruene-wuppertal.de\/fraktion\/anfragen\/geplantes-factory-outlet-center-foc-am-doppersberg\/#breadcrumb"},"inLanguage":"de-DE","potentialAction":[{"@type":"ReadAction","target":["https:\/\/gruene-wuppertal.de\/fraktion\/anfragen\/geplantes-factory-outlet-center-foc-am-doppersberg\/"]}]},{"@type":"BreadcrumbList","@id":"https:\/\/gruene-wuppertal.de\/fraktion\/anfragen\/geplantes-factory-outlet-center-foc-am-doppersberg\/#breadcrumb","itemListElement":[{"@type":"ListItem","position":1,"name":"Startseite","item":"https:\/\/gruene-wuppertal.de\/fraktion\/"},{"@type":"ListItem","position":2,"name":"Geplantes Factory Outlet Center (FOC) am D\u00f6ppersberg"}]},{"@type":"WebSite","@id":"https:\/\/gruene-wuppertal.de\/fraktion\/#website","url":"https:\/\/gruene-wuppertal.de\/fraktion\/","name":"Fraktion von B\u00fcndnis 90 \/ DIE GR\u00dcNEN im Rat der Stadt Wuppertal","description":"","potentialAction":[{"@type":"SearchAction","target":{"@type":"EntryPoint","urlTemplate":"https:\/\/gruene-wuppertal.de\/fraktion\/?s={search_term_string}"},"query-input":"required name=search_term_string"}],"inLanguage":"de-DE"}]}},"post_mailing_queue_ids":[],"_links":{"self":[{"href":"https:\/\/gruene-wuppertal.de\/fraktion\/wp-json\/wp\/v2\/anfragen\/6453"}],"collection":[{"href":"https:\/\/gruene-wuppertal.de\/fraktion\/wp-json\/wp\/v2\/anfragen"}],"about":[{"href":"https:\/\/gruene-wuppertal.de\/fraktion\/wp-json\/wp\/v2\/types\/anfragen"}],"author":[{"embeddable":true,"href":"https:\/\/gruene-wuppertal.de\/fraktion\/wp-json\/wp\/v2\/users\/20"}],"replies":[{"embeddable":true,"href":"https:\/\/gruene-wuppertal.de\/fraktion\/wp-json\/wp\/v2\/comments?post=6453"}],"version-history":[{"count":0,"href":"https:\/\/gruene-wuppertal.de\/fraktion\/wp-json\/wp\/v2\/anfragen\/6453\/revisions"}],"wp:attachment":[{"href":"https:\/\/gruene-wuppertal.de\/fraktion\/wp-json\/wp\/v2\/media?parent=6453"}],"wp:term":[{"taxonomy":"themen","embeddable":true,"href":"https:\/\/gruene-wuppertal.de\/fraktion\/wp-json\/wp\/v2\/themen?post=6453"}],"curies":[{"name":"wp","href":"https:\/\/api.w.org\/{rel}","templated":true}]}}

Geplantes Factory Outlet Center (FOC) am Döppersberg

<p><strong>Anfrage an den Ausschuss für Stadtentwicklung, Wirtschaft und Bauen am 26.02.2015</strong></p>
<p>Die Antwort der Verwaltung  finden Sie in dieser PDF-Datei: <a href="https://gruene-wuppertal.de/fraktion/wp-content/uploads/2015/02/Antwort_FOC_Einzelhandel.pdf">Antwort_FOC_Einzelhandel</a></p>
<p>Sehr geehrter Herr Müller,</p>
<p>in den Medien wurde berichtet, dass der aktuelle Besitzer der ehemaligen Bundesbahndirektion und des Postgebäudes am Kleeblatt  beabsichtigt, ein Factory Outlet Center (FOC) in diesen Gebäuden zu eröffnen. Ebenso wurde durch die Medien bekannt, dass Oberbürgermeister Peter Jung diese Pläne positiv bewertet. Vor diesem Hintergrund bittet die Fraktion BÜNDNIS 90/DIE GRÜNE um die Beantwortung folgender Fragen:</p>
<p>1. Wie stellt sich der aktuelle Sachstand der Pläne des Investors dar?</p>
<p>2. In welcher Art und Weise plant die Verwaltung, zukünftig Bürgerinnen und Bürger, Vertreter*innen der Kommunalpolitik und Einzelhändler*innen über den Fortgang der Planungen zu informieren?</p>
<p>3. Welche Auswirkungen der Pläne auf die Stadt Wuppertal, auf Nachbarkommunen und auf den Einzelhandel erwartet die Verwaltung?</p>
<p>&nbsp;</p>
<p>Mit freundlichen Grüßen</p>
<p>Anja Liebert                                      Peter Vorsteher<br />
Fraktionsvorsitzende                         Stadtverordneter</p>

<p>Anfrage an den Ausschuss für Stadtentwicklung, Wirtschaft und Bauen am 26.02.2015 Die Antwort der Verwaltung  finden Sie in dieser PDF-Datei: Antwort_FOC_Einzelhandel Sehr geehrter Herr Müller, in den Medien wurde berichtet, dass der aktuelle Besitzer der ehemaligen Bundesbahndirektion und des Postgebäudes am Kleeblatt  beabsichtigt, ein Factory&#8230;</p>

<!-- This site is optimized with the Yoast SEO plugin v21.8 - https://yoast.com/wordpress/plugins/seo/ -->
<title>Geplantes Factory Outlet Center (FOC) am Döppersberg - Fraktion von Bündnis 90 / DIE GRÜNEN im Rat der Stadt Wuppertal</title>
<meta name="robots" content="index, follow, max-snippet:-1, max-image-preview:large, max-video-preview:-1" />
<link rel="canonical" href="https://gruene-wuppertal.de/fraktion/anfragen/geplantes-factory-outlet-center-foc-am-doppersberg/" />
<meta property="og:locale" content="de_DE" />
<meta property="og:type" content="article" />
<meta property="og:title" content="Geplantes Factory Outlet Center (FOC) am Döppersberg - Fraktion von Bündnis 90 / DIE GRÜNEN im Rat der Stadt Wuppertal" />
<meta property="og:description" content="Anfrage an den Ausschuss für Stadtentwicklung, Wirtschaft und Bauen am 26.02.2015 Die Antwort der Verwaltung  finden Sie in dieser PDF-Datei: Antwort_FOC_Einzelhandel Sehr geehrter Herr Müller, in den Medien wurde berichtet, dass der aktuelle Besitzer der ehemaligen Bundesbahndirektion und des Postgebäudes am Kleeblatt  beabsichtigt, ein Factory..." />
<meta property="og:url" content="https://gruene-wuppertal.de/fraktion/anfragen/geplantes-factory-outlet-center-foc-am-doppersberg/" />
<meta property="og:site_name" content="Fraktion von Bündnis 90 / DIE GRÜNEN im Rat der Stadt Wuppertal" />
<meta name="twitter:card" content="summary_large_image" />
<meta name="twitter:label1" content="Geschätzte Lesezeit" />
	<meta name="twitter:data1" content="1 Minute" />
<script type="application/ld+json" class="yoast-schema-graph">{"@context":"https://schema.org","@graph":[{"@type":"WebPage","@id":"https://gruene-wuppertal.de/fraktion/anfragen/geplantes-factory-outlet-center-foc-am-doppersberg/","url":"https://gruene-wuppertal.de/fraktion/anfragen/geplantes-factory-outlet-center-foc-am-doppersberg/","name":"Geplantes Factory Outlet Center (FOC) am Döppersberg - Fraktion von Bündnis 90 / DIE GRÜNEN im Rat der Stadt Wuppertal","isPartOf":{"@id":"https://gruene-wuppertal.de/fraktion/#website"},"datePublished":"2015-02-05T12:23:19+00:00","dateModified":"2015-02-05T12:23:19+00:00","breadcrumb":{"@id":"https://gruene-wuppertal.de/fraktion/anfragen/geplantes-factory-outlet-center-foc-am-doppersberg/#breadcrumb"},"inLanguage":"de-DE","potentialAction":[{"@type":"ReadAction","target":["https://gruene-wuppertal.de/fraktion/anfragen/geplantes-factory-outlet-center-foc-am-doppersberg/"]}]},{"@type":"BreadcrumbList","@id":"https://gruene-wuppertal.de/fraktion/anfragen/geplantes-factory-outlet-center-foc-am-doppersberg/#breadcrumb","itemListElement":[{"@type":"ListItem","position":1,"name":"Startseite","item":"https://gruene-wuppertal.de/fraktion/"},{"@type":"ListItem","position":2,"name":"Geplantes Factory Outlet Center (FOC) am Döppersberg"}]},{"@type":"WebSite","@id":"https://gruene-wuppertal.de/fraktion/#website","url":"https://gruene-wuppertal.de/fraktion/","name":"Fraktion von Bündnis 90 / DIE GRÜNEN im Rat der Stadt Wuppertal","description":"","potentialAction":[{"@type":"SearchAction","target":{"@type":"EntryPoint","urlTemplate":"https://gruene-wuppertal.de/fraktion/?s={search_term_string}"},"query-input":"required name=search_term_string"}],"inLanguage":"de-DE"}]}</script>
<!-- / Yoast SEO plugin. -->

Geplantes Factory Outlet Center (FOC) am Döppersberg - Fraktion von Bündnis 90 / DIE GRÜNEN im Rat der Stadt Wuppertal

Anfrage an den Ausschuss für Stadtentwicklung, Wirtschaft und Bauen am 26.02.2015 Die Antwort der Verwaltung  finden Sie in dieser PDF-Datei: Antwort_FOC_Einzelhandel Sehr geehrter Herr Müller, in den Medien wurde berichtet, dass der aktuelle Besitzer der ehemaligen Bundesbahndirektion und des Postgebäudes am Kleeblatt  beabsichtigt, ein Factory...

Fraktion von Bündnis 90 / DIE GRÜNEN im Rat der Stadt Wuppertal
