{"id":5057,"date":"2014-01-14T12:32:55","date_gmt":"2014-01-14T12:32:55","guid":{"rendered":"https:\/\/gruene-wuppertal.de\/fraktion\/?post_type=anfragen&amp;p=5057"},"modified":"2014-01-14T12:32:55","modified_gmt":"2014-01-14T12:32:55","slug":"kommunikationsstrategie-fur-das-projekt-doppersberg","status":"publish","type":"anfragen","link":"https:\/\/gruene-wuppertal.de\/fraktion\/anfragen\/kommunikationsstrategie-fur-das-projekt-doppersberg\/","title":{"rendered":"Kommunikationsstrategie f\u00fcr das Projekt D\u00f6ppersberg"},"content":{"rendered":"<div>\n<p>Die Anfrage wurde ohne Beschluss entgegen genommen.<b><br \/>\n<\/b><\/p>\n<p><b>Anfrage an die Planungs- und Baubegleitkommission D\u00f6ppersberg am <b>06.02.2014\u00a0\u00a0\u00a0\u00a0\u00a0\u00a0\u00a0\u00a0\u00a0\u00a0\u00a0\u00a0\u00a0\u00a0\u00a0\u00a0 <\/b><br \/>\n<\/b><\/p>\n<\/div>\n<p>Sehr geehrter Herr Reese,<\/p>\n<p>bei den Diskussionen \u00fcber die Kostensteigerungen und die Frage der B7-Sperrung wurde von verschiedenen Akteuren die Art der Kommunikation zwischen der Stadtverwaltung und den Menschen in der Stadt bem\u00e4ngelt. Alle waren sich einig, dass etwas zur Verbesserung der Kommunikation passieren muss.<\/p>\n<p>Vor diesem Hintergrund bittet die Ratsfaktion von B\u00dcNDNIS 90\/DIE GR\u00dcNEN die Verwaltung um Beantwortung der folgenden Fragen:<\/p>\n<ol start=\"1\">\n<li>Wie ist der Stand der Ausarbeitung einer Kommunikationsstrategie?<\/li>\n<li>Gibt es bereits ein Auswahlverfahren f\u00fcr eine externe Firma, die eine professionelle Kommunikation \u00fcber alle Bereiche des Projektes sicherstellen kann?<\/li>\n<li>Werden nur Wuppertaler Firmen oder auch ausw\u00e4rtige angesprochen?<\/li>\n<li>Welche Kosten werden f\u00fcr eine professionelles Kommunikationsmanagement in etwa entstehen?<\/li>\n<li>Wann erfolgt voraussichtlich die Auftragsvergabe \u201eKommunikationsstrategie\u201c?<\/li>\n<\/ol>\n<p>Mit freundlichen Gr\u00fc\u00dfen<\/p>\n<p>Klaus L\u00fcdemann<br \/>\nStadtverordneter<\/p>\n","protected":false},"excerpt":{"rendered":"<p>Die Anfrage wurde ohne Beschluss entgegen genommen. Anfrage an die Planungs- und Baubegleitkommission D\u00f6ppersberg am 06.02.2014\u00a0\u00a0\u00a0\u00a0\u00a0\u00a0\u00a0\u00a0\u00a0\u00a0\u00a0\u00a0\u00a0\u00a0\u00a0\u00a0 Sehr geehrter Herr Reese, bei den Diskussionen \u00fcber die Kostensteigerungen und die Frage der B7-Sperrung wurde von verschiedenen Akteuren die Art der Kommunikation zwischen der Stadtverwaltung und den Menschen&#8230;<\/p>\n","protected":false},"author":6,"featured_media":0,"menu_order":0,"comment_status":"closed","ping_status":"closed","template":"","meta":{"_wp_rev_ctl_limit":""},"themen":[48,72,79],"yoast_head":"<!-- This site is optimized with the Yoast SEO plugin v21.8 - https:\/\/yoast.com\/wordpress\/plugins\/seo\/ -->\n<title>Kommunikationsstrategie f\u00fcr das Projekt D\u00f6ppersberg - Fraktion von B\u00fcndnis 90 \/ DIE GR\u00dcNEN im Rat der Stadt Wuppertal<\/title>\n<meta name=\"robots\" content=\"index, follow, max-snippet:-1, max-image-preview:large, max-video-preview:-1\" \/>\n<link rel=\"canonical\" href=\"https:\/\/gruene-wuppertal.de\/fraktion\/anfragen\/kommunikationsstrategie-fur-das-projekt-doppersberg\/\" \/>\n<meta property=\"og:locale\" content=\"de_DE\" \/>\n<meta property=\"og:type\" content=\"article\" \/>\n<meta property=\"og:title\" content=\"Kommunikationsstrategie f\u00fcr das Projekt D\u00f6ppersberg - Fraktion von B\u00fcndnis 90 \/ DIE GR\u00dcNEN im Rat der Stadt Wuppertal\" \/>\n<meta property=\"og:description\" content=\"Die Anfrage wurde ohne Beschluss entgegen genommen. Anfrage an die Planungs- und Baubegleitkommission D\u00f6ppersberg am 06.02.2014\u00a0\u00a0\u00a0\u00a0\u00a0\u00a0\u00a0\u00a0\u00a0\u00a0\u00a0\u00a0\u00a0\u00a0\u00a0\u00a0 Sehr geehrter Herr Reese, bei den Diskussionen \u00fcber die Kostensteigerungen und die Frage der B7-Sperrung wurde von verschiedenen Akteuren die Art der Kommunikation zwischen der Stadtverwaltung und den Menschen...\" \/>\n<meta property=\"og:url\" content=\"https:\/\/gruene-wuppertal.de\/fraktion\/anfragen\/kommunikationsstrategie-fur-das-projekt-doppersberg\/\" \/>\n<meta property=\"og:site_name\" content=\"Fraktion von B\u00fcndnis 90 \/ DIE GR\u00dcNEN im Rat der Stadt Wuppertal\" \/>\n<meta name=\"twitter:card\" content=\"summary_large_image\" \/>\n<meta name=\"twitter:label1\" content=\"Gesch\u00e4tzte Lesezeit\" \/>\n\t<meta name=\"twitter:data1\" content=\"1 Minute\" \/>\n<script type=\"application\/ld+json\" class=\"yoast-schema-graph\">{\"@context\":\"https:\/\/schema.org\",\"@graph\":[{\"@type\":\"WebPage\",\"@id\":\"https:\/\/gruene-wuppertal.de\/fraktion\/anfragen\/kommunikationsstrategie-fur-das-projekt-doppersberg\/\",\"url\":\"https:\/\/gruene-wuppertal.de\/fraktion\/anfragen\/kommunikationsstrategie-fur-das-projekt-doppersberg\/\",\"name\":\"Kommunikationsstrategie f\u00fcr das Projekt D\u00f6ppersberg - Fraktion von B\u00fcndnis 90 \/ DIE GR\u00dcNEN im Rat der Stadt Wuppertal\",\"isPartOf\":{\"@id\":\"https:\/\/gruene-wuppertal.de\/fraktion\/#website\"},\"datePublished\":\"2014-01-14T12:32:55+00:00\",\"dateModified\":\"2014-01-14T12:32:55+00:00\",\"breadcrumb\":{\"@id\":\"https:\/\/gruene-wuppertal.de\/fraktion\/anfragen\/kommunikationsstrategie-fur-das-projekt-doppersberg\/#breadcrumb\"},\"inLanguage\":\"de-DE\",\"potentialAction\":[{\"@type\":\"ReadAction\",\"target\":[\"https:\/\/gruene-wuppertal.de\/fraktion\/anfragen\/kommunikationsstrategie-fur-das-projekt-doppersberg\/\"]}]},{\"@type\":\"BreadcrumbList\",\"@id\":\"https:\/\/gruene-wuppertal.de\/fraktion\/anfragen\/kommunikationsstrategie-fur-das-projekt-doppersberg\/#breadcrumb\",\"itemListElement\":[{\"@type\":\"ListItem\",\"position\":1,\"name\":\"Startseite\",\"item\":\"https:\/\/gruene-wuppertal.de\/fraktion\/\"},{\"@type\":\"ListItem\",\"position\":2,\"name\":\"Kommunikationsstrategie f\u00fcr das Projekt D\u00f6ppersberg\"}]},{\"@type\":\"WebSite\",\"@id\":\"https:\/\/gruene-wuppertal.de\/fraktion\/#website\",\"url\":\"https:\/\/gruene-wuppertal.de\/fraktion\/\",\"name\":\"Fraktion von B\u00fcndnis 90 \/ DIE GR\u00dcNEN im Rat der Stadt Wuppertal\",\"description\":\"\",\"potentialAction\":[{\"@type\":\"SearchAction\",\"target\":{\"@type\":\"EntryPoint\",\"urlTemplate\":\"https:\/\/gruene-wuppertal.de\/fraktion\/?s={search_term_string}\"},\"query-input\":\"required name=search_term_string\"}],\"inLanguage\":\"de-DE\"}]}<\/script>\n<!-- \/ Yoast SEO plugin. -->","yoast_head_json":{"title":"Kommunikationsstrategie f\u00fcr das Projekt D\u00f6ppersberg - Fraktion von B\u00fcndnis 90 \/ DIE GR\u00dcNEN im Rat der Stadt Wuppertal","robots":{"index":"index","follow":"follow","max-snippet":"max-snippet:-1","max-image-preview":"max-image-preview:large","max-video-preview":"max-video-preview:-1"},"canonical":"https:\/\/gruene-wuppertal.de\/fraktion\/anfragen\/kommunikationsstrategie-fur-das-projekt-doppersberg\/","og_locale":"de_DE","og_type":"article","og_title":"Kommunikationsstrategie f\u00fcr das Projekt D\u00f6ppersberg - Fraktion von B\u00fcndnis 90 \/ DIE GR\u00dcNEN im Rat der Stadt Wuppertal","og_description":"Die Anfrage wurde ohne Beschluss entgegen genommen. Anfrage an die Planungs- und Baubegleitkommission D\u00f6ppersberg am 06.02.2014\u00a0\u00a0\u00a0\u00a0\u00a0\u00a0\u00a0\u00a0\u00a0\u00a0\u00a0\u00a0\u00a0\u00a0\u00a0\u00a0 Sehr geehrter Herr Reese, bei den Diskussionen \u00fcber die Kostensteigerungen und die Frage der B7-Sperrung wurde von verschiedenen Akteuren die Art der Kommunikation zwischen der Stadtverwaltung und den Menschen...","og_url":"https:\/\/gruene-wuppertal.de\/fraktion\/anfragen\/kommunikationsstrategie-fur-das-projekt-doppersberg\/","og_site_name":"Fraktion von B\u00fcndnis 90 \/ DIE GR\u00dcNEN im Rat der Stadt Wuppertal","twitter_card":"summary_large_image","twitter_misc":{"Gesch\u00e4tzte Lesezeit":"1 Minute"},"schema":{"@context":"https:\/\/schema.org","@graph":[{"@type":"WebPage","@id":"https:\/\/gruene-wuppertal.de\/fraktion\/anfragen\/kommunikationsstrategie-fur-das-projekt-doppersberg\/","url":"https:\/\/gruene-wuppertal.de\/fraktion\/anfragen\/kommunikationsstrategie-fur-das-projekt-doppersberg\/","name":"Kommunikationsstrategie f\u00fcr das Projekt D\u00f6ppersberg - Fraktion von B\u00fcndnis 90 \/ DIE GR\u00dcNEN im Rat der Stadt Wuppertal","isPartOf":{"@id":"https:\/\/gruene-wuppertal.de\/fraktion\/#website"},"datePublished":"2014-01-14T12:32:55+00:00","dateModified":"2014-01-14T12:32:55+00:00","breadcrumb":{"@id":"https:\/\/gruene-wuppertal.de\/fraktion\/anfragen\/kommunikationsstrategie-fur-das-projekt-doppersberg\/#breadcrumb"},"inLanguage":"de-DE","potentialAction":[{"@type":"ReadAction","target":["https:\/\/gruene-wuppertal.de\/fraktion\/anfragen\/kommunikationsstrategie-fur-das-projekt-doppersberg\/"]}]},{"@type":"BreadcrumbList","@id":"https:\/\/gruene-wuppertal.de\/fraktion\/anfragen\/kommunikationsstrategie-fur-das-projekt-doppersberg\/#breadcrumb","itemListElement":[{"@type":"ListItem","position":1,"name":"Startseite","item":"https:\/\/gruene-wuppertal.de\/fraktion\/"},{"@type":"ListItem","position":2,"name":"Kommunikationsstrategie f\u00fcr das Projekt D\u00f6ppersberg"}]},{"@type":"WebSite","@id":"https:\/\/gruene-wuppertal.de\/fraktion\/#website","url":"https:\/\/gruene-wuppertal.de\/fraktion\/","name":"Fraktion von B\u00fcndnis 90 \/ DIE GR\u00dcNEN im Rat der Stadt Wuppertal","description":"","potentialAction":[{"@type":"SearchAction","target":{"@type":"EntryPoint","urlTemplate":"https:\/\/gruene-wuppertal.de\/fraktion\/?s={search_term_string}"},"query-input":"required name=search_term_string"}],"inLanguage":"de-DE"}]}},"post_mailing_queue_ids":[],"_links":{"self":[{"href":"https:\/\/gruene-wuppertal.de\/fraktion\/wp-json\/wp\/v2\/anfragen\/5057"}],"collection":[{"href":"https:\/\/gruene-wuppertal.de\/fraktion\/wp-json\/wp\/v2\/anfragen"}],"about":[{"href":"https:\/\/gruene-wuppertal.de\/fraktion\/wp-json\/wp\/v2\/types\/anfragen"}],"author":[{"embeddable":true,"href":"https:\/\/gruene-wuppertal.de\/fraktion\/wp-json\/wp\/v2\/users\/6"}],"replies":[{"embeddable":true,"href":"https:\/\/gruene-wuppertal.de\/fraktion\/wp-json\/wp\/v2\/comments?post=5057"}],"version-history":[{"count":0,"href":"https:\/\/gruene-wuppertal.de\/fraktion\/wp-json\/wp\/v2\/anfragen\/5057\/revisions"}],"wp:attachment":[{"href":"https:\/\/gruene-wuppertal.de\/fraktion\/wp-json\/wp\/v2\/media?parent=5057"}],"wp:term":[{"taxonomy":"themen","embeddable":true,"href":"https:\/\/gruene-wuppertal.de\/fraktion\/wp-json\/wp\/v2\/themen?post=5057"}],"curies":[{"name":"wp","href":"https:\/\/api.w.org\/{rel}","templated":true}]}}

Kommunikationsstrategie für das Projekt Döppersberg

<div>
<p>Die Anfrage wurde ohne Beschluss entgegen genommen.<b><br />
</b></p>
<p><b>Anfrage an die Planungs- und Baubegleitkommission Döppersberg am <b>06.02.2014                 </b><br />
</b></p>
</div>
<p>Sehr geehrter Herr Reese,</p>
<p>bei den Diskussionen über die Kostensteigerungen und die Frage der B7-Sperrung wurde von verschiedenen Akteuren die Art der Kommunikation zwischen der Stadtverwaltung und den Menschen in der Stadt bemängelt. Alle waren sich einig, dass etwas zur Verbesserung der Kommunikation passieren muss.</p>
<p>Vor diesem Hintergrund bittet die Ratsfaktion von BÜNDNIS 90/DIE GRÜNEN die Verwaltung um Beantwortung der folgenden Fragen:</p>
<ol start="1">
<li>Wie ist der Stand der Ausarbeitung einer Kommunikationsstrategie?</li>
<li>Gibt es bereits ein Auswahlverfahren für eine externe Firma, die eine professionelle Kommunikation über alle Bereiche des Projektes sicherstellen kann?</li>
<li>Werden nur Wuppertaler Firmen oder auch auswärtige angesprochen?</li>
<li>Welche Kosten werden für eine professionelles Kommunikationsmanagement in etwa entstehen?</li>
<li>Wann erfolgt voraussichtlich die Auftragsvergabe „Kommunikationsstrategie“?</li>
</ol>
<p>Mit freundlichen Grüßen</p>
<p>Klaus Lüdemann<br />
Stadtverordneter</p>

<p>Die Anfrage wurde ohne Beschluss entgegen genommen. Anfrage an die Planungs- und Baubegleitkommission Döppersberg am 06.02.2014                 Sehr geehrter Herr Reese, bei den Diskussionen über die Kostensteigerungen und die Frage der B7-Sperrung wurde von verschiedenen Akteuren die Art der Kommunikation zwischen der Stadtverwaltung und den Menschen&#8230;</p>

<!-- This site is optimized with the Yoast SEO plugin v21.8 - https://yoast.com/wordpress/plugins/seo/ -->
<title>Kommunikationsstrategie für das Projekt Döppersberg - Fraktion von Bündnis 90 / DIE GRÜNEN im Rat der Stadt Wuppertal</title>
<meta name="robots" content="index, follow, max-snippet:-1, max-image-preview:large, max-video-preview:-1" />
<link rel="canonical" href="https://gruene-wuppertal.de/fraktion/anfragen/kommunikationsstrategie-fur-das-projekt-doppersberg/" />
<meta property="og:locale" content="de_DE" />
<meta property="og:type" content="article" />
<meta property="og:title" content="Kommunikationsstrategie für das Projekt Döppersberg - Fraktion von Bündnis 90 / DIE GRÜNEN im Rat der Stadt Wuppertal" />
<meta property="og:description" content="Die Anfrage wurde ohne Beschluss entgegen genommen. Anfrage an die Planungs- und Baubegleitkommission Döppersberg am 06.02.2014                 Sehr geehrter Herr Reese, bei den Diskussionen über die Kostensteigerungen und die Frage der B7-Sperrung wurde von verschiedenen Akteuren die Art der Kommunikation zwischen der Stadtverwaltung und den Menschen..." />
<meta property="og:url" content="https://gruene-wuppertal.de/fraktion/anfragen/kommunikationsstrategie-fur-das-projekt-doppersberg/" />
<meta property="og:site_name" content="Fraktion von Bündnis 90 / DIE GRÜNEN im Rat der Stadt Wuppertal" />
<meta name="twitter:card" content="summary_large_image" />
<meta name="twitter:label1" content="Geschätzte Lesezeit" />
	<meta name="twitter:data1" content="1 Minute" />
<script type="application/ld+json" class="yoast-schema-graph">{"@context":"https://schema.org","@graph":[{"@type":"WebPage","@id":"https://gruene-wuppertal.de/fraktion/anfragen/kommunikationsstrategie-fur-das-projekt-doppersberg/","url":"https://gruene-wuppertal.de/fraktion/anfragen/kommunikationsstrategie-fur-das-projekt-doppersberg/","name":"Kommunikationsstrategie für das Projekt Döppersberg - Fraktion von Bündnis 90 / DIE GRÜNEN im Rat der Stadt Wuppertal","isPartOf":{"@id":"https://gruene-wuppertal.de/fraktion/#website"},"datePublished":"2014-01-14T12:32:55+00:00","dateModified":"2014-01-14T12:32:55+00:00","breadcrumb":{"@id":"https://gruene-wuppertal.de/fraktion/anfragen/kommunikationsstrategie-fur-das-projekt-doppersberg/#breadcrumb"},"inLanguage":"de-DE","potentialAction":[{"@type":"ReadAction","target":["https://gruene-wuppertal.de/fraktion/anfragen/kommunikationsstrategie-fur-das-projekt-doppersberg/"]}]},{"@type":"BreadcrumbList","@id":"https://gruene-wuppertal.de/fraktion/anfragen/kommunikationsstrategie-fur-das-projekt-doppersberg/#breadcrumb","itemListElement":[{"@type":"ListItem","position":1,"name":"Startseite","item":"https://gruene-wuppertal.de/fraktion/"},{"@type":"ListItem","position":2,"name":"Kommunikationsstrategie für das Projekt Döppersberg"}]},{"@type":"WebSite","@id":"https://gruene-wuppertal.de/fraktion/#website","url":"https://gruene-wuppertal.de/fraktion/","name":"Fraktion von Bündnis 90 / DIE GRÜNEN im Rat der Stadt Wuppertal","description":"","potentialAction":[{"@type":"SearchAction","target":{"@type":"EntryPoint","urlTemplate":"https://gruene-wuppertal.de/fraktion/?s={search_term_string}"},"query-input":"required name=search_term_string"}],"inLanguage":"de-DE"}]}</script>
<!-- / Yoast SEO plugin. -->

Kommunikationsstrategie für das Projekt Döppersberg - Fraktion von Bündnis 90 / DIE GRÜNEN im Rat der Stadt Wuppertal

Die Anfrage wurde ohne Beschluss entgegen genommen. Anfrage an die Planungs- und Baubegleitkommission Döppersberg am 06.02.2014                 Sehr geehrter Herr Reese, bei den Diskussionen über die Kostensteigerungen und die Frage der B7-Sperrung wurde von verschiedenen Akteuren die Art der Kommunikation zwischen der Stadtverwaltung und den Menschen...

Fraktion von Bündnis 90 / DIE GRÜNEN im Rat der Stadt Wuppertal
