{"id":4776,"date":"2013-09-18T08:11:35","date_gmt":"2013-09-18T08:11:35","guid":{"rendered":"https:\/\/gruene-wuppertal.de\/fraktion\/?post_type=anfragen&amp;p=4776"},"modified":"2013-09-18T08:11:35","modified_gmt":"2013-09-18T08:11:35","slug":"kosten-und-nutzen-der-kleinen-hohe-2","status":"publish","type":"anfragen","link":"https:\/\/gruene-wuppertal.de\/fraktion\/anfragen\/kosten-und-nutzen-der-kleinen-hohe-2\/","title":{"rendered":"Kosten und Nutzen der Kleinen H\u00f6he (2)"},"content":{"rendered":"<p>Die Antwort der Verwaltung finden Sie in dieser PDF-Datei <a href=\"https:\/\/gruene-wuppertal.de\/fraktion\/wp-content\/uploads\/2013\/09\/Antw_Kl_Hoehe.pdf\">Antw_Kl_Hoehe<\/a><\/p>\n<p>Sehr geehrter Herr Oberb\u00fcrgermeister,<\/p>\n<p>nach Auswertung der Antwort auf die Anfrage VO\/0536\/13 \u201eKosten und Nutzen der Kleinen H\u00f6he\u201c ergeben sich weitere Fragen, um deren Beantwortung die Fraktion B\u00dcNDNIS 90\/DIE GR\u00dcNEN\u00a0 in der Ratssitzung am 30.09.13 bittet:<\/p>\n<ol start=\"1\">\n<li>Welche Kosten verursachten die letzte Umweltvertr\u00e4glichkeitspr\u00fcfung 2008, die Vermarktungskonzepte sowie der Personalaufwand in Zusammenhang mit der Kleinen H\u00f6he?<\/li>\n<\/ol>\n<ol start=\"2\">\n<li>Mit einer Nutzungsentsch\u00e4digung in H\u00f6he von 2.833,83 Euro pro Jahr erzielt die Stadt Wuppertal seit 2006 Einnahmen von ca. 71 Euro pro ha\/Jahr, ein Preis, der deutlich unter den durchschnittlichen Pachtpreisen in NRW liegt. Diese lagen 2010 bei 402 Euro f\u00fcr Ackerland und 183 Euro f\u00fcr Gr\u00fcnland. Werden die Nebenkosten wie Haftpflichtversicherung, Beitr\u00e4ge zur Landwirtschaftskammer und Grundsteuer A von der Stadt oder den P\u00e4chtern getragen? Wie hoch sind diese Nebenkosten? Wie hoch w\u00e4re der regul\u00e4re Pachtpreis f\u00fcr die landwirtschaftliche Fl\u00e4che?<\/li>\n<\/ol>\n<ol start=\"3\">\n<li>Beabsichtigt die Stadt Wuppertal, in Pachtvertr\u00e4gen generell Regelungen und Standards zur \u00f6kologischen Fl\u00e4chenbewirtschaftung\u00a0 festzulegen? Gibt es bestehende Pachtvertr\u00e4ge, in denen solche Regelungen festgelegt wurden? Wenn nein, warum nicht?<\/li>\n<\/ol>\n<ol start=\"4\">\n<li>Wie hoch war der Kaufpreis 2010 f\u00fcr die Kleine H\u00f6he, den die Stadt Wuppertal bei einer Eigentums\u00fcbertragung erzielt h\u00e4tte? Was ist der Unterschied zwischen einer Eigentums\u00fcbertragung und einem Verkauf der Fl\u00e4che?<\/li>\n<\/ol>\n<p>Mit freundlichen Gr\u00fc\u00dfen<\/p>\n<p>Peter Vorsteher<br \/>\nFraktionsvorsitzender<\/p>\n<p>Klaus L\u00fcdemann<br \/>\nStadtverordneter<\/p>\n<p>&nbsp;<\/p>\n","protected":false},"excerpt":{"rendered":"<p>Die Antwort der Verwaltung finden Sie in dieser PDF-Datei Antw_Kl_Hoehe Sehr geehrter Herr Oberb\u00fcrgermeister, nach Auswertung der Antwort auf die Anfrage VO\/0536\/13 \u201eKosten und Nutzen der Kleinen H\u00f6he\u201c ergeben sich weitere Fragen, um deren Beantwortung die Fraktion B\u00dcNDNIS 90\/DIE GR\u00dcNEN\u00a0 in der Ratssitzung am 30.09.13&#8230;<\/p>\n","protected":false},"author":6,"featured_media":0,"menu_order":0,"comment_status":"closed","ping_status":"closed","template":"","meta":{"_wp_rev_ctl_limit":""},"themen":[9,77,58,70],"yoast_head":"<!-- This site is optimized with the Yoast SEO plugin v21.8 - https:\/\/yoast.com\/wordpress\/plugins\/seo\/ -->\n<title>Kosten und Nutzen der Kleinen H\u00f6he (2) - Fraktion von B\u00fcndnis 90 \/ DIE GR\u00dcNEN im Rat der Stadt Wuppertal<\/title>\n<meta name=\"robots\" content=\"index, follow, max-snippet:-1, max-image-preview:large, max-video-preview:-1\" \/>\n<link rel=\"canonical\" href=\"https:\/\/gruene-wuppertal.de\/fraktion\/anfragen\/kosten-und-nutzen-der-kleinen-hohe-2\/\" \/>\n<meta property=\"og:locale\" content=\"de_DE\" \/>\n<meta property=\"og:type\" content=\"article\" \/>\n<meta property=\"og:title\" content=\"Kosten und Nutzen der Kleinen H\u00f6he (2) - Fraktion von B\u00fcndnis 90 \/ DIE GR\u00dcNEN im Rat der Stadt Wuppertal\" \/>\n<meta property=\"og:description\" content=\"Die Antwort der Verwaltung finden Sie in dieser PDF-Datei Antw_Kl_Hoehe Sehr geehrter Herr Oberb\u00fcrgermeister, nach Auswertung der Antwort auf die Anfrage VO\/0536\/13 \u201eKosten und Nutzen der Kleinen H\u00f6he\u201c ergeben sich weitere Fragen, um deren Beantwortung die Fraktion B\u00dcNDNIS 90\/DIE GR\u00dcNEN\u00a0 in der Ratssitzung am 30.09.13...\" \/>\n<meta property=\"og:url\" content=\"https:\/\/gruene-wuppertal.de\/fraktion\/anfragen\/kosten-und-nutzen-der-kleinen-hohe-2\/\" \/>\n<meta property=\"og:site_name\" content=\"Fraktion von B\u00fcndnis 90 \/ DIE GR\u00dcNEN im Rat der Stadt Wuppertal\" \/>\n<meta name=\"twitter:card\" content=\"summary_large_image\" \/>\n<meta name=\"twitter:label1\" content=\"Gesch\u00e4tzte Lesezeit\" \/>\n\t<meta name=\"twitter:data1\" content=\"1 Minute\" \/>\n<script type=\"application\/ld+json\" class=\"yoast-schema-graph\">{\"@context\":\"https:\/\/schema.org\",\"@graph\":[{\"@type\":\"WebPage\",\"@id\":\"https:\/\/gruene-wuppertal.de\/fraktion\/anfragen\/kosten-und-nutzen-der-kleinen-hohe-2\/\",\"url\":\"https:\/\/gruene-wuppertal.de\/fraktion\/anfragen\/kosten-und-nutzen-der-kleinen-hohe-2\/\",\"name\":\"Kosten und Nutzen der Kleinen H\u00f6he (2) - Fraktion von B\u00fcndnis 90 \/ DIE GR\u00dcNEN im Rat der Stadt Wuppertal\",\"isPartOf\":{\"@id\":\"https:\/\/gruene-wuppertal.de\/fraktion\/#website\"},\"datePublished\":\"2013-09-18T08:11:35+00:00\",\"dateModified\":\"2013-09-18T08:11:35+00:00\",\"breadcrumb\":{\"@id\":\"https:\/\/gruene-wuppertal.de\/fraktion\/anfragen\/kosten-und-nutzen-der-kleinen-hohe-2\/#breadcrumb\"},\"inLanguage\":\"de-DE\",\"potentialAction\":[{\"@type\":\"ReadAction\",\"target\":[\"https:\/\/gruene-wuppertal.de\/fraktion\/anfragen\/kosten-und-nutzen-der-kleinen-hohe-2\/\"]}]},{\"@type\":\"BreadcrumbList\",\"@id\":\"https:\/\/gruene-wuppertal.de\/fraktion\/anfragen\/kosten-und-nutzen-der-kleinen-hohe-2\/#breadcrumb\",\"itemListElement\":[{\"@type\":\"ListItem\",\"position\":1,\"name\":\"Startseite\",\"item\":\"https:\/\/gruene-wuppertal.de\/fraktion\/\"},{\"@type\":\"ListItem\",\"position\":2,\"name\":\"Kosten und Nutzen der Kleinen H\u00f6he (2)\"}]},{\"@type\":\"WebSite\",\"@id\":\"https:\/\/gruene-wuppertal.de\/fraktion\/#website\",\"url\":\"https:\/\/gruene-wuppertal.de\/fraktion\/\",\"name\":\"Fraktion von B\u00fcndnis 90 \/ DIE GR\u00dcNEN im Rat der Stadt Wuppertal\",\"description\":\"\",\"potentialAction\":[{\"@type\":\"SearchAction\",\"target\":{\"@type\":\"EntryPoint\",\"urlTemplate\":\"https:\/\/gruene-wuppertal.de\/fraktion\/?s={search_term_string}\"},\"query-input\":\"required name=search_term_string\"}],\"inLanguage\":\"de-DE\"}]}<\/script>\n<!-- \/ Yoast SEO plugin. -->","yoast_head_json":{"title":"Kosten und Nutzen der Kleinen H\u00f6he (2) - Fraktion von B\u00fcndnis 90 \/ DIE GR\u00dcNEN im Rat der Stadt Wuppertal","robots":{"index":"index","follow":"follow","max-snippet":"max-snippet:-1","max-image-preview":"max-image-preview:large","max-video-preview":"max-video-preview:-1"},"canonical":"https:\/\/gruene-wuppertal.de\/fraktion\/anfragen\/kosten-und-nutzen-der-kleinen-hohe-2\/","og_locale":"de_DE","og_type":"article","og_title":"Kosten und Nutzen der Kleinen H\u00f6he (2) - Fraktion von B\u00fcndnis 90 \/ DIE GR\u00dcNEN im Rat der Stadt Wuppertal","og_description":"Die Antwort der Verwaltung finden Sie in dieser PDF-Datei Antw_Kl_Hoehe Sehr geehrter Herr Oberb\u00fcrgermeister, nach Auswertung der Antwort auf die Anfrage VO\/0536\/13 \u201eKosten und Nutzen der Kleinen H\u00f6he\u201c ergeben sich weitere Fragen, um deren Beantwortung die Fraktion B\u00dcNDNIS 90\/DIE GR\u00dcNEN\u00a0 in der Ratssitzung am 30.09.13...","og_url":"https:\/\/gruene-wuppertal.de\/fraktion\/anfragen\/kosten-und-nutzen-der-kleinen-hohe-2\/","og_site_name":"Fraktion von B\u00fcndnis 90 \/ DIE GR\u00dcNEN im Rat der Stadt Wuppertal","twitter_card":"summary_large_image","twitter_misc":{"Gesch\u00e4tzte Lesezeit":"1 Minute"},"schema":{"@context":"https:\/\/schema.org","@graph":[{"@type":"WebPage","@id":"https:\/\/gruene-wuppertal.de\/fraktion\/anfragen\/kosten-und-nutzen-der-kleinen-hohe-2\/","url":"https:\/\/gruene-wuppertal.de\/fraktion\/anfragen\/kosten-und-nutzen-der-kleinen-hohe-2\/","name":"Kosten und Nutzen der Kleinen H\u00f6he (2) - Fraktion von B\u00fcndnis 90 \/ DIE GR\u00dcNEN im Rat der Stadt Wuppertal","isPartOf":{"@id":"https:\/\/gruene-wuppertal.de\/fraktion\/#website"},"datePublished":"2013-09-18T08:11:35+00:00","dateModified":"2013-09-18T08:11:35+00:00","breadcrumb":{"@id":"https:\/\/gruene-wuppertal.de\/fraktion\/anfragen\/kosten-und-nutzen-der-kleinen-hohe-2\/#breadcrumb"},"inLanguage":"de-DE","potentialAction":[{"@type":"ReadAction","target":["https:\/\/gruene-wuppertal.de\/fraktion\/anfragen\/kosten-und-nutzen-der-kleinen-hohe-2\/"]}]},{"@type":"BreadcrumbList","@id":"https:\/\/gruene-wuppertal.de\/fraktion\/anfragen\/kosten-und-nutzen-der-kleinen-hohe-2\/#breadcrumb","itemListElement":[{"@type":"ListItem","position":1,"name":"Startseite","item":"https:\/\/gruene-wuppertal.de\/fraktion\/"},{"@type":"ListItem","position":2,"name":"Kosten und Nutzen der Kleinen H\u00f6he (2)"}]},{"@type":"WebSite","@id":"https:\/\/gruene-wuppertal.de\/fraktion\/#website","url":"https:\/\/gruene-wuppertal.de\/fraktion\/","name":"Fraktion von B\u00fcndnis 90 \/ DIE GR\u00dcNEN im Rat der Stadt Wuppertal","description":"","potentialAction":[{"@type":"SearchAction","target":{"@type":"EntryPoint","urlTemplate":"https:\/\/gruene-wuppertal.de\/fraktion\/?s={search_term_string}"},"query-input":"required name=search_term_string"}],"inLanguage":"de-DE"}]}},"post_mailing_queue_ids":[],"_links":{"self":[{"href":"https:\/\/gruene-wuppertal.de\/fraktion\/wp-json\/wp\/v2\/anfragen\/4776"}],"collection":[{"href":"https:\/\/gruene-wuppertal.de\/fraktion\/wp-json\/wp\/v2\/anfragen"}],"about":[{"href":"https:\/\/gruene-wuppertal.de\/fraktion\/wp-json\/wp\/v2\/types\/anfragen"}],"author":[{"embeddable":true,"href":"https:\/\/gruene-wuppertal.de\/fraktion\/wp-json\/wp\/v2\/users\/6"}],"replies":[{"embeddable":true,"href":"https:\/\/gruene-wuppertal.de\/fraktion\/wp-json\/wp\/v2\/comments?post=4776"}],"version-history":[{"count":0,"href":"https:\/\/gruene-wuppertal.de\/fraktion\/wp-json\/wp\/v2\/anfragen\/4776\/revisions"}],"wp:attachment":[{"href":"https:\/\/gruene-wuppertal.de\/fraktion\/wp-json\/wp\/v2\/media?parent=4776"}],"wp:term":[{"taxonomy":"themen","embeddable":true,"href":"https:\/\/gruene-wuppertal.de\/fraktion\/wp-json\/wp\/v2\/themen?post=4776"}],"curies":[{"name":"wp","href":"https:\/\/api.w.org\/{rel}","templated":true}]}}

Kosten und Nutzen der Kleinen Höhe (2)

<p>Die Antwort der Verwaltung finden Sie in dieser PDF-Datei <a href="https://gruene-wuppertal.de/fraktion/wp-content/uploads/2013/09/Antw_Kl_Hoehe.pdf">Antw_Kl_Hoehe</a></p>
<p>Sehr geehrter Herr Oberbürgermeister,</p>
<p>nach Auswertung der Antwort auf die Anfrage VO/0536/13 „Kosten und Nutzen der Kleinen Höhe“ ergeben sich weitere Fragen, um deren Beantwortung die Fraktion BÜNDNIS 90/DIE GRÜNEN  in der Ratssitzung am 30.09.13 bittet:</p>
<ol start="1">
<li>Welche Kosten verursachten die letzte Umweltverträglichkeitsprüfung 2008, die Vermarktungskonzepte sowie der Personalaufwand in Zusammenhang mit der Kleinen Höhe?</li>
</ol>
<ol start="2">
<li>Mit einer Nutzungsentschädigung in Höhe von 2.833,83 Euro pro Jahr erzielt die Stadt Wuppertal seit 2006 Einnahmen von ca. 71 Euro pro ha/Jahr, ein Preis, der deutlich unter den durchschnittlichen Pachtpreisen in NRW liegt. Diese lagen 2010 bei 402 Euro für Ackerland und 183 Euro für Grünland. Werden die Nebenkosten wie Haftpflichtversicherung, Beiträge zur Landwirtschaftskammer und Grundsteuer A von der Stadt oder den Pächtern getragen? Wie hoch sind diese Nebenkosten? Wie hoch wäre der reguläre Pachtpreis für die landwirtschaftliche Fläche?</li>
</ol>
<ol start="3">
<li>Beabsichtigt die Stadt Wuppertal, in Pachtverträgen generell Regelungen und Standards zur ökologischen Flächenbewirtschaftung  festzulegen? Gibt es bestehende Pachtverträge, in denen solche Regelungen festgelegt wurden? Wenn nein, warum nicht?</li>
</ol>
<ol start="4">
<li>Wie hoch war der Kaufpreis 2010 für die Kleine Höhe, den die Stadt Wuppertal bei einer Eigentumsübertragung erzielt hätte? Was ist der Unterschied zwischen einer Eigentumsübertragung und einem Verkauf der Fläche?</li>
</ol>
<p>Mit freundlichen Grüßen</p>
<p>Peter Vorsteher<br />
Fraktionsvorsitzender</p>
<p>Klaus Lüdemann<br />
Stadtverordneter</p>
<p>&nbsp;</p>

<p>Die Antwort der Verwaltung finden Sie in dieser PDF-Datei Antw_Kl_Hoehe Sehr geehrter Herr Oberbürgermeister, nach Auswertung der Antwort auf die Anfrage VO/0536/13 „Kosten und Nutzen der Kleinen Höhe“ ergeben sich weitere Fragen, um deren Beantwortung die Fraktion BÜNDNIS 90/DIE GRÜNEN  in der Ratssitzung am 30.09.13&#8230;</p>

<!-- This site is optimized with the Yoast SEO plugin v21.8 - https://yoast.com/wordpress/plugins/seo/ -->
<title>Kosten und Nutzen der Kleinen Höhe (2) - Fraktion von Bündnis 90 / DIE GRÜNEN im Rat der Stadt Wuppertal</title>
<meta name="robots" content="index, follow, max-snippet:-1, max-image-preview:large, max-video-preview:-1" />
<link rel="canonical" href="https://gruene-wuppertal.de/fraktion/anfragen/kosten-und-nutzen-der-kleinen-hohe-2/" />
<meta property="og:locale" content="de_DE" />
<meta property="og:type" content="article" />
<meta property="og:title" content="Kosten und Nutzen der Kleinen Höhe (2) - Fraktion von Bündnis 90 / DIE GRÜNEN im Rat der Stadt Wuppertal" />
<meta property="og:description" content="Die Antwort der Verwaltung finden Sie in dieser PDF-Datei Antw_Kl_Hoehe Sehr geehrter Herr Oberbürgermeister, nach Auswertung der Antwort auf die Anfrage VO/0536/13 „Kosten und Nutzen der Kleinen Höhe“ ergeben sich weitere Fragen, um deren Beantwortung die Fraktion BÜNDNIS 90/DIE GRÜNEN  in der Ratssitzung am 30.09.13..." />
<meta property="og:url" content="https://gruene-wuppertal.de/fraktion/anfragen/kosten-und-nutzen-der-kleinen-hohe-2/" />
<meta property="og:site_name" content="Fraktion von Bündnis 90 / DIE GRÜNEN im Rat der Stadt Wuppertal" />
<meta name="twitter:card" content="summary_large_image" />
<meta name="twitter:label1" content="Geschätzte Lesezeit" />
	<meta name="twitter:data1" content="1 Minute" />
<script type="application/ld+json" class="yoast-schema-graph">{"@context":"https://schema.org","@graph":[{"@type":"WebPage","@id":"https://gruene-wuppertal.de/fraktion/anfragen/kosten-und-nutzen-der-kleinen-hohe-2/","url":"https://gruene-wuppertal.de/fraktion/anfragen/kosten-und-nutzen-der-kleinen-hohe-2/","name":"Kosten und Nutzen der Kleinen Höhe (2) - Fraktion von Bündnis 90 / DIE GRÜNEN im Rat der Stadt Wuppertal","isPartOf":{"@id":"https://gruene-wuppertal.de/fraktion/#website"},"datePublished":"2013-09-18T08:11:35+00:00","dateModified":"2013-09-18T08:11:35+00:00","breadcrumb":{"@id":"https://gruene-wuppertal.de/fraktion/anfragen/kosten-und-nutzen-der-kleinen-hohe-2/#breadcrumb"},"inLanguage":"de-DE","potentialAction":[{"@type":"ReadAction","target":["https://gruene-wuppertal.de/fraktion/anfragen/kosten-und-nutzen-der-kleinen-hohe-2/"]}]},{"@type":"BreadcrumbList","@id":"https://gruene-wuppertal.de/fraktion/anfragen/kosten-und-nutzen-der-kleinen-hohe-2/#breadcrumb","itemListElement":[{"@type":"ListItem","position":1,"name":"Startseite","item":"https://gruene-wuppertal.de/fraktion/"},{"@type":"ListItem","position":2,"name":"Kosten und Nutzen der Kleinen Höhe (2)"}]},{"@type":"WebSite","@id":"https://gruene-wuppertal.de/fraktion/#website","url":"https://gruene-wuppertal.de/fraktion/","name":"Fraktion von Bündnis 90 / DIE GRÜNEN im Rat der Stadt Wuppertal","description":"","potentialAction":[{"@type":"SearchAction","target":{"@type":"EntryPoint","urlTemplate":"https://gruene-wuppertal.de/fraktion/?s={search_term_string}"},"query-input":"required name=search_term_string"}],"inLanguage":"de-DE"}]}</script>
<!-- / Yoast SEO plugin. -->

Kosten und Nutzen der Kleinen Höhe (2) - Fraktion von Bündnis 90 / DIE GRÜNEN im Rat der Stadt Wuppertal

Die Antwort der Verwaltung finden Sie in dieser PDF-Datei Antw_Kl_Hoehe Sehr geehrter Herr Oberbürgermeister, nach Auswertung der Antwort auf die Anfrage VO/0536/13 „Kosten und Nutzen der Kleinen Höhe“ ergeben sich weitere Fragen, um deren Beantwortung die Fraktion BÜNDNIS 90/DIE GRÜNEN  in der Ratssitzung am 30.09.13...

Fraktion von Bündnis 90 / DIE GRÜNEN im Rat der Stadt Wuppertal
