{"id":22941,"date":"2026-04-28T11:49:04","date_gmt":"2026-04-28T09:49:04","guid":{"rendered":"https:\/\/gruene-wuppertal.de\/fraktion\/?post_type=anfragen&#038;p=22941"},"modified":"2026-04-28T11:49:04","modified_gmt":"2026-04-28T09:49:04","slug":"software-strategie-in-der-wuppertaler-stadtverwaltung","status":"publish","type":"anfragen","link":"https:\/\/gruene-wuppertal.de\/fraktion\/anfragen\/software-strategie-in-der-wuppertaler-stadtverwaltung\/","title":{"rendered":"Software-Strategie in der Wuppertaler Stadtverwaltung"},"content":{"rendered":"<p><strong>Gro\u00dfe Anfrage der Fraktion B\u00fcndnis 90\/Die Gr\u00fcnen vom an den <\/strong><strong>Ausschuss f\u00fcr \u00f6ffentliche Ordnung, B\u00fcrgerservice und <\/strong><strong>Digitalisierung &amp; Betriebsausschuss ESW am 06.05.2026<\/strong><\/p>\n<p>&nbsp;<\/p>\n<p>Sehr geehrter Herr Spiecker,<\/p>\n<p>digitale Souver\u00e4nit\u00e4t wird ein immer wichtigeres Thema und die Sicherheit und Zuverl\u00e4ssigkeit der eigenen digitalen Infrastruktur immer zentraler.<\/p>\n<p>Deshalb bitten wir als Fraktion B\u00fcndnis 90\/Die Gr\u00fcnen die Verwaltung, die folgenden Fragen zu beantworten:<\/p>\n<ol>\n<li>Im Haushalt stehen 2,5 Mio. \u20ac j\u00e4hrlich f\u00fcr Microsoft-Lizenzen. Welche Lizenzen verstecken sich dahinter und gibt es Pl\u00e4ne, diese in den n\u00e4chsten Jahren durch Open Source Alternativen zu ersetzen?<\/li>\n<li>Haben Sie bereits M\u00f6glichkeiten betrachtet, Microsoft- oder andere propriet\u00e4re Softwarel\u00f6sungen durch Open Source- oder zumindest hoheitlich besser beherrschbare L\u00f6sungen zu ersetzen? Bitte erl\u00e4utern Sie Ihren Erkenntnis- bzw. Planungsstand.<\/li>\n<li>Inwieweit haben Sie schon Know-How zu entsprechenden Abl\u00f6sungen aufgebaut? Haben Sie diesbez\u00fcglich bereits Kenntnis von oder Kontakt zu unterst\u00fctzenden Initiativen wie z. B. ZenDiS oder NEGZ aufgenommen?<\/li>\n<li>Haben Sie bereits Kontakte zu diesem Thema zu kooperationsbereiten Kommunen (z. B. im bergischen St\u00e4dtedreieck) oder zu erfolgreichen Piloten (z. B. Dortmund, Schleswig-Holstein, Th\u00fcringen, M\u00fcnchen) aufgenommen.<\/li>\n<\/ol>\n<p>\u00dcber eine fristgerechte Antwort zur kommenden Sitzung des Ausschusses f\u00fcr \u00f6ffentliche Ordnung, B\u00fcrgerservice und Digitalisierung &amp; Betriebsausschuss ESW w\u00fcrden wir uns freuen.<\/p>\n<p>&nbsp;<\/p>\n<p>Mit freundlichen Gr\u00fc\u00dfen<\/p>\n<p>Liliane Pollmann \u00a0\u00a0\u00a0\u00a0\u00a0\u00a0\u00a0\u00a0\u00a0\u00a0\u00a0\u00a0\u00a0\u00a0\u00a0\u00a0\u00a0\u00a0\u00a0\u00a0\u00a0\u00a0\u00a0\u00a0\u00a0\u00a0\u00a0\u00a0\u00a0\u00a0 Jan Baumann<\/p>\n<p>Stadtverordnete \u00a0\u00a0\u00a0\u00a0\u00a0\u00a0\u00a0\u00a0\u00a0\u00a0\u00a0\u00a0\u00a0\u00a0\u00a0\u00a0\u00a0\u00a0\u00a0\u00a0\u00a0\u00a0\u00a0\u00a0\u00a0\u00a0\u00a0\u00a0\u00a0\u00a0\u00a0 Ausschussmitglied<\/p>\n","protected":false},"excerpt":{"rendered":"<p>Gro\u00dfe Anfrage der Fraktion B\u00fcndnis 90\/Die Gr\u00fcnen vom an den Ausschuss f\u00fcr \u00f6ffentliche Ordnung, B\u00fcrgerservice und Digitalisierung &amp; Betriebsausschuss ESW am 06.05.2026 &nbsp; Sehr geehrter Herr Spiecker, digitale Souver\u00e4nit\u00e4t wird ein immer wichtigeres Thema und die Sicherheit und Zuverl\u00e4ssigkeit der eigenen digitalen Infrastruktur immer zentraler&#8230;.<\/p>\n","protected":false},"author":89,"featured_media":0,"menu_order":0,"comment_status":"open","ping_status":"open","template":"","meta":{"_wp_rev_ctl_limit":""},"themen":[714,159,715,691],"yoast_head":"<!-- This site is optimized with the Yoast SEO plugin v21.8 - https:\/\/yoast.com\/wordpress\/plugins\/seo\/ -->\n<title>Software-Strategie in der Wuppertaler Stadtverwaltung - Fraktion von B\u00fcndnis 90 \/ DIE GR\u00dcNEN im Rat der Stadt Wuppertal<\/title>\n<meta name=\"robots\" content=\"index, follow, max-snippet:-1, max-image-preview:large, max-video-preview:-1\" \/>\n<link rel=\"canonical\" href=\"https:\/\/gruene-wuppertal.de\/fraktion\/anfragen\/software-strategie-in-der-wuppertaler-stadtverwaltung\/\" \/>\n<meta property=\"og:locale\" content=\"de_DE\" \/>\n<meta property=\"og:type\" content=\"article\" \/>\n<meta property=\"og:title\" content=\"Software-Strategie in der Wuppertaler Stadtverwaltung - Fraktion von B\u00fcndnis 90 \/ DIE GR\u00dcNEN im Rat der Stadt Wuppertal\" \/>\n<meta property=\"og:description\" content=\"Gro\u00dfe Anfrage der Fraktion B\u00fcndnis 90\/Die Gr\u00fcnen vom an den Ausschuss f\u00fcr \u00f6ffentliche Ordnung, B\u00fcrgerservice und Digitalisierung &amp; Betriebsausschuss ESW am 06.05.2026 &nbsp; Sehr geehrter Herr Spiecker, digitale Souver\u00e4nit\u00e4t wird ein immer wichtigeres Thema und die Sicherheit und Zuverl\u00e4ssigkeit der eigenen digitalen Infrastruktur immer zentraler....\" \/>\n<meta property=\"og:url\" content=\"https:\/\/gruene-wuppertal.de\/fraktion\/anfragen\/software-strategie-in-der-wuppertaler-stadtverwaltung\/\" \/>\n<meta property=\"og:site_name\" content=\"Fraktion von B\u00fcndnis 90 \/ DIE GR\u00dcNEN im Rat der Stadt Wuppertal\" \/>\n<meta name=\"twitter:card\" content=\"summary_large_image\" \/>\n<meta name=\"twitter:label1\" content=\"Gesch\u00e4tzte Lesezeit\" \/>\n\t<meta name=\"twitter:data1\" content=\"2 Minuten\" \/>\n<script type=\"application\/ld+json\" class=\"yoast-schema-graph\">{\"@context\":\"https:\/\/schema.org\",\"@graph\":[{\"@type\":\"WebPage\",\"@id\":\"https:\/\/gruene-wuppertal.de\/fraktion\/anfragen\/software-strategie-in-der-wuppertaler-stadtverwaltung\/\",\"url\":\"https:\/\/gruene-wuppertal.de\/fraktion\/anfragen\/software-strategie-in-der-wuppertaler-stadtverwaltung\/\",\"name\":\"Software-Strategie in der Wuppertaler Stadtverwaltung - Fraktion von B\u00fcndnis 90 \/ DIE GR\u00dcNEN im Rat der Stadt Wuppertal\",\"isPartOf\":{\"@id\":\"https:\/\/gruene-wuppertal.de\/fraktion\/#website\"},\"datePublished\":\"2026-04-28T09:49:04+00:00\",\"dateModified\":\"2026-04-28T09:49:04+00:00\",\"breadcrumb\":{\"@id\":\"https:\/\/gruene-wuppertal.de\/fraktion\/anfragen\/software-strategie-in-der-wuppertaler-stadtverwaltung\/#breadcrumb\"},\"inLanguage\":\"de-DE\",\"potentialAction\":[{\"@type\":\"ReadAction\",\"target\":[\"https:\/\/gruene-wuppertal.de\/fraktion\/anfragen\/software-strategie-in-der-wuppertaler-stadtverwaltung\/\"]}]},{\"@type\":\"BreadcrumbList\",\"@id\":\"https:\/\/gruene-wuppertal.de\/fraktion\/anfragen\/software-strategie-in-der-wuppertaler-stadtverwaltung\/#breadcrumb\",\"itemListElement\":[{\"@type\":\"ListItem\",\"position\":1,\"name\":\"Startseite\",\"item\":\"https:\/\/gruene-wuppertal.de\/fraktion\/\"},{\"@type\":\"ListItem\",\"position\":2,\"name\":\"Software-Strategie in der Wuppertaler Stadtverwaltung\"}]},{\"@type\":\"WebSite\",\"@id\":\"https:\/\/gruene-wuppertal.de\/fraktion\/#website\",\"url\":\"https:\/\/gruene-wuppertal.de\/fraktion\/\",\"name\":\"Fraktion von B\u00fcndnis 90 \/ DIE GR\u00dcNEN im Rat der Stadt Wuppertal\",\"description\":\"\",\"potentialAction\":[{\"@type\":\"SearchAction\",\"target\":{\"@type\":\"EntryPoint\",\"urlTemplate\":\"https:\/\/gruene-wuppertal.de\/fraktion\/?s={search_term_string}\"},\"query-input\":\"required name=search_term_string\"}],\"inLanguage\":\"de-DE\"}]}<\/script>\n<!-- \/ Yoast SEO plugin. -->","yoast_head_json":{"title":"Software-Strategie in der Wuppertaler Stadtverwaltung - Fraktion von B\u00fcndnis 90 \/ DIE GR\u00dcNEN im Rat der Stadt Wuppertal","robots":{"index":"index","follow":"follow","max-snippet":"max-snippet:-1","max-image-preview":"max-image-preview:large","max-video-preview":"max-video-preview:-1"},"canonical":"https:\/\/gruene-wuppertal.de\/fraktion\/anfragen\/software-strategie-in-der-wuppertaler-stadtverwaltung\/","og_locale":"de_DE","og_type":"article","og_title":"Software-Strategie in der Wuppertaler Stadtverwaltung - Fraktion von B\u00fcndnis 90 \/ DIE GR\u00dcNEN im Rat der Stadt Wuppertal","og_description":"Gro\u00dfe Anfrage der Fraktion B\u00fcndnis 90\/Die Gr\u00fcnen vom an den Ausschuss f\u00fcr \u00f6ffentliche Ordnung, B\u00fcrgerservice und Digitalisierung &amp; Betriebsausschuss ESW am 06.05.2026 &nbsp; Sehr geehrter Herr Spiecker, digitale Souver\u00e4nit\u00e4t wird ein immer wichtigeres Thema und die Sicherheit und Zuverl\u00e4ssigkeit der eigenen digitalen Infrastruktur immer zentraler....","og_url":"https:\/\/gruene-wuppertal.de\/fraktion\/anfragen\/software-strategie-in-der-wuppertaler-stadtverwaltung\/","og_site_name":"Fraktion von B\u00fcndnis 90 \/ DIE GR\u00dcNEN im Rat der Stadt Wuppertal","twitter_card":"summary_large_image","twitter_misc":{"Gesch\u00e4tzte Lesezeit":"2 Minuten"},"schema":{"@context":"https:\/\/schema.org","@graph":[{"@type":"WebPage","@id":"https:\/\/gruene-wuppertal.de\/fraktion\/anfragen\/software-strategie-in-der-wuppertaler-stadtverwaltung\/","url":"https:\/\/gruene-wuppertal.de\/fraktion\/anfragen\/software-strategie-in-der-wuppertaler-stadtverwaltung\/","name":"Software-Strategie in der Wuppertaler Stadtverwaltung - Fraktion von B\u00fcndnis 90 \/ DIE GR\u00dcNEN im Rat der Stadt Wuppertal","isPartOf":{"@id":"https:\/\/gruene-wuppertal.de\/fraktion\/#website"},"datePublished":"2026-04-28T09:49:04+00:00","dateModified":"2026-04-28T09:49:04+00:00","breadcrumb":{"@id":"https:\/\/gruene-wuppertal.de\/fraktion\/anfragen\/software-strategie-in-der-wuppertaler-stadtverwaltung\/#breadcrumb"},"inLanguage":"de-DE","potentialAction":[{"@type":"ReadAction","target":["https:\/\/gruene-wuppertal.de\/fraktion\/anfragen\/software-strategie-in-der-wuppertaler-stadtverwaltung\/"]}]},{"@type":"BreadcrumbList","@id":"https:\/\/gruene-wuppertal.de\/fraktion\/anfragen\/software-strategie-in-der-wuppertaler-stadtverwaltung\/#breadcrumb","itemListElement":[{"@type":"ListItem","position":1,"name":"Startseite","item":"https:\/\/gruene-wuppertal.de\/fraktion\/"},{"@type":"ListItem","position":2,"name":"Software-Strategie in der Wuppertaler Stadtverwaltung"}]},{"@type":"WebSite","@id":"https:\/\/gruene-wuppertal.de\/fraktion\/#website","url":"https:\/\/gruene-wuppertal.de\/fraktion\/","name":"Fraktion von B\u00fcndnis 90 \/ DIE GR\u00dcNEN im Rat der Stadt Wuppertal","description":"","potentialAction":[{"@type":"SearchAction","target":{"@type":"EntryPoint","urlTemplate":"https:\/\/gruene-wuppertal.de\/fraktion\/?s={search_term_string}"},"query-input":"required name=search_term_string"}],"inLanguage":"de-DE"}]}},"post_mailing_queue_ids":[],"_links":{"self":[{"href":"https:\/\/gruene-wuppertal.de\/fraktion\/wp-json\/wp\/v2\/anfragen\/22941"}],"collection":[{"href":"https:\/\/gruene-wuppertal.de\/fraktion\/wp-json\/wp\/v2\/anfragen"}],"about":[{"href":"https:\/\/gruene-wuppertal.de\/fraktion\/wp-json\/wp\/v2\/types\/anfragen"}],"author":[{"embeddable":true,"href":"https:\/\/gruene-wuppertal.de\/fraktion\/wp-json\/wp\/v2\/users\/89"}],"replies":[{"embeddable":true,"href":"https:\/\/gruene-wuppertal.de\/fraktion\/wp-json\/wp\/v2\/comments?post=22941"}],"version-history":[{"count":2,"href":"https:\/\/gruene-wuppertal.de\/fraktion\/wp-json\/wp\/v2\/anfragen\/22941\/revisions"}],"predecessor-version":[{"id":22943,"href":"https:\/\/gruene-wuppertal.de\/fraktion\/wp-json\/wp\/v2\/anfragen\/22941\/revisions\/22943"}],"wp:attachment":[{"href":"https:\/\/gruene-wuppertal.de\/fraktion\/wp-json\/wp\/v2\/media?parent=22941"}],"wp:term":[{"taxonomy":"themen","embeddable":true,"href":"https:\/\/gruene-wuppertal.de\/fraktion\/wp-json\/wp\/v2\/themen?post=22941"}],"curies":[{"name":"wp","href":"https:\/\/api.w.org\/{rel}","templated":true}]}}

<p><strong>Große Anfrage der Fraktion Bündnis 90/Die Grünen vom an den </strong><strong>Ausschuss für öffentliche Ordnung, Bürgerservice und </strong><strong>Digitalisierung &amp; Betriebsausschuss ESW am 06.05.2026</strong></p>
<p>&nbsp;</p>
<p>Sehr geehrter Herr Spiecker,</p>
<p>digitale Souveränität wird ein immer wichtigeres Thema und die Sicherheit und Zuverlässigkeit der eigenen digitalen Infrastruktur immer zentraler.</p>
<p>Deshalb bitten wir als Fraktion Bündnis 90/Die Grünen die Verwaltung, die folgenden Fragen zu beantworten:</p>
<ol>
<li>Im Haushalt stehen 2,5 Mio. € jährlich für Microsoft-Lizenzen. Welche Lizenzen verstecken sich dahinter und gibt es Pläne, diese in den nächsten Jahren durch Open Source Alternativen zu ersetzen?</li>
<li>Haben Sie bereits Möglichkeiten betrachtet, Microsoft- oder andere proprietäre Softwarelösungen durch Open Source- oder zumindest hoheitlich besser beherrschbare Lösungen zu ersetzen? Bitte erläutern Sie Ihren Erkenntnis- bzw. Planungsstand.</li>
<li>Inwieweit haben Sie schon Know-How zu entsprechenden Ablösungen aufgebaut? Haben Sie diesbezüglich bereits Kenntnis von oder Kontakt zu unterstützenden Initiativen wie z. B. ZenDiS oder NEGZ aufgenommen?</li>
<li>Haben Sie bereits Kontakte zu diesem Thema zu kooperationsbereiten Kommunen (z. B. im bergischen Städtedreieck) oder zu erfolgreichen Piloten (z. B. Dortmund, Schleswig-Holstein, Thüringen, München) aufgenommen.</li>
</ol>
<p>Über eine fristgerechte Antwort zur kommenden Sitzung des Ausschusses für öffentliche Ordnung, Bürgerservice und Digitalisierung &amp; Betriebsausschuss ESW würden wir uns freuen.</p>
<p>&nbsp;</p>
<p>Mit freundlichen Grüßen</p>
<p>Liliane Pollmann                                Jan Baumann</p>
<p>Stadtverordnete                                 Ausschussmitglied</p>

<p>Große Anfrage der Fraktion Bündnis 90/Die Grünen vom an den Ausschuss für öffentliche Ordnung, Bürgerservice und Digitalisierung &amp; Betriebsausschuss ESW am 06.05.2026 &nbsp; Sehr geehrter Herr Spiecker, digitale Souveränität wird ein immer wichtigeres Thema und die Sicherheit und Zuverlässigkeit der eigenen digitalen Infrastruktur immer zentraler&#8230;.</p>

<!-- This site is optimized with the Yoast SEO plugin v21.8 - https://yoast.com/wordpress/plugins/seo/ -->
<title>Software-Strategie in der Wuppertaler Stadtverwaltung - Fraktion von Bündnis 90 / DIE GRÜNEN im Rat der Stadt Wuppertal</title>
<meta name="robots" content="index, follow, max-snippet:-1, max-image-preview:large, max-video-preview:-1" />
<link rel="canonical" href="https://gruene-wuppertal.de/fraktion/anfragen/software-strategie-in-der-wuppertaler-stadtverwaltung/" />
<meta property="og:locale" content="de_DE" />
<meta property="og:type" content="article" />
<meta property="og:title" content="Software-Strategie in der Wuppertaler Stadtverwaltung - Fraktion von Bündnis 90 / DIE GRÜNEN im Rat der Stadt Wuppertal" />
<meta property="og:description" content="Große Anfrage der Fraktion Bündnis 90/Die Grünen vom an den Ausschuss für öffentliche Ordnung, Bürgerservice und Digitalisierung &amp; Betriebsausschuss ESW am 06.05.2026 &nbsp; Sehr geehrter Herr Spiecker, digitale Souveränität wird ein immer wichtigeres Thema und die Sicherheit und Zuverlässigkeit der eigenen digitalen Infrastruktur immer zentraler...." />
<meta property="og:url" content="https://gruene-wuppertal.de/fraktion/anfragen/software-strategie-in-der-wuppertaler-stadtverwaltung/" />
<meta property="og:site_name" content="Fraktion von Bündnis 90 / DIE GRÜNEN im Rat der Stadt Wuppertal" />
<meta name="twitter:card" content="summary_large_image" />
<meta name="twitter:label1" content="Geschätzte Lesezeit" />
	<meta name="twitter:data1" content="2 Minuten" />
<script type="application/ld+json" class="yoast-schema-graph">{"@context":"https://schema.org","@graph":[{"@type":"WebPage","@id":"https://gruene-wuppertal.de/fraktion/anfragen/software-strategie-in-der-wuppertaler-stadtverwaltung/","url":"https://gruene-wuppertal.de/fraktion/anfragen/software-strategie-in-der-wuppertaler-stadtverwaltung/","name":"Software-Strategie in der Wuppertaler Stadtverwaltung - Fraktion von Bündnis 90 / DIE GRÜNEN im Rat der Stadt Wuppertal","isPartOf":{"@id":"https://gruene-wuppertal.de/fraktion/#website"},"datePublished":"2026-04-28T09:49:04+00:00","dateModified":"2026-04-28T09:49:04+00:00","breadcrumb":{"@id":"https://gruene-wuppertal.de/fraktion/anfragen/software-strategie-in-der-wuppertaler-stadtverwaltung/#breadcrumb"},"inLanguage":"de-DE","potentialAction":[{"@type":"ReadAction","target":["https://gruene-wuppertal.de/fraktion/anfragen/software-strategie-in-der-wuppertaler-stadtverwaltung/"]}]},{"@type":"BreadcrumbList","@id":"https://gruene-wuppertal.de/fraktion/anfragen/software-strategie-in-der-wuppertaler-stadtverwaltung/#breadcrumb","itemListElement":[{"@type":"ListItem","position":1,"name":"Startseite","item":"https://gruene-wuppertal.de/fraktion/"},{"@type":"ListItem","position":2,"name":"Software-Strategie in der Wuppertaler Stadtverwaltung"}]},{"@type":"WebSite","@id":"https://gruene-wuppertal.de/fraktion/#website","url":"https://gruene-wuppertal.de/fraktion/","name":"Fraktion von Bündnis 90 / DIE GRÜNEN im Rat der Stadt Wuppertal","description":"","potentialAction":[{"@type":"SearchAction","target":{"@type":"EntryPoint","urlTemplate":"https://gruene-wuppertal.de/fraktion/?s={search_term_string}"},"query-input":"required name=search_term_string"}],"inLanguage":"de-DE"}]}</script>
<!-- / Yoast SEO plugin. -->

Software-Strategie in der Wuppertaler Stadtverwaltung - Fraktion von Bündnis 90 / DIE GRÜNEN im Rat der Stadt Wuppertal

Große Anfrage der Fraktion Bündnis 90/Die Grünen vom an den Ausschuss für öffentliche Ordnung, Bürgerservice und Digitalisierung &amp; Betriebsausschuss ESW am 06.05.2026 &nbsp; Sehr geehrter Herr Spiecker, digitale Souveränität wird ein immer wichtigeres Thema und die Sicherheit und Zuverlässigkeit der eigenen digitalen Infrastruktur immer zentraler....

Fraktion von Bündnis 90 / DIE GRÜNEN im Rat der Stadt Wuppertal
