{"id":22121,"date":"2024-11-28T10:06:01","date_gmt":"2024-11-28T09:06:01","guid":{"rendered":"https:\/\/gruene-wuppertal.de\/fraktion\/?post_type=anfragen&#038;p=22121"},"modified":"2024-12-11T09:45:28","modified_gmt":"2024-12-11T08:45:28","slug":"sachstand-einrichtung-einer-koordinierungsstelle-kulturelle-bildung","status":"publish","type":"anfragen","link":"https:\/\/gruene-wuppertal.de\/fraktion\/anfragen\/sachstand-einrichtung-einer-koordinierungsstelle-kulturelle-bildung\/","title":{"rendered":"Sachstand Einrichtung einer Koordinierungsstelle Kulturelle Bildung"},"content":{"rendered":"<p><strong>Gro\u00dfe Anfrage der Fraktion B\u00dcNDNIS 90\/DIE GR\u00dcNEN an den Ausschuss f\u00fcr Kultur am 11.12.2024<\/strong><\/p>\n<p><a href=\"https:\/\/gruene-wuppertal.de\/fraktion\/wp-content\/uploads\/2024\/11\/Antwort_Koordinierungsstelle-Kulturelle-Bildung.pdf\">Die Antwort finden Sie hier. <\/a><\/p>\n<p>Sehr geehrter Herr Dr. K\u00f6ster,<\/p>\n<p>in der Sitzung des Ausschusses f\u00fcr Kultur am 11.09.24 wurde von Herrn Beigeordneten Nocke berichtet, dass nach dem 13.09. eine Entscheidung \u00fcber die Stellenbedarfe des Gesch\u00e4ftsbereichs 2.2 getroffen wird. Anschlie\u00dfend sollte der Ausschuss f\u00fcr Kultur dar\u00fcber informiert werden, ob die Koordinierungsstelle Kulturelle Bildung eine Stelle erh\u00e4lt.<\/p>\n<p>In diesem Zusammenhang bitten wir um die Beantwortung folgender Fragen:<\/p>\n<ul>\n<li>Ist mittlerweile sichergestellt, ob die Koordinierungsstelle Kulturelle Bildung eine Stelle erh\u00e4lt und somit ein wesentlicher Aspekt des Gesamtkonzepts Kulturelle Bildung erf\u00fcllt wird?<\/li>\n<li>Weshalb wurde der Ausschuss f\u00fcr Kultur nicht bereits \u00fcber die Entscheidung, die nach dem 13.09. getroffen werden sollte, informiert?<\/li>\n<li>Wird die Thematik Koordinierungsstelle Kulturelle Bildung in den folgenden Ausschusssitzungen erneut besprochen werden?<\/li>\n<\/ul>\n<p>&nbsp;<\/p>\n<p>Mit freundlichen Gr\u00fc\u00dfen<\/p>\n<p>Dagmar Liste-Frinker<\/p>\n<p>Stadtverordnete<\/p>\n<p>&nbsp;<\/p>\n","protected":false},"excerpt":{"rendered":"<p>Gro\u00dfe Anfrage der Fraktion B\u00dcNDNIS 90\/DIE GR\u00dcNEN an den Ausschuss f\u00fcr Kultur am 11.12.2024 Die Antwort finden Sie hier. Sehr geehrter Herr Dr. K\u00f6ster, in der Sitzung des Ausschusses f\u00fcr Kultur am 11.09.24 wurde von Herrn Beigeordneten Nocke berichtet, dass nach dem 13.09. eine Entscheidung&#8230;<\/p>\n","protected":false},"author":89,"featured_media":0,"menu_order":0,"comment_status":"open","ping_status":"open","template":"","meta":{"_wp_rev_ctl_limit":""},"themen":[10,583],"yoast_head":"<!-- This site is optimized with the Yoast SEO plugin v21.8 - https:\/\/yoast.com\/wordpress\/plugins\/seo\/ -->\n<title>Sachstand Einrichtung einer Koordinierungsstelle Kulturelle Bildung - Fraktion von B\u00fcndnis 90 \/ DIE GR\u00dcNEN im Rat der Stadt Wuppertal<\/title>\n<meta name=\"robots\" content=\"index, follow, max-snippet:-1, max-image-preview:large, max-video-preview:-1\" \/>\n<link rel=\"canonical\" href=\"https:\/\/gruene-wuppertal.de\/fraktion\/anfragen\/sachstand-einrichtung-einer-koordinierungsstelle-kulturelle-bildung\/\" \/>\n<meta property=\"og:locale\" content=\"de_DE\" \/>\n<meta property=\"og:type\" content=\"article\" \/>\n<meta property=\"og:title\" content=\"Sachstand Einrichtung einer Koordinierungsstelle Kulturelle Bildung - Fraktion von B\u00fcndnis 90 \/ DIE GR\u00dcNEN im Rat der Stadt Wuppertal\" \/>\n<meta property=\"og:description\" content=\"Gro\u00dfe Anfrage der Fraktion B\u00dcNDNIS 90\/DIE GR\u00dcNEN an den Ausschuss f\u00fcr Kultur am 11.12.2024 Die Antwort finden Sie hier. Sehr geehrter Herr Dr. K\u00f6ster, in der Sitzung des Ausschusses f\u00fcr Kultur am 11.09.24 wurde von Herrn Beigeordneten Nocke berichtet, dass nach dem 13.09. eine Entscheidung...\" \/>\n<meta property=\"og:url\" content=\"https:\/\/gruene-wuppertal.de\/fraktion\/anfragen\/sachstand-einrichtung-einer-koordinierungsstelle-kulturelle-bildung\/\" \/>\n<meta property=\"og:site_name\" content=\"Fraktion von B\u00fcndnis 90 \/ DIE GR\u00dcNEN im Rat der Stadt Wuppertal\" \/>\n<meta property=\"article:modified_time\" content=\"2024-12-11T08:45:28+00:00\" \/>\n<meta name=\"twitter:card\" content=\"summary_large_image\" \/>\n<meta name=\"twitter:label1\" content=\"Gesch\u00e4tzte Lesezeit\" \/>\n\t<meta name=\"twitter:data1\" content=\"1 Minute\" \/>\n<script type=\"application\/ld+json\" class=\"yoast-schema-graph\">{\"@context\":\"https:\/\/schema.org\",\"@graph\":[{\"@type\":\"WebPage\",\"@id\":\"https:\/\/gruene-wuppertal.de\/fraktion\/anfragen\/sachstand-einrichtung-einer-koordinierungsstelle-kulturelle-bildung\/\",\"url\":\"https:\/\/gruene-wuppertal.de\/fraktion\/anfragen\/sachstand-einrichtung-einer-koordinierungsstelle-kulturelle-bildung\/\",\"name\":\"Sachstand Einrichtung einer Koordinierungsstelle Kulturelle Bildung - Fraktion von B\u00fcndnis 90 \/ DIE GR\u00dcNEN im Rat der Stadt Wuppertal\",\"isPartOf\":{\"@id\":\"https:\/\/gruene-wuppertal.de\/fraktion\/#website\"},\"datePublished\":\"2024-11-28T09:06:01+00:00\",\"dateModified\":\"2024-12-11T08:45:28+00:00\",\"breadcrumb\":{\"@id\":\"https:\/\/gruene-wuppertal.de\/fraktion\/anfragen\/sachstand-einrichtung-einer-koordinierungsstelle-kulturelle-bildung\/#breadcrumb\"},\"inLanguage\":\"de-DE\",\"potentialAction\":[{\"@type\":\"ReadAction\",\"target\":[\"https:\/\/gruene-wuppertal.de\/fraktion\/anfragen\/sachstand-einrichtung-einer-koordinierungsstelle-kulturelle-bildung\/\"]}]},{\"@type\":\"BreadcrumbList\",\"@id\":\"https:\/\/gruene-wuppertal.de\/fraktion\/anfragen\/sachstand-einrichtung-einer-koordinierungsstelle-kulturelle-bildung\/#breadcrumb\",\"itemListElement\":[{\"@type\":\"ListItem\",\"position\":1,\"name\":\"Startseite\",\"item\":\"https:\/\/gruene-wuppertal.de\/fraktion\/\"},{\"@type\":\"ListItem\",\"position\":2,\"name\":\"Sachstand Einrichtung einer Koordinierungsstelle Kulturelle Bildung\"}]},{\"@type\":\"WebSite\",\"@id\":\"https:\/\/gruene-wuppertal.de\/fraktion\/#website\",\"url\":\"https:\/\/gruene-wuppertal.de\/fraktion\/\",\"name\":\"Fraktion von B\u00fcndnis 90 \/ DIE GR\u00dcNEN im Rat der Stadt Wuppertal\",\"description\":\"\",\"potentialAction\":[{\"@type\":\"SearchAction\",\"target\":{\"@type\":\"EntryPoint\",\"urlTemplate\":\"https:\/\/gruene-wuppertal.de\/fraktion\/?s={search_term_string}\"},\"query-input\":\"required name=search_term_string\"}],\"inLanguage\":\"de-DE\"}]}<\/script>\n<!-- \/ Yoast SEO plugin. -->","yoast_head_json":{"title":"Sachstand Einrichtung einer Koordinierungsstelle Kulturelle Bildung - Fraktion von B\u00fcndnis 90 \/ DIE GR\u00dcNEN im Rat der Stadt Wuppertal","robots":{"index":"index","follow":"follow","max-snippet":"max-snippet:-1","max-image-preview":"max-image-preview:large","max-video-preview":"max-video-preview:-1"},"canonical":"https:\/\/gruene-wuppertal.de\/fraktion\/anfragen\/sachstand-einrichtung-einer-koordinierungsstelle-kulturelle-bildung\/","og_locale":"de_DE","og_type":"article","og_title":"Sachstand Einrichtung einer Koordinierungsstelle Kulturelle Bildung - Fraktion von B\u00fcndnis 90 \/ DIE GR\u00dcNEN im Rat der Stadt Wuppertal","og_description":"Gro\u00dfe Anfrage der Fraktion B\u00dcNDNIS 90\/DIE GR\u00dcNEN an den Ausschuss f\u00fcr Kultur am 11.12.2024 Die Antwort finden Sie hier. Sehr geehrter Herr Dr. K\u00f6ster, in der Sitzung des Ausschusses f\u00fcr Kultur am 11.09.24 wurde von Herrn Beigeordneten Nocke berichtet, dass nach dem 13.09. eine Entscheidung...","og_url":"https:\/\/gruene-wuppertal.de\/fraktion\/anfragen\/sachstand-einrichtung-einer-koordinierungsstelle-kulturelle-bildung\/","og_site_name":"Fraktion von B\u00fcndnis 90 \/ DIE GR\u00dcNEN im Rat der Stadt Wuppertal","article_modified_time":"2024-12-11T08:45:28+00:00","twitter_card":"summary_large_image","twitter_misc":{"Gesch\u00e4tzte Lesezeit":"1 Minute"},"schema":{"@context":"https:\/\/schema.org","@graph":[{"@type":"WebPage","@id":"https:\/\/gruene-wuppertal.de\/fraktion\/anfragen\/sachstand-einrichtung-einer-koordinierungsstelle-kulturelle-bildung\/","url":"https:\/\/gruene-wuppertal.de\/fraktion\/anfragen\/sachstand-einrichtung-einer-koordinierungsstelle-kulturelle-bildung\/","name":"Sachstand Einrichtung einer Koordinierungsstelle Kulturelle Bildung - Fraktion von B\u00fcndnis 90 \/ DIE GR\u00dcNEN im Rat der Stadt Wuppertal","isPartOf":{"@id":"https:\/\/gruene-wuppertal.de\/fraktion\/#website"},"datePublished":"2024-11-28T09:06:01+00:00","dateModified":"2024-12-11T08:45:28+00:00","breadcrumb":{"@id":"https:\/\/gruene-wuppertal.de\/fraktion\/anfragen\/sachstand-einrichtung-einer-koordinierungsstelle-kulturelle-bildung\/#breadcrumb"},"inLanguage":"de-DE","potentialAction":[{"@type":"ReadAction","target":["https:\/\/gruene-wuppertal.de\/fraktion\/anfragen\/sachstand-einrichtung-einer-koordinierungsstelle-kulturelle-bildung\/"]}]},{"@type":"BreadcrumbList","@id":"https:\/\/gruene-wuppertal.de\/fraktion\/anfragen\/sachstand-einrichtung-einer-koordinierungsstelle-kulturelle-bildung\/#breadcrumb","itemListElement":[{"@type":"ListItem","position":1,"name":"Startseite","item":"https:\/\/gruene-wuppertal.de\/fraktion\/"},{"@type":"ListItem","position":2,"name":"Sachstand Einrichtung einer Koordinierungsstelle Kulturelle Bildung"}]},{"@type":"WebSite","@id":"https:\/\/gruene-wuppertal.de\/fraktion\/#website","url":"https:\/\/gruene-wuppertal.de\/fraktion\/","name":"Fraktion von B\u00fcndnis 90 \/ DIE GR\u00dcNEN im Rat der Stadt Wuppertal","description":"","potentialAction":[{"@type":"SearchAction","target":{"@type":"EntryPoint","urlTemplate":"https:\/\/gruene-wuppertal.de\/fraktion\/?s={search_term_string}"},"query-input":"required name=search_term_string"}],"inLanguage":"de-DE"}]}},"post_mailing_queue_ids":[],"_links":{"self":[{"href":"https:\/\/gruene-wuppertal.de\/fraktion\/wp-json\/wp\/v2\/anfragen\/22121"}],"collection":[{"href":"https:\/\/gruene-wuppertal.de\/fraktion\/wp-json\/wp\/v2\/anfragen"}],"about":[{"href":"https:\/\/gruene-wuppertal.de\/fraktion\/wp-json\/wp\/v2\/types\/anfragen"}],"author":[{"embeddable":true,"href":"https:\/\/gruene-wuppertal.de\/fraktion\/wp-json\/wp\/v2\/users\/89"}],"replies":[{"embeddable":true,"href":"https:\/\/gruene-wuppertal.de\/fraktion\/wp-json\/wp\/v2\/comments?post=22121"}],"version-history":[{"count":2,"href":"https:\/\/gruene-wuppertal.de\/fraktion\/wp-json\/wp\/v2\/anfragen\/22121\/revisions"}],"predecessor-version":[{"id":22134,"href":"https:\/\/gruene-wuppertal.de\/fraktion\/wp-json\/wp\/v2\/anfragen\/22121\/revisions\/22134"}],"wp:attachment":[{"href":"https:\/\/gruene-wuppertal.de\/fraktion\/wp-json\/wp\/v2\/media?parent=22121"}],"wp:term":[{"taxonomy":"themen","embeddable":true,"href":"https:\/\/gruene-wuppertal.de\/fraktion\/wp-json\/wp\/v2\/themen?post=22121"}],"curies":[{"name":"wp","href":"https:\/\/api.w.org\/{rel}","templated":true}]}}

<p><strong>Große Anfrage der Fraktion BÜNDNIS 90/DIE GRÜNEN an den Ausschuss für Kultur am 11.12.2024</strong></p>
<p><a href="https://gruene-wuppertal.de/fraktion/wp-content/uploads/2024/11/Antwort_Koordinierungsstelle-Kulturelle-Bildung.pdf">Die Antwort finden Sie hier. </a></p>
<p>Sehr geehrter Herr Dr. Köster,</p>
<p>in der Sitzung des Ausschusses für Kultur am 11.09.24 wurde von Herrn Beigeordneten Nocke berichtet, dass nach dem 13.09. eine Entscheidung über die Stellenbedarfe des Geschäftsbereichs 2.2 getroffen wird. Anschließend sollte der Ausschuss für Kultur darüber informiert werden, ob die Koordinierungsstelle Kulturelle Bildung eine Stelle erhält.</p>
<p>In diesem Zusammenhang bitten wir um die Beantwortung folgender Fragen:</p>
<ul>
<li>Ist mittlerweile sichergestellt, ob die Koordinierungsstelle Kulturelle Bildung eine Stelle erhält und somit ein wesentlicher Aspekt des Gesamtkonzepts Kulturelle Bildung erfüllt wird?</li>
<li>Weshalb wurde der Ausschuss für Kultur nicht bereits über die Entscheidung, die nach dem 13.09. getroffen werden sollte, informiert?</li>
<li>Wird die Thematik Koordinierungsstelle Kulturelle Bildung in den folgenden Ausschusssitzungen erneut besprochen werden?</li>
</ul>
<p>&nbsp;</p>
<p>Mit freundlichen Grüßen</p>
<p>Dagmar Liste-Frinker</p>
<p>Stadtverordnete</p>
<p>&nbsp;</p>

<p>Große Anfrage der Fraktion BÜNDNIS 90/DIE GRÜNEN an den Ausschuss für Kultur am 11.12.2024 Die Antwort finden Sie hier. Sehr geehrter Herr Dr. Köster, in der Sitzung des Ausschusses für Kultur am 11.09.24 wurde von Herrn Beigeordneten Nocke berichtet, dass nach dem 13.09. eine Entscheidung&#8230;</p>

<!-- This site is optimized with the Yoast SEO plugin v21.8 - https://yoast.com/wordpress/plugins/seo/ -->
<title>Sachstand Einrichtung einer Koordinierungsstelle Kulturelle Bildung - Fraktion von Bündnis 90 / DIE GRÜNEN im Rat der Stadt Wuppertal</title>
<meta name="robots" content="index, follow, max-snippet:-1, max-image-preview:large, max-video-preview:-1" />
<link rel="canonical" href="https://gruene-wuppertal.de/fraktion/anfragen/sachstand-einrichtung-einer-koordinierungsstelle-kulturelle-bildung/" />
<meta property="og:locale" content="de_DE" />
<meta property="og:type" content="article" />
<meta property="og:title" content="Sachstand Einrichtung einer Koordinierungsstelle Kulturelle Bildung - Fraktion von Bündnis 90 / DIE GRÜNEN im Rat der Stadt Wuppertal" />
<meta property="og:description" content="Große Anfrage der Fraktion BÜNDNIS 90/DIE GRÜNEN an den Ausschuss für Kultur am 11.12.2024 Die Antwort finden Sie hier. Sehr geehrter Herr Dr. Köster, in der Sitzung des Ausschusses für Kultur am 11.09.24 wurde von Herrn Beigeordneten Nocke berichtet, dass nach dem 13.09. eine Entscheidung..." />
<meta property="og:url" content="https://gruene-wuppertal.de/fraktion/anfragen/sachstand-einrichtung-einer-koordinierungsstelle-kulturelle-bildung/" />
<meta property="og:site_name" content="Fraktion von Bündnis 90 / DIE GRÜNEN im Rat der Stadt Wuppertal" />
<meta property="article:modified_time" content="2024-12-11T08:45:28+00:00" />
<meta name="twitter:card" content="summary_large_image" />
<meta name="twitter:label1" content="Geschätzte Lesezeit" />
	<meta name="twitter:data1" content="1 Minute" />
<script type="application/ld+json" class="yoast-schema-graph">{"@context":"https://schema.org","@graph":[{"@type":"WebPage","@id":"https://gruene-wuppertal.de/fraktion/anfragen/sachstand-einrichtung-einer-koordinierungsstelle-kulturelle-bildung/","url":"https://gruene-wuppertal.de/fraktion/anfragen/sachstand-einrichtung-einer-koordinierungsstelle-kulturelle-bildung/","name":"Sachstand Einrichtung einer Koordinierungsstelle Kulturelle Bildung - Fraktion von Bündnis 90 / DIE GRÜNEN im Rat der Stadt Wuppertal","isPartOf":{"@id":"https://gruene-wuppertal.de/fraktion/#website"},"datePublished":"2024-11-28T09:06:01+00:00","dateModified":"2024-12-11T08:45:28+00:00","breadcrumb":{"@id":"https://gruene-wuppertal.de/fraktion/anfragen/sachstand-einrichtung-einer-koordinierungsstelle-kulturelle-bildung/#breadcrumb"},"inLanguage":"de-DE","potentialAction":[{"@type":"ReadAction","target":["https://gruene-wuppertal.de/fraktion/anfragen/sachstand-einrichtung-einer-koordinierungsstelle-kulturelle-bildung/"]}]},{"@type":"BreadcrumbList","@id":"https://gruene-wuppertal.de/fraktion/anfragen/sachstand-einrichtung-einer-koordinierungsstelle-kulturelle-bildung/#breadcrumb","itemListElement":[{"@type":"ListItem","position":1,"name":"Startseite","item":"https://gruene-wuppertal.de/fraktion/"},{"@type":"ListItem","position":2,"name":"Sachstand Einrichtung einer Koordinierungsstelle Kulturelle Bildung"}]},{"@type":"WebSite","@id":"https://gruene-wuppertal.de/fraktion/#website","url":"https://gruene-wuppertal.de/fraktion/","name":"Fraktion von Bündnis 90 / DIE GRÜNEN im Rat der Stadt Wuppertal","description":"","potentialAction":[{"@type":"SearchAction","target":{"@type":"EntryPoint","urlTemplate":"https://gruene-wuppertal.de/fraktion/?s={search_term_string}"},"query-input":"required name=search_term_string"}],"inLanguage":"de-DE"}]}</script>
<!-- / Yoast SEO plugin. -->

Sachstand Einrichtung einer Koordinierungsstelle Kulturelle Bildung - Fraktion von Bündnis 90 / DIE GRÜNEN im Rat der Stadt Wuppertal

Große Anfrage der Fraktion BÜNDNIS 90/DIE GRÜNEN an den Ausschuss für Kultur am 11.12.2024 Die Antwort finden Sie hier. Sehr geehrter Herr Dr. Köster, in der Sitzung des Ausschusses für Kultur am 11.09.24 wurde von Herrn Beigeordneten Nocke berichtet, dass nach dem 13.09. eine Entscheidung...

Fraktion von Bündnis 90 / DIE GRÜNEN im Rat der Stadt Wuppertal
