{"id":21353,"date":"2023-08-09T11:14:46","date_gmt":"2023-08-09T09:14:46","guid":{"rendered":"https:\/\/gruene-wuppertal.de\/fraktion\/?post_type=anfragen&#038;p=21353"},"modified":"2023-08-31T09:20:55","modified_gmt":"2023-08-31T07:20:55","slug":"ladepunkte-fuer-e-fahrzeuge","status":"publish","type":"anfragen","link":"https:\/\/gruene-wuppertal.de\/fraktion\/anfragen\/ladepunkte-fuer-e-fahrzeuge\/","title":{"rendered":"Ladepunkte f\u00fcr E-Fahrzeuge"},"content":{"rendered":"<p><strong>Gro\u00dfe Anfrage der Fraktion B\u00dcNDNIS 90\/DIE GR\u00dcNEN an den Ausschuss f\u00fcr Stadtentwicklung und Bauen am 31.08.2023\u00a0<\/strong><\/p>\n<p><a href=\"https:\/\/gruene-wuppertal.de\/fraktion\/wp-content\/uploads\/2023\/08\/VO_0503_23_1_Ladestationen-A_Neuf_Antwort_auf_Anfragen.pdf\">Die Antwort finden Sie hier.<\/a><\/p>\n<p>Sehr geehrter Herr K\u00f6ksal,<\/p>\n<p>wie in der Westdeutschen Zeitung vom 24. Juli 2023 zu lesen war, \u201eist der Zuwachs bei den angemeldeten Elektro-Fahrzeugen beachtlich\u201c. Damit w\u00e4chst auch der Bedarf an \u00f6ffentlichen Ladestationen, der allerdings seit l\u00e4ngerer Zeit stagniert. In dem Zeitungsbericht wurde auch erw\u00e4hnt, dass sich die WSW vorgenommen haben in den Jahren 2023 und 2024 jeweils 80 neue Ladepunkte zu errichten und auf dem Carnaper Platz auch das Laden an Laternen erprobt wird.<br \/>\nAuch hatte die Fraktion B\u00dcNDNIS 90\/DIE GR\u00dcNEN mit VO\/1228\/22 in der Bezirksvertretung Barmen sieben konkrete Punkte benannt, wo Ladestationen errichtet werden sollten.<\/p>\n<p>Vor diesem Hintergrund bitten wir in Abstimmung mit den WSW um Beantwortung der folgenden Fragen zur n\u00e4chsten Sitzung des Fachausschusses.<\/p>\n<ol>\n<li>Wie ist der Planungsstand zum Ausbau von E-Ladestationen sowohl f\u00fcr KFZ, als auch Pedelecs \/ E-Bikes?<\/li>\n<li>Wie viele neue \/ zus\u00e4tzliche Ladestationen werden voraussichtlich noch in 2023 und wie viele in 2024 vor Ort im Stadtgebiet Wuppertal an welchen konkreten Standorten in Betrieb genommen? (Jeweils KFZ, als auch Pedelecs).<\/li>\n<li>Wann und wo sollen die ersten Laternenladepunkte im \u00f6ffentlichen Stra\u00dfenraum installiert werden?<\/li>\n<\/ol>\n<p>&nbsp;<\/p>\n<p>Mit freundlichen Gr\u00fc\u00dfen<\/p>\n<p>Rainer Widmann<\/p>\n<p>Stadtverordneter<\/p>\n","protected":false},"excerpt":{"rendered":"<p>Gro\u00dfe Anfrage der Fraktion B\u00dcNDNIS 90\/DIE GR\u00dcNEN an den Ausschuss f\u00fcr Stadtentwicklung und Bauen am 31.08.2023\u00a0 Die Antwort finden Sie hier. Sehr geehrter Herr K\u00f6ksal, wie in der Westdeutschen Zeitung vom 24. Juli 2023 zu lesen war, \u201eist der Zuwachs bei den angemeldeten Elektro-Fahrzeugen beachtlich\u201c&#8230;.<\/p>\n","protected":false},"author":89,"featured_media":0,"menu_order":0,"comment_status":"open","ping_status":"open","template":"","meta":{"_wp_rev_ctl_limit":""},"themen":[383,447,201,58],"yoast_head":"<!-- This site is optimized with the Yoast SEO plugin v21.8 - https:\/\/yoast.com\/wordpress\/plugins\/seo\/ -->\n<title>Ladepunkte f\u00fcr E-Fahrzeuge - Fraktion von B\u00fcndnis 90 \/ DIE GR\u00dcNEN im Rat der Stadt Wuppertal<\/title>\n<meta name=\"robots\" content=\"index, follow, max-snippet:-1, max-image-preview:large, max-video-preview:-1\" \/>\n<link rel=\"canonical\" href=\"https:\/\/gruene-wuppertal.de\/fraktion\/anfragen\/ladepunkte-fuer-e-fahrzeuge\/\" \/>\n<meta property=\"og:locale\" content=\"de_DE\" \/>\n<meta property=\"og:type\" content=\"article\" \/>\n<meta property=\"og:title\" content=\"Ladepunkte f\u00fcr E-Fahrzeuge - Fraktion von B\u00fcndnis 90 \/ DIE GR\u00dcNEN im Rat der Stadt Wuppertal\" \/>\n<meta property=\"og:description\" content=\"Gro\u00dfe Anfrage der Fraktion B\u00dcNDNIS 90\/DIE GR\u00dcNEN an den Ausschuss f\u00fcr Stadtentwicklung und Bauen am 31.08.2023\u00a0 Die Antwort finden Sie hier. Sehr geehrter Herr K\u00f6ksal, wie in der Westdeutschen Zeitung vom 24. Juli 2023 zu lesen war, \u201eist der Zuwachs bei den angemeldeten Elektro-Fahrzeugen beachtlich\u201c....\" \/>\n<meta property=\"og:url\" content=\"https:\/\/gruene-wuppertal.de\/fraktion\/anfragen\/ladepunkte-fuer-e-fahrzeuge\/\" \/>\n<meta property=\"og:site_name\" content=\"Fraktion von B\u00fcndnis 90 \/ DIE GR\u00dcNEN im Rat der Stadt Wuppertal\" \/>\n<meta property=\"article:modified_time\" content=\"2023-08-31T07:20:55+00:00\" \/>\n<meta name=\"twitter:card\" content=\"summary_large_image\" \/>\n<meta name=\"twitter:label1\" content=\"Gesch\u00e4tzte Lesezeit\" \/>\n\t<meta name=\"twitter:data1\" content=\"2 Minuten\" \/>\n<script type=\"application\/ld+json\" class=\"yoast-schema-graph\">{\"@context\":\"https:\/\/schema.org\",\"@graph\":[{\"@type\":\"WebPage\",\"@id\":\"https:\/\/gruene-wuppertal.de\/fraktion\/anfragen\/ladepunkte-fuer-e-fahrzeuge\/\",\"url\":\"https:\/\/gruene-wuppertal.de\/fraktion\/anfragen\/ladepunkte-fuer-e-fahrzeuge\/\",\"name\":\"Ladepunkte f\u00fcr E-Fahrzeuge - Fraktion von B\u00fcndnis 90 \/ DIE GR\u00dcNEN im Rat der Stadt Wuppertal\",\"isPartOf\":{\"@id\":\"https:\/\/gruene-wuppertal.de\/fraktion\/#website\"},\"datePublished\":\"2023-08-09T09:14:46+00:00\",\"dateModified\":\"2023-08-31T07:20:55+00:00\",\"breadcrumb\":{\"@id\":\"https:\/\/gruene-wuppertal.de\/fraktion\/anfragen\/ladepunkte-fuer-e-fahrzeuge\/#breadcrumb\"},\"inLanguage\":\"de-DE\",\"potentialAction\":[{\"@type\":\"ReadAction\",\"target\":[\"https:\/\/gruene-wuppertal.de\/fraktion\/anfragen\/ladepunkte-fuer-e-fahrzeuge\/\"]}]},{\"@type\":\"BreadcrumbList\",\"@id\":\"https:\/\/gruene-wuppertal.de\/fraktion\/anfragen\/ladepunkte-fuer-e-fahrzeuge\/#breadcrumb\",\"itemListElement\":[{\"@type\":\"ListItem\",\"position\":1,\"name\":\"Startseite\",\"item\":\"https:\/\/gruene-wuppertal.de\/fraktion\/\"},{\"@type\":\"ListItem\",\"position\":2,\"name\":\"Ladepunkte f\u00fcr E-Fahrzeuge\"}]},{\"@type\":\"WebSite\",\"@id\":\"https:\/\/gruene-wuppertal.de\/fraktion\/#website\",\"url\":\"https:\/\/gruene-wuppertal.de\/fraktion\/\",\"name\":\"Fraktion von B\u00fcndnis 90 \/ DIE GR\u00dcNEN im Rat der Stadt Wuppertal\",\"description\":\"\",\"potentialAction\":[{\"@type\":\"SearchAction\",\"target\":{\"@type\":\"EntryPoint\",\"urlTemplate\":\"https:\/\/gruene-wuppertal.de\/fraktion\/?s={search_term_string}\"},\"query-input\":\"required name=search_term_string\"}],\"inLanguage\":\"de-DE\"}]}<\/script>\n<!-- \/ Yoast SEO plugin. -->","yoast_head_json":{"title":"Ladepunkte f\u00fcr E-Fahrzeuge - Fraktion von B\u00fcndnis 90 \/ DIE GR\u00dcNEN im Rat der Stadt Wuppertal","robots":{"index":"index","follow":"follow","max-snippet":"max-snippet:-1","max-image-preview":"max-image-preview:large","max-video-preview":"max-video-preview:-1"},"canonical":"https:\/\/gruene-wuppertal.de\/fraktion\/anfragen\/ladepunkte-fuer-e-fahrzeuge\/","og_locale":"de_DE","og_type":"article","og_title":"Ladepunkte f\u00fcr E-Fahrzeuge - Fraktion von B\u00fcndnis 90 \/ DIE GR\u00dcNEN im Rat der Stadt Wuppertal","og_description":"Gro\u00dfe Anfrage der Fraktion B\u00dcNDNIS 90\/DIE GR\u00dcNEN an den Ausschuss f\u00fcr Stadtentwicklung und Bauen am 31.08.2023\u00a0 Die Antwort finden Sie hier. Sehr geehrter Herr K\u00f6ksal, wie in der Westdeutschen Zeitung vom 24. Juli 2023 zu lesen war, \u201eist der Zuwachs bei den angemeldeten Elektro-Fahrzeugen beachtlich\u201c....","og_url":"https:\/\/gruene-wuppertal.de\/fraktion\/anfragen\/ladepunkte-fuer-e-fahrzeuge\/","og_site_name":"Fraktion von B\u00fcndnis 90 \/ DIE GR\u00dcNEN im Rat der Stadt Wuppertal","article_modified_time":"2023-08-31T07:20:55+00:00","twitter_card":"summary_large_image","twitter_misc":{"Gesch\u00e4tzte Lesezeit":"2 Minuten"},"schema":{"@context":"https:\/\/schema.org","@graph":[{"@type":"WebPage","@id":"https:\/\/gruene-wuppertal.de\/fraktion\/anfragen\/ladepunkte-fuer-e-fahrzeuge\/","url":"https:\/\/gruene-wuppertal.de\/fraktion\/anfragen\/ladepunkte-fuer-e-fahrzeuge\/","name":"Ladepunkte f\u00fcr E-Fahrzeuge - Fraktion von B\u00fcndnis 90 \/ DIE GR\u00dcNEN im Rat der Stadt Wuppertal","isPartOf":{"@id":"https:\/\/gruene-wuppertal.de\/fraktion\/#website"},"datePublished":"2023-08-09T09:14:46+00:00","dateModified":"2023-08-31T07:20:55+00:00","breadcrumb":{"@id":"https:\/\/gruene-wuppertal.de\/fraktion\/anfragen\/ladepunkte-fuer-e-fahrzeuge\/#breadcrumb"},"inLanguage":"de-DE","potentialAction":[{"@type":"ReadAction","target":["https:\/\/gruene-wuppertal.de\/fraktion\/anfragen\/ladepunkte-fuer-e-fahrzeuge\/"]}]},{"@type":"BreadcrumbList","@id":"https:\/\/gruene-wuppertal.de\/fraktion\/anfragen\/ladepunkte-fuer-e-fahrzeuge\/#breadcrumb","itemListElement":[{"@type":"ListItem","position":1,"name":"Startseite","item":"https:\/\/gruene-wuppertal.de\/fraktion\/"},{"@type":"ListItem","position":2,"name":"Ladepunkte f\u00fcr E-Fahrzeuge"}]},{"@type":"WebSite","@id":"https:\/\/gruene-wuppertal.de\/fraktion\/#website","url":"https:\/\/gruene-wuppertal.de\/fraktion\/","name":"Fraktion von B\u00fcndnis 90 \/ DIE GR\u00dcNEN im Rat der Stadt Wuppertal","description":"","potentialAction":[{"@type":"SearchAction","target":{"@type":"EntryPoint","urlTemplate":"https:\/\/gruene-wuppertal.de\/fraktion\/?s={search_term_string}"},"query-input":"required name=search_term_string"}],"inLanguage":"de-DE"}]}},"post_mailing_queue_ids":[],"_links":{"self":[{"href":"https:\/\/gruene-wuppertal.de\/fraktion\/wp-json\/wp\/v2\/anfragen\/21353"}],"collection":[{"href":"https:\/\/gruene-wuppertal.de\/fraktion\/wp-json\/wp\/v2\/anfragen"}],"about":[{"href":"https:\/\/gruene-wuppertal.de\/fraktion\/wp-json\/wp\/v2\/types\/anfragen"}],"author":[{"embeddable":true,"href":"https:\/\/gruene-wuppertal.de\/fraktion\/wp-json\/wp\/v2\/users\/89"}],"replies":[{"embeddable":true,"href":"https:\/\/gruene-wuppertal.de\/fraktion\/wp-json\/wp\/v2\/comments?post=21353"}],"version-history":[{"count":2,"href":"https:\/\/gruene-wuppertal.de\/fraktion\/wp-json\/wp\/v2\/anfragen\/21353\/revisions"}],"predecessor-version":[{"id":21377,"href":"https:\/\/gruene-wuppertal.de\/fraktion\/wp-json\/wp\/v2\/anfragen\/21353\/revisions\/21377"}],"wp:attachment":[{"href":"https:\/\/gruene-wuppertal.de\/fraktion\/wp-json\/wp\/v2\/media?parent=21353"}],"wp:term":[{"taxonomy":"themen","embeddable":true,"href":"https:\/\/gruene-wuppertal.de\/fraktion\/wp-json\/wp\/v2\/themen?post=21353"}],"curies":[{"name":"wp","href":"https:\/\/api.w.org\/{rel}","templated":true}]}}

Ladepunkte für E-Fahrzeuge

<p><strong>Große Anfrage der Fraktion BÜNDNIS 90/DIE GRÜNEN an den Ausschuss für Stadtentwicklung und Bauen am 31.08.2023 </strong></p>
<p><a href="https://gruene-wuppertal.de/fraktion/wp-content/uploads/2023/08/VO_0503_23_1_Ladestationen-A_Neuf_Antwort_auf_Anfragen.pdf">Die Antwort finden Sie hier.</a></p>
<p>Sehr geehrter Herr Köksal,</p>
<p>wie in der Westdeutschen Zeitung vom 24. Juli 2023 zu lesen war, „ist der Zuwachs bei den angemeldeten Elektro-Fahrzeugen beachtlich“. Damit wächst auch der Bedarf an öffentlichen Ladestationen, der allerdings seit längerer Zeit stagniert. In dem Zeitungsbericht wurde auch erwähnt, dass sich die WSW vorgenommen haben in den Jahren 2023 und 2024 jeweils 80 neue Ladepunkte zu errichten und auf dem Carnaper Platz auch das Laden an Laternen erprobt wird.<br />
Auch hatte die Fraktion BÜNDNIS 90/DIE GRÜNEN mit VO/1228/22 in der Bezirksvertretung Barmen sieben konkrete Punkte benannt, wo Ladestationen errichtet werden sollten.</p>
<p>Vor diesem Hintergrund bitten wir in Abstimmung mit den WSW um Beantwortung der folgenden Fragen zur nächsten Sitzung des Fachausschusses.</p>
<ol>
<li>Wie ist der Planungsstand zum Ausbau von E-Ladestationen sowohl für KFZ, als auch Pedelecs / E-Bikes?</li>
<li>Wie viele neue / zusätzliche Ladestationen werden voraussichtlich noch in 2023 und wie viele in 2024 vor Ort im Stadtgebiet Wuppertal an welchen konkreten Standorten in Betrieb genommen? (Jeweils KFZ, als auch Pedelecs).</li>
<li>Wann und wo sollen die ersten Laternenladepunkte im öffentlichen Straßenraum installiert werden?</li>
</ol>
<p>&nbsp;</p>
<p>Mit freundlichen Grüßen</p>
<p>Rainer Widmann</p>
<p>Stadtverordneter</p>

<p>Große Anfrage der Fraktion BÜNDNIS 90/DIE GRÜNEN an den Ausschuss für Stadtentwicklung und Bauen am 31.08.2023  Die Antwort finden Sie hier. Sehr geehrter Herr Köksal, wie in der Westdeutschen Zeitung vom 24. Juli 2023 zu lesen war, „ist der Zuwachs bei den angemeldeten Elektro-Fahrzeugen beachtlich“&#8230;.</p>

<!-- This site is optimized with the Yoast SEO plugin v21.8 - https://yoast.com/wordpress/plugins/seo/ -->
<title>Ladepunkte für E-Fahrzeuge - Fraktion von Bündnis 90 / DIE GRÜNEN im Rat der Stadt Wuppertal</title>
<meta name="robots" content="index, follow, max-snippet:-1, max-image-preview:large, max-video-preview:-1" />
<link rel="canonical" href="https://gruene-wuppertal.de/fraktion/anfragen/ladepunkte-fuer-e-fahrzeuge/" />
<meta property="og:locale" content="de_DE" />
<meta property="og:type" content="article" />
<meta property="og:title" content="Ladepunkte für E-Fahrzeuge - Fraktion von Bündnis 90 / DIE GRÜNEN im Rat der Stadt Wuppertal" />
<meta property="og:description" content="Große Anfrage der Fraktion BÜNDNIS 90/DIE GRÜNEN an den Ausschuss für Stadtentwicklung und Bauen am 31.08.2023  Die Antwort finden Sie hier. Sehr geehrter Herr Köksal, wie in der Westdeutschen Zeitung vom 24. Juli 2023 zu lesen war, „ist der Zuwachs bei den angemeldeten Elektro-Fahrzeugen beachtlich“...." />
<meta property="og:url" content="https://gruene-wuppertal.de/fraktion/anfragen/ladepunkte-fuer-e-fahrzeuge/" />
<meta property="og:site_name" content="Fraktion von Bündnis 90 / DIE GRÜNEN im Rat der Stadt Wuppertal" />
<meta property="article:modified_time" content="2023-08-31T07:20:55+00:00" />
<meta name="twitter:card" content="summary_large_image" />
<meta name="twitter:label1" content="Geschätzte Lesezeit" />
	<meta name="twitter:data1" content="2 Minuten" />
<script type="application/ld+json" class="yoast-schema-graph">{"@context":"https://schema.org","@graph":[{"@type":"WebPage","@id":"https://gruene-wuppertal.de/fraktion/anfragen/ladepunkte-fuer-e-fahrzeuge/","url":"https://gruene-wuppertal.de/fraktion/anfragen/ladepunkte-fuer-e-fahrzeuge/","name":"Ladepunkte für E-Fahrzeuge - Fraktion von Bündnis 90 / DIE GRÜNEN im Rat der Stadt Wuppertal","isPartOf":{"@id":"https://gruene-wuppertal.de/fraktion/#website"},"datePublished":"2023-08-09T09:14:46+00:00","dateModified":"2023-08-31T07:20:55+00:00","breadcrumb":{"@id":"https://gruene-wuppertal.de/fraktion/anfragen/ladepunkte-fuer-e-fahrzeuge/#breadcrumb"},"inLanguage":"de-DE","potentialAction":[{"@type":"ReadAction","target":["https://gruene-wuppertal.de/fraktion/anfragen/ladepunkte-fuer-e-fahrzeuge/"]}]},{"@type":"BreadcrumbList","@id":"https://gruene-wuppertal.de/fraktion/anfragen/ladepunkte-fuer-e-fahrzeuge/#breadcrumb","itemListElement":[{"@type":"ListItem","position":1,"name":"Startseite","item":"https://gruene-wuppertal.de/fraktion/"},{"@type":"ListItem","position":2,"name":"Ladepunkte für E-Fahrzeuge"}]},{"@type":"WebSite","@id":"https://gruene-wuppertal.de/fraktion/#website","url":"https://gruene-wuppertal.de/fraktion/","name":"Fraktion von Bündnis 90 / DIE GRÜNEN im Rat der Stadt Wuppertal","description":"","potentialAction":[{"@type":"SearchAction","target":{"@type":"EntryPoint","urlTemplate":"https://gruene-wuppertal.de/fraktion/?s={search_term_string}"},"query-input":"required name=search_term_string"}],"inLanguage":"de-DE"}]}</script>
<!-- / Yoast SEO plugin. -->

Ladepunkte für E-Fahrzeuge - Fraktion von Bündnis 90 / DIE GRÜNEN im Rat der Stadt Wuppertal

Große Anfrage der Fraktion BÜNDNIS 90/DIE GRÜNEN an den Ausschuss für Stadtentwicklung und Bauen am 31.08.2023  Die Antwort finden Sie hier. Sehr geehrter Herr Köksal, wie in der Westdeutschen Zeitung vom 24. Juli 2023 zu lesen war, „ist der Zuwachs bei den angemeldeten Elektro-Fahrzeugen beachtlich“....

Fraktion von Bündnis 90 / DIE GRÜNEN im Rat der Stadt Wuppertal
