{"id":21253,"date":"2023-05-23T11:58:57","date_gmt":"2023-05-23T09:58:57","guid":{"rendered":"https:\/\/gruene-wuppertal.de\/fraktion\/?post_type=anfragen&#038;p=21253"},"modified":"2023-05-31T13:46:05","modified_gmt":"2023-05-31T11:46:05","slug":"entwicklung-des-pkw-verkehrsaufkommens-zwischen-2020-und-2023","status":"publish","type":"anfragen","link":"https:\/\/gruene-wuppertal.de\/fraktion\/anfragen\/entwicklung-des-pkw-verkehrsaufkommens-zwischen-2020-und-2023\/","title":{"rendered":"Entwicklung des PKW-Verkehrsaufkommens zwischen 2020 und 2023"},"content":{"rendered":"<p><strong>Gro\u00dfe Anfrage der Fraktion B\u00dcNDNIS 90\/DIE GR\u00dcNEN an den Ausschuss f\u00fcr Verkehr am 30.05.2023<\/strong><\/p>\n<p><a href=\"https:\/\/gruene-wuppertal.de\/fraktion\/wp-content\/uploads\/2023\/05\/VO_0528_23_1_A_Antwort_Verkehrsaufkommen.pdf\">Die Antwort finden Sie hier.<\/a><\/p>\n<p>Sehr geehrter Herr Ugurman,<\/p>\n<p>wie in der Westdeutschen Zeitung am 16. Mai 2023 zu lesen war, sind nach Sch\u00e4tzungen des Ifo-Instituts \u201ederzeit an einem durchschnittlichen Tag 12,3 % der Arbeitspl\u00e4tze unbesetzt, weil Angestellte daheim arbeiten\u201c. Die Anzahl der unbesetzten Arbeitspl\u00e4tze in B\u00fcros h\u00e4tte sich damit verdreifacht.<br \/>\nDies m\u00fcsste sich u.E., sofern das auch f\u00fcr Wuppertal zutrifft, auch anhand von B\u00fcroleerst\u00e4nden und einem geringeren Verkehrsaufkommen im Alltag ablesen lassen.<br \/>\nVor diesem Hintergrund bittet die Fraktion B\u00dcNDNIS 90\/DIE GR\u00dcNEN die Verwaltung um die Beantwortung der folgenden Fragen:<\/p>\n<ol>\n<li>Sind der Verwaltung Daten und konkrete Zahlen aus Wuppertal bekannt, wie viele Arbeitspl\u00e4tze in Wuppertal auf &#8222;Arbeiten von zu Hause&#8220; bzw. mobiles Arbeiten umgestellt wurden?<\/li>\n<li>Sind dadurch B\u00fcrofl\u00e4chen dauerhaft frei geworden? Wenn ja, in welchem Umfang?<\/li>\n<li>Kann die Verwaltung die Entwicklung des PKW-Verkehrsaufkommens der letzten drei Jahren, also \u201evor Corona und nach Corona\u201c an 10 relevanten Stra\u00dfenquerschnitten im Stadtgebiet darstellen?<\/li>\n<\/ol>\n<p>Wir bitten darum, die Antwort auch den Mitgliedern des Ausschusses f\u00fcr Stadtentwicklung und Bauen zur Kenntnis zu geben.<\/p>\n<p>&nbsp;<\/p>\n<p>&nbsp;<\/p>\n<p>Mit freundlichen Gr\u00fc\u00dfen<\/p>\n<p>Timo Schmidt\u00a0\u00a0\u00a0\u00a0\u00a0\u00a0\u00a0\u00a0\u00a0\u00a0\u00a0\u00a0\u00a0\u00a0\u00a0\u00a0\u00a0\u00a0\u00a0\u00a0\u00a0\u00a0\u00a0\u00a0\u00a0\u00a0\u00a0\u00a0\u00a0\u00a0\u00a0\u00a0\u00a0\u00a0\u00a0\u00a0\u00a0\u00a0 Rainer Widmann<br \/>\nVerkehrspolitischer Sprecher\u00a0\u00a0\u00a0\u00a0\u00a0\u00a0\u00a0\u00a0\u00a0\u00a0\u00a0\u00a0\u00a0\u00a0 Stadtverordneter<\/p>\n<p>&nbsp;<\/p>\n","protected":false},"excerpt":{"rendered":"<p>Gro\u00dfe Anfrage der Fraktion B\u00dcNDNIS 90\/DIE GR\u00dcNEN an den Ausschuss f\u00fcr Verkehr am 30.05.2023 Die Antwort finden Sie hier. Sehr geehrter Herr Ugurman, wie in der Westdeutschen Zeitung am 16. Mai 2023 zu lesen war, sind nach Sch\u00e4tzungen des Ifo-Instituts \u201ederzeit an einem durchschnittlichen Tag&#8230;<\/p>\n","protected":false},"author":89,"featured_media":0,"menu_order":0,"comment_status":"open","ping_status":"open","template":"","meta":{"_wp_rev_ctl_limit":""},"themen":[423,209,58,44,255],"yoast_head":"<!-- This site is optimized with the Yoast SEO plugin v21.8 - https:\/\/yoast.com\/wordpress\/plugins\/seo\/ -->\n<title>Entwicklung des PKW-Verkehrsaufkommens zwischen 2020 und 2023 - Fraktion von B\u00fcndnis 90 \/ DIE GR\u00dcNEN im Rat der Stadt Wuppertal<\/title>\n<meta name=\"robots\" content=\"index, follow, max-snippet:-1, max-image-preview:large, max-video-preview:-1\" \/>\n<link rel=\"canonical\" href=\"https:\/\/gruene-wuppertal.de\/fraktion\/anfragen\/entwicklung-des-pkw-verkehrsaufkommens-zwischen-2020-und-2023\/\" \/>\n<meta property=\"og:locale\" content=\"de_DE\" \/>\n<meta property=\"og:type\" content=\"article\" \/>\n<meta property=\"og:title\" content=\"Entwicklung des PKW-Verkehrsaufkommens zwischen 2020 und 2023 - Fraktion von B\u00fcndnis 90 \/ DIE GR\u00dcNEN im Rat der Stadt Wuppertal\" \/>\n<meta property=\"og:description\" content=\"Gro\u00dfe Anfrage der Fraktion B\u00dcNDNIS 90\/DIE GR\u00dcNEN an den Ausschuss f\u00fcr Verkehr am 30.05.2023 Die Antwort finden Sie hier. Sehr geehrter Herr Ugurman, wie in der Westdeutschen Zeitung am 16. Mai 2023 zu lesen war, sind nach Sch\u00e4tzungen des Ifo-Instituts \u201ederzeit an einem durchschnittlichen Tag...\" \/>\n<meta property=\"og:url\" content=\"https:\/\/gruene-wuppertal.de\/fraktion\/anfragen\/entwicklung-des-pkw-verkehrsaufkommens-zwischen-2020-und-2023\/\" \/>\n<meta property=\"og:site_name\" content=\"Fraktion von B\u00fcndnis 90 \/ DIE GR\u00dcNEN im Rat der Stadt Wuppertal\" \/>\n<meta property=\"article:modified_time\" content=\"2023-05-31T11:46:05+00:00\" \/>\n<meta name=\"twitter:card\" content=\"summary_large_image\" \/>\n<meta name=\"twitter:label1\" content=\"Gesch\u00e4tzte Lesezeit\" \/>\n\t<meta name=\"twitter:data1\" content=\"2 Minuten\" \/>\n<script type=\"application\/ld+json\" class=\"yoast-schema-graph\">{\"@context\":\"https:\/\/schema.org\",\"@graph\":[{\"@type\":\"WebPage\",\"@id\":\"https:\/\/gruene-wuppertal.de\/fraktion\/anfragen\/entwicklung-des-pkw-verkehrsaufkommens-zwischen-2020-und-2023\/\",\"url\":\"https:\/\/gruene-wuppertal.de\/fraktion\/anfragen\/entwicklung-des-pkw-verkehrsaufkommens-zwischen-2020-und-2023\/\",\"name\":\"Entwicklung des PKW-Verkehrsaufkommens zwischen 2020 und 2023 - Fraktion von B\u00fcndnis 90 \/ DIE GR\u00dcNEN im Rat der Stadt Wuppertal\",\"isPartOf\":{\"@id\":\"https:\/\/gruene-wuppertal.de\/fraktion\/#website\"},\"datePublished\":\"2023-05-23T09:58:57+00:00\",\"dateModified\":\"2023-05-31T11:46:05+00:00\",\"breadcrumb\":{\"@id\":\"https:\/\/gruene-wuppertal.de\/fraktion\/anfragen\/entwicklung-des-pkw-verkehrsaufkommens-zwischen-2020-und-2023\/#breadcrumb\"},\"inLanguage\":\"de-DE\",\"potentialAction\":[{\"@type\":\"ReadAction\",\"target\":[\"https:\/\/gruene-wuppertal.de\/fraktion\/anfragen\/entwicklung-des-pkw-verkehrsaufkommens-zwischen-2020-und-2023\/\"]}]},{\"@type\":\"BreadcrumbList\",\"@id\":\"https:\/\/gruene-wuppertal.de\/fraktion\/anfragen\/entwicklung-des-pkw-verkehrsaufkommens-zwischen-2020-und-2023\/#breadcrumb\",\"itemListElement\":[{\"@type\":\"ListItem\",\"position\":1,\"name\":\"Startseite\",\"item\":\"https:\/\/gruene-wuppertal.de\/fraktion\/\"},{\"@type\":\"ListItem\",\"position\":2,\"name\":\"Entwicklung des PKW-Verkehrsaufkommens zwischen 2020 und 2023\"}]},{\"@type\":\"WebSite\",\"@id\":\"https:\/\/gruene-wuppertal.de\/fraktion\/#website\",\"url\":\"https:\/\/gruene-wuppertal.de\/fraktion\/\",\"name\":\"Fraktion von B\u00fcndnis 90 \/ DIE GR\u00dcNEN im Rat der Stadt Wuppertal\",\"description\":\"\",\"potentialAction\":[{\"@type\":\"SearchAction\",\"target\":{\"@type\":\"EntryPoint\",\"urlTemplate\":\"https:\/\/gruene-wuppertal.de\/fraktion\/?s={search_term_string}\"},\"query-input\":\"required name=search_term_string\"}],\"inLanguage\":\"de-DE\"}]}<\/script>\n<!-- \/ Yoast SEO plugin. -->","yoast_head_json":{"title":"Entwicklung des PKW-Verkehrsaufkommens zwischen 2020 und 2023 - Fraktion von B\u00fcndnis 90 \/ DIE GR\u00dcNEN im Rat der Stadt Wuppertal","robots":{"index":"index","follow":"follow","max-snippet":"max-snippet:-1","max-image-preview":"max-image-preview:large","max-video-preview":"max-video-preview:-1"},"canonical":"https:\/\/gruene-wuppertal.de\/fraktion\/anfragen\/entwicklung-des-pkw-verkehrsaufkommens-zwischen-2020-und-2023\/","og_locale":"de_DE","og_type":"article","og_title":"Entwicklung des PKW-Verkehrsaufkommens zwischen 2020 und 2023 - Fraktion von B\u00fcndnis 90 \/ DIE GR\u00dcNEN im Rat der Stadt Wuppertal","og_description":"Gro\u00dfe Anfrage der Fraktion B\u00dcNDNIS 90\/DIE GR\u00dcNEN an den Ausschuss f\u00fcr Verkehr am 30.05.2023 Die Antwort finden Sie hier. Sehr geehrter Herr Ugurman, wie in der Westdeutschen Zeitung am 16. Mai 2023 zu lesen war, sind nach Sch\u00e4tzungen des Ifo-Instituts \u201ederzeit an einem durchschnittlichen Tag...","og_url":"https:\/\/gruene-wuppertal.de\/fraktion\/anfragen\/entwicklung-des-pkw-verkehrsaufkommens-zwischen-2020-und-2023\/","og_site_name":"Fraktion von B\u00fcndnis 90 \/ DIE GR\u00dcNEN im Rat der Stadt Wuppertal","article_modified_time":"2023-05-31T11:46:05+00:00","twitter_card":"summary_large_image","twitter_misc":{"Gesch\u00e4tzte Lesezeit":"2 Minuten"},"schema":{"@context":"https:\/\/schema.org","@graph":[{"@type":"WebPage","@id":"https:\/\/gruene-wuppertal.de\/fraktion\/anfragen\/entwicklung-des-pkw-verkehrsaufkommens-zwischen-2020-und-2023\/","url":"https:\/\/gruene-wuppertal.de\/fraktion\/anfragen\/entwicklung-des-pkw-verkehrsaufkommens-zwischen-2020-und-2023\/","name":"Entwicklung des PKW-Verkehrsaufkommens zwischen 2020 und 2023 - Fraktion von B\u00fcndnis 90 \/ DIE GR\u00dcNEN im Rat der Stadt Wuppertal","isPartOf":{"@id":"https:\/\/gruene-wuppertal.de\/fraktion\/#website"},"datePublished":"2023-05-23T09:58:57+00:00","dateModified":"2023-05-31T11:46:05+00:00","breadcrumb":{"@id":"https:\/\/gruene-wuppertal.de\/fraktion\/anfragen\/entwicklung-des-pkw-verkehrsaufkommens-zwischen-2020-und-2023\/#breadcrumb"},"inLanguage":"de-DE","potentialAction":[{"@type":"ReadAction","target":["https:\/\/gruene-wuppertal.de\/fraktion\/anfragen\/entwicklung-des-pkw-verkehrsaufkommens-zwischen-2020-und-2023\/"]}]},{"@type":"BreadcrumbList","@id":"https:\/\/gruene-wuppertal.de\/fraktion\/anfragen\/entwicklung-des-pkw-verkehrsaufkommens-zwischen-2020-und-2023\/#breadcrumb","itemListElement":[{"@type":"ListItem","position":1,"name":"Startseite","item":"https:\/\/gruene-wuppertal.de\/fraktion\/"},{"@type":"ListItem","position":2,"name":"Entwicklung des PKW-Verkehrsaufkommens zwischen 2020 und 2023"}]},{"@type":"WebSite","@id":"https:\/\/gruene-wuppertal.de\/fraktion\/#website","url":"https:\/\/gruene-wuppertal.de\/fraktion\/","name":"Fraktion von B\u00fcndnis 90 \/ DIE GR\u00dcNEN im Rat der Stadt Wuppertal","description":"","potentialAction":[{"@type":"SearchAction","target":{"@type":"EntryPoint","urlTemplate":"https:\/\/gruene-wuppertal.de\/fraktion\/?s={search_term_string}"},"query-input":"required name=search_term_string"}],"inLanguage":"de-DE"}]}},"post_mailing_queue_ids":[],"_links":{"self":[{"href":"https:\/\/gruene-wuppertal.de\/fraktion\/wp-json\/wp\/v2\/anfragen\/21253"}],"collection":[{"href":"https:\/\/gruene-wuppertal.de\/fraktion\/wp-json\/wp\/v2\/anfragen"}],"about":[{"href":"https:\/\/gruene-wuppertal.de\/fraktion\/wp-json\/wp\/v2\/types\/anfragen"}],"author":[{"embeddable":true,"href":"https:\/\/gruene-wuppertal.de\/fraktion\/wp-json\/wp\/v2\/users\/89"}],"replies":[{"embeddable":true,"href":"https:\/\/gruene-wuppertal.de\/fraktion\/wp-json\/wp\/v2\/comments?post=21253"}],"version-history":[{"count":2,"href":"https:\/\/gruene-wuppertal.de\/fraktion\/wp-json\/wp\/v2\/anfragen\/21253\/revisions"}],"predecessor-version":[{"id":21276,"href":"https:\/\/gruene-wuppertal.de\/fraktion\/wp-json\/wp\/v2\/anfragen\/21253\/revisions\/21276"}],"wp:attachment":[{"href":"https:\/\/gruene-wuppertal.de\/fraktion\/wp-json\/wp\/v2\/media?parent=21253"}],"wp:term":[{"taxonomy":"themen","embeddable":true,"href":"https:\/\/gruene-wuppertal.de\/fraktion\/wp-json\/wp\/v2\/themen?post=21253"}],"curies":[{"name":"wp","href":"https:\/\/api.w.org\/{rel}","templated":true}]}}

<p><strong>Große Anfrage der Fraktion BÜNDNIS 90/DIE GRÜNEN an den Ausschuss für Verkehr am 30.05.2023</strong></p>
<p><a href="https://gruene-wuppertal.de/fraktion/wp-content/uploads/2023/05/VO_0528_23_1_A_Antwort_Verkehrsaufkommen.pdf">Die Antwort finden Sie hier.</a></p>
<p>Sehr geehrter Herr Ugurman,</p>
<p>wie in der Westdeutschen Zeitung am 16. Mai 2023 zu lesen war, sind nach Schätzungen des Ifo-Instituts „derzeit an einem durchschnittlichen Tag 12,3 % der Arbeitsplätze unbesetzt, weil Angestellte daheim arbeiten“. Die Anzahl der unbesetzten Arbeitsplätze in Büros hätte sich damit verdreifacht.<br />
Dies müsste sich u.E., sofern das auch für Wuppertal zutrifft, auch anhand von Büroleerständen und einem geringeren Verkehrsaufkommen im Alltag ablesen lassen.<br />
Vor diesem Hintergrund bittet die Fraktion BÜNDNIS 90/DIE GRÜNEN die Verwaltung um die Beantwortung der folgenden Fragen:</p>
<ol>
<li>Sind der Verwaltung Daten und konkrete Zahlen aus Wuppertal bekannt, wie viele Arbeitsplätze in Wuppertal auf &#8222;Arbeiten von zu Hause&#8220; bzw. mobiles Arbeiten umgestellt wurden?</li>
<li>Sind dadurch Büroflächen dauerhaft frei geworden? Wenn ja, in welchem Umfang?</li>
<li>Kann die Verwaltung die Entwicklung des PKW-Verkehrsaufkommens der letzten drei Jahren, also „vor Corona und nach Corona“ an 10 relevanten Straßenquerschnitten im Stadtgebiet darstellen?</li>
</ol>
<p>Wir bitten darum, die Antwort auch den Mitgliedern des Ausschusses für Stadtentwicklung und Bauen zur Kenntnis zu geben.</p>
<p>&nbsp;</p>
<p>&nbsp;</p>
<p>Mit freundlichen Grüßen</p>
<p>Timo Schmidt                                       Rainer Widmann<br />
Verkehrspolitischer Sprecher               Stadtverordneter</p>
<p>&nbsp;</p>

<p>Große Anfrage der Fraktion BÜNDNIS 90/DIE GRÜNEN an den Ausschuss für Verkehr am 30.05.2023 Die Antwort finden Sie hier. Sehr geehrter Herr Ugurman, wie in der Westdeutschen Zeitung am 16. Mai 2023 zu lesen war, sind nach Schätzungen des Ifo-Instituts „derzeit an einem durchschnittlichen Tag&#8230;</p>

<!-- This site is optimized with the Yoast SEO plugin v21.8 - https://yoast.com/wordpress/plugins/seo/ -->
<title>Entwicklung des PKW-Verkehrsaufkommens zwischen 2020 und 2023 - Fraktion von Bündnis 90 / DIE GRÜNEN im Rat der Stadt Wuppertal</title>
<meta name="robots" content="index, follow, max-snippet:-1, max-image-preview:large, max-video-preview:-1" />
<link rel="canonical" href="https://gruene-wuppertal.de/fraktion/anfragen/entwicklung-des-pkw-verkehrsaufkommens-zwischen-2020-und-2023/" />
<meta property="og:locale" content="de_DE" />
<meta property="og:type" content="article" />
<meta property="og:title" content="Entwicklung des PKW-Verkehrsaufkommens zwischen 2020 und 2023 - Fraktion von Bündnis 90 / DIE GRÜNEN im Rat der Stadt Wuppertal" />
<meta property="og:description" content="Große Anfrage der Fraktion BÜNDNIS 90/DIE GRÜNEN an den Ausschuss für Verkehr am 30.05.2023 Die Antwort finden Sie hier. Sehr geehrter Herr Ugurman, wie in der Westdeutschen Zeitung am 16. Mai 2023 zu lesen war, sind nach Schätzungen des Ifo-Instituts „derzeit an einem durchschnittlichen Tag..." />
<meta property="og:url" content="https://gruene-wuppertal.de/fraktion/anfragen/entwicklung-des-pkw-verkehrsaufkommens-zwischen-2020-und-2023/" />
<meta property="og:site_name" content="Fraktion von Bündnis 90 / DIE GRÜNEN im Rat der Stadt Wuppertal" />
<meta property="article:modified_time" content="2023-05-31T11:46:05+00:00" />
<meta name="twitter:card" content="summary_large_image" />
<meta name="twitter:label1" content="Geschätzte Lesezeit" />
	<meta name="twitter:data1" content="2 Minuten" />
<script type="application/ld+json" class="yoast-schema-graph">{"@context":"https://schema.org","@graph":[{"@type":"WebPage","@id":"https://gruene-wuppertal.de/fraktion/anfragen/entwicklung-des-pkw-verkehrsaufkommens-zwischen-2020-und-2023/","url":"https://gruene-wuppertal.de/fraktion/anfragen/entwicklung-des-pkw-verkehrsaufkommens-zwischen-2020-und-2023/","name":"Entwicklung des PKW-Verkehrsaufkommens zwischen 2020 und 2023 - Fraktion von Bündnis 90 / DIE GRÜNEN im Rat der Stadt Wuppertal","isPartOf":{"@id":"https://gruene-wuppertal.de/fraktion/#website"},"datePublished":"2023-05-23T09:58:57+00:00","dateModified":"2023-05-31T11:46:05+00:00","breadcrumb":{"@id":"https://gruene-wuppertal.de/fraktion/anfragen/entwicklung-des-pkw-verkehrsaufkommens-zwischen-2020-und-2023/#breadcrumb"},"inLanguage":"de-DE","potentialAction":[{"@type":"ReadAction","target":["https://gruene-wuppertal.de/fraktion/anfragen/entwicklung-des-pkw-verkehrsaufkommens-zwischen-2020-und-2023/"]}]},{"@type":"BreadcrumbList","@id":"https://gruene-wuppertal.de/fraktion/anfragen/entwicklung-des-pkw-verkehrsaufkommens-zwischen-2020-und-2023/#breadcrumb","itemListElement":[{"@type":"ListItem","position":1,"name":"Startseite","item":"https://gruene-wuppertal.de/fraktion/"},{"@type":"ListItem","position":2,"name":"Entwicklung des PKW-Verkehrsaufkommens zwischen 2020 und 2023"}]},{"@type":"WebSite","@id":"https://gruene-wuppertal.de/fraktion/#website","url":"https://gruene-wuppertal.de/fraktion/","name":"Fraktion von Bündnis 90 / DIE GRÜNEN im Rat der Stadt Wuppertal","description":"","potentialAction":[{"@type":"SearchAction","target":{"@type":"EntryPoint","urlTemplate":"https://gruene-wuppertal.de/fraktion/?s={search_term_string}"},"query-input":"required name=search_term_string"}],"inLanguage":"de-DE"}]}</script>
<!-- / Yoast SEO plugin. -->

Entwicklung des PKW-Verkehrsaufkommens zwischen 2020 und 2023 - Fraktion von Bündnis 90 / DIE GRÜNEN im Rat der Stadt Wuppertal

Große Anfrage der Fraktion BÜNDNIS 90/DIE GRÜNEN an den Ausschuss für Verkehr am 30.05.2023 Die Antwort finden Sie hier. Sehr geehrter Herr Ugurman, wie in der Westdeutschen Zeitung am 16. Mai 2023 zu lesen war, sind nach Schätzungen des Ifo-Instituts „derzeit an einem durchschnittlichen Tag...

Fraktion von Bündnis 90 / DIE GRÜNEN im Rat der Stadt Wuppertal
