{"id":15098,"date":"2019-06-19T12:15:11","date_gmt":"2019-06-19T12:15:11","guid":{"rendered":"https:\/\/gruene-wuppertal.de\/fraktion\/?post_type=anfragen&amp;p=15098"},"modified":"2019-06-19T12:15:11","modified_gmt":"2019-06-19T12:15:11","slug":"flachen-fur-eine-bundesgartenschau","status":"publish","type":"anfragen","link":"https:\/\/gruene-wuppertal.de\/fraktion\/anfragen\/flachen-fur-eine-bundesgartenschau\/","title":{"rendered":"Fl\u00e4chen f\u00fcr eine Bundesgartenschau"},"content":{"rendered":"<p><strong>Anfrage der Fraktionen von <strong>B\u00dcNDNIS 90\/DIE GR\u00dcNEN<\/strong> und CDU an den Ausschuss f\u00fcr Stadtentwicklung, Wirtschaft und Bauen am 27.06.2019<\/strong><\/p>\n<p><strong><strong><strong>Die Antwort der Verwaltung finden Sie in dieser PDF-Datei<\/strong>: <\/strong><\/strong><a href=\"https:\/\/gruene-wuppertal.de\/fraktion\/wp-content\/uploads\/2019\/05\/Antwort_BuGa.pdf\">Antwort_BuGa<\/a><\/p>\n<p>Sehr geehrter Herr M\u00fcller,<\/p>\n<p>f\u00fcr die m\u00f6gliche Durchf\u00fchrung einer Bundesgartenschau werden private Fl\u00e4chen ben\u00f6tigt. Die Verwaltung f\u00fchrt z.Z. Gespr\u00e4che mit den jeweiligen Eigent\u00fcmer*innen. Vor diesem Hin\u00adtergrund bitten wir zur Sitzung des Ausschusses f\u00fcr Stadtentwicklung, Wirtschaft und Bauen am 27. Juni 2019 um die Beantwortung der folgenden Fragen:<br \/>\n1. Mit wie vielen Eigent\u00fcmer*innen hat die Verwaltung schon die Gespr\u00e4che gef\u00fchrt?<\/p>\n<p>2. Sind diese Eigent\u00fcmer*innen grunds\u00e4tzlich bereit, ihre jeweiligen Grundst\u00fccke zur Ver\u00adf\u00fcgung zu stellen?<\/p>\n<p>3. Trifft es zu, dass der Eigent\u00fcmer eines unverzichtbaren Schl\u00fcsselgrundst\u00fcckes nicht bereit ist, das Grundst\u00fcck zur Verf\u00fcgung zu stellen?<\/p>\n<p>4. Warum sind die Ratsgremien \u00fcber diese wichtige Entwicklung bisher nicht informiert worden?<\/p>\n<p>5. Wie muss die Planung f\u00fcr die m\u00f6gliche Durchf\u00fchrung einer BUGA ver\u00e4ndert wer\u00adden?<\/p>\n<p>&nbsp;<\/p>\n<p>Mit freundlichem Gru\u00df<\/p>\n<p>Michael Schulte\u00a0\u00a0\u00a0\u00a0\u00a0\u00a0\u00a0\u00a0 Anja Liebert<br \/>\nSprecher\u00a0\u00a0\u00a0\u00a0\u00a0\u00a0\u00a0 \u00a0 \u00a0 \u00a0 \u00a0 \u00a0 \u00a0 Fraktionsvorsitzende<\/p>\n","protected":false},"excerpt":{"rendered":"<p>Anfrage der Fraktionen von B\u00dcNDNIS 90\/DIE GR\u00dcNEN und CDU an den Ausschuss f\u00fcr Stadtentwicklung, Wirtschaft und Bauen am 27.06.2019 Die Antwort der Verwaltung finden Sie in dieser PDF-Datei: Antwort_BuGa Sehr geehrter Herr M\u00fcller, f\u00fcr die m\u00f6gliche Durchf\u00fchrung einer Bundesgartenschau werden private Fl\u00e4chen ben\u00f6tigt. Die Verwaltung&#8230;<\/p>\n","protected":false},"author":20,"featured_media":0,"menu_order":0,"comment_status":"closed","ping_status":"closed","template":"","meta":{"_wp_rev_ctl_limit":""},"themen":[58],"yoast_head":"<!-- This site is optimized with the Yoast SEO plugin v21.8 - https:\/\/yoast.com\/wordpress\/plugins\/seo\/ -->\n<title>Fl\u00e4chen f\u00fcr eine Bundesgartenschau - Fraktion von B\u00fcndnis 90 \/ DIE GR\u00dcNEN im Rat der Stadt Wuppertal<\/title>\n<meta name=\"robots\" content=\"index, follow, max-snippet:-1, max-image-preview:large, max-video-preview:-1\" \/>\n<link rel=\"canonical\" href=\"https:\/\/gruene-wuppertal.de\/fraktion\/anfragen\/flachen-fur-eine-bundesgartenschau\/\" \/>\n<meta property=\"og:locale\" content=\"de_DE\" \/>\n<meta property=\"og:type\" content=\"article\" \/>\n<meta property=\"og:title\" content=\"Fl\u00e4chen f\u00fcr eine Bundesgartenschau - Fraktion von B\u00fcndnis 90 \/ DIE GR\u00dcNEN im Rat der Stadt Wuppertal\" \/>\n<meta property=\"og:description\" content=\"Anfrage der Fraktionen von B\u00dcNDNIS 90\/DIE GR\u00dcNEN und CDU an den Ausschuss f\u00fcr Stadtentwicklung, Wirtschaft und Bauen am 27.06.2019 Die Antwort der Verwaltung finden Sie in dieser PDF-Datei: Antwort_BuGa Sehr geehrter Herr M\u00fcller, f\u00fcr die m\u00f6gliche Durchf\u00fchrung einer Bundesgartenschau werden private Fl\u00e4chen ben\u00f6tigt. Die Verwaltung...\" \/>\n<meta property=\"og:url\" content=\"https:\/\/gruene-wuppertal.de\/fraktion\/anfragen\/flachen-fur-eine-bundesgartenschau\/\" \/>\n<meta property=\"og:site_name\" content=\"Fraktion von B\u00fcndnis 90 \/ DIE GR\u00dcNEN im Rat der Stadt Wuppertal\" \/>\n<meta name=\"twitter:card\" content=\"summary_large_image\" \/>\n<meta name=\"twitter:label1\" content=\"Gesch\u00e4tzte Lesezeit\" \/>\n\t<meta name=\"twitter:data1\" content=\"1 Minute\" \/>\n<script type=\"application\/ld+json\" class=\"yoast-schema-graph\">{\"@context\":\"https:\/\/schema.org\",\"@graph\":[{\"@type\":\"WebPage\",\"@id\":\"https:\/\/gruene-wuppertal.de\/fraktion\/anfragen\/flachen-fur-eine-bundesgartenschau\/\",\"url\":\"https:\/\/gruene-wuppertal.de\/fraktion\/anfragen\/flachen-fur-eine-bundesgartenschau\/\",\"name\":\"Fl\u00e4chen f\u00fcr eine Bundesgartenschau - Fraktion von B\u00fcndnis 90 \/ DIE GR\u00dcNEN im Rat der Stadt Wuppertal\",\"isPartOf\":{\"@id\":\"https:\/\/gruene-wuppertal.de\/fraktion\/#website\"},\"datePublished\":\"2019-06-19T12:15:11+00:00\",\"dateModified\":\"2019-06-19T12:15:11+00:00\",\"breadcrumb\":{\"@id\":\"https:\/\/gruene-wuppertal.de\/fraktion\/anfragen\/flachen-fur-eine-bundesgartenschau\/#breadcrumb\"},\"inLanguage\":\"de-DE\",\"potentialAction\":[{\"@type\":\"ReadAction\",\"target\":[\"https:\/\/gruene-wuppertal.de\/fraktion\/anfragen\/flachen-fur-eine-bundesgartenschau\/\"]}]},{\"@type\":\"BreadcrumbList\",\"@id\":\"https:\/\/gruene-wuppertal.de\/fraktion\/anfragen\/flachen-fur-eine-bundesgartenschau\/#breadcrumb\",\"itemListElement\":[{\"@type\":\"ListItem\",\"position\":1,\"name\":\"Startseite\",\"item\":\"https:\/\/gruene-wuppertal.de\/fraktion\/\"},{\"@type\":\"ListItem\",\"position\":2,\"name\":\"Fl\u00e4chen f\u00fcr eine Bundesgartenschau\"}]},{\"@type\":\"WebSite\",\"@id\":\"https:\/\/gruene-wuppertal.de\/fraktion\/#website\",\"url\":\"https:\/\/gruene-wuppertal.de\/fraktion\/\",\"name\":\"Fraktion von B\u00fcndnis 90 \/ DIE GR\u00dcNEN im Rat der Stadt Wuppertal\",\"description\":\"\",\"potentialAction\":[{\"@type\":\"SearchAction\",\"target\":{\"@type\":\"EntryPoint\",\"urlTemplate\":\"https:\/\/gruene-wuppertal.de\/fraktion\/?s={search_term_string}\"},\"query-input\":\"required name=search_term_string\"}],\"inLanguage\":\"de-DE\"}]}<\/script>\n<!-- \/ Yoast SEO plugin. -->","yoast_head_json":{"title":"Fl\u00e4chen f\u00fcr eine Bundesgartenschau - Fraktion von B\u00fcndnis 90 \/ DIE GR\u00dcNEN im Rat der Stadt Wuppertal","robots":{"index":"index","follow":"follow","max-snippet":"max-snippet:-1","max-image-preview":"max-image-preview:large","max-video-preview":"max-video-preview:-1"},"canonical":"https:\/\/gruene-wuppertal.de\/fraktion\/anfragen\/flachen-fur-eine-bundesgartenschau\/","og_locale":"de_DE","og_type":"article","og_title":"Fl\u00e4chen f\u00fcr eine Bundesgartenschau - Fraktion von B\u00fcndnis 90 \/ DIE GR\u00dcNEN im Rat der Stadt Wuppertal","og_description":"Anfrage der Fraktionen von B\u00dcNDNIS 90\/DIE GR\u00dcNEN und CDU an den Ausschuss f\u00fcr Stadtentwicklung, Wirtschaft und Bauen am 27.06.2019 Die Antwort der Verwaltung finden Sie in dieser PDF-Datei: Antwort_BuGa Sehr geehrter Herr M\u00fcller, f\u00fcr die m\u00f6gliche Durchf\u00fchrung einer Bundesgartenschau werden private Fl\u00e4chen ben\u00f6tigt. Die Verwaltung...","og_url":"https:\/\/gruene-wuppertal.de\/fraktion\/anfragen\/flachen-fur-eine-bundesgartenschau\/","og_site_name":"Fraktion von B\u00fcndnis 90 \/ DIE GR\u00dcNEN im Rat der Stadt Wuppertal","twitter_card":"summary_large_image","twitter_misc":{"Gesch\u00e4tzte Lesezeit":"1 Minute"},"schema":{"@context":"https:\/\/schema.org","@graph":[{"@type":"WebPage","@id":"https:\/\/gruene-wuppertal.de\/fraktion\/anfragen\/flachen-fur-eine-bundesgartenschau\/","url":"https:\/\/gruene-wuppertal.de\/fraktion\/anfragen\/flachen-fur-eine-bundesgartenschau\/","name":"Fl\u00e4chen f\u00fcr eine Bundesgartenschau - Fraktion von B\u00fcndnis 90 \/ DIE GR\u00dcNEN im Rat der Stadt Wuppertal","isPartOf":{"@id":"https:\/\/gruene-wuppertal.de\/fraktion\/#website"},"datePublished":"2019-06-19T12:15:11+00:00","dateModified":"2019-06-19T12:15:11+00:00","breadcrumb":{"@id":"https:\/\/gruene-wuppertal.de\/fraktion\/anfragen\/flachen-fur-eine-bundesgartenschau\/#breadcrumb"},"inLanguage":"de-DE","potentialAction":[{"@type":"ReadAction","target":["https:\/\/gruene-wuppertal.de\/fraktion\/anfragen\/flachen-fur-eine-bundesgartenschau\/"]}]},{"@type":"BreadcrumbList","@id":"https:\/\/gruene-wuppertal.de\/fraktion\/anfragen\/flachen-fur-eine-bundesgartenschau\/#breadcrumb","itemListElement":[{"@type":"ListItem","position":1,"name":"Startseite","item":"https:\/\/gruene-wuppertal.de\/fraktion\/"},{"@type":"ListItem","position":2,"name":"Fl\u00e4chen f\u00fcr eine Bundesgartenschau"}]},{"@type":"WebSite","@id":"https:\/\/gruene-wuppertal.de\/fraktion\/#website","url":"https:\/\/gruene-wuppertal.de\/fraktion\/","name":"Fraktion von B\u00fcndnis 90 \/ DIE GR\u00dcNEN im Rat der Stadt Wuppertal","description":"","potentialAction":[{"@type":"SearchAction","target":{"@type":"EntryPoint","urlTemplate":"https:\/\/gruene-wuppertal.de\/fraktion\/?s={search_term_string}"},"query-input":"required name=search_term_string"}],"inLanguage":"de-DE"}]}},"post_mailing_queue_ids":[],"_links":{"self":[{"href":"https:\/\/gruene-wuppertal.de\/fraktion\/wp-json\/wp\/v2\/anfragen\/15098"}],"collection":[{"href":"https:\/\/gruene-wuppertal.de\/fraktion\/wp-json\/wp\/v2\/anfragen"}],"about":[{"href":"https:\/\/gruene-wuppertal.de\/fraktion\/wp-json\/wp\/v2\/types\/anfragen"}],"author":[{"embeddable":true,"href":"https:\/\/gruene-wuppertal.de\/fraktion\/wp-json\/wp\/v2\/users\/20"}],"replies":[{"embeddable":true,"href":"https:\/\/gruene-wuppertal.de\/fraktion\/wp-json\/wp\/v2\/comments?post=15098"}],"version-history":[{"count":0,"href":"https:\/\/gruene-wuppertal.de\/fraktion\/wp-json\/wp\/v2\/anfragen\/15098\/revisions"}],"wp:attachment":[{"href":"https:\/\/gruene-wuppertal.de\/fraktion\/wp-json\/wp\/v2\/media?parent=15098"}],"wp:term":[{"taxonomy":"themen","embeddable":true,"href":"https:\/\/gruene-wuppertal.de\/fraktion\/wp-json\/wp\/v2\/themen?post=15098"}],"curies":[{"name":"wp","href":"https:\/\/api.w.org\/{rel}","templated":true}]}}

Flächen für eine Bundesgartenschau

<p><strong>Anfrage der Fraktionen von <strong>BÜNDNIS 90/DIE GRÜNEN</strong> und CDU an den Ausschuss für Stadtentwicklung, Wirtschaft und Bauen am 27.06.2019</strong></p>
<p><strong><strong><strong>Die Antwort der Verwaltung finden Sie in dieser PDF-Datei</strong>: </strong></strong><a href="https://gruene-wuppertal.de/fraktion/wp-content/uploads/2019/05/Antwort_BuGa.pdf">Antwort_BuGa</a></p>
<p>Sehr geehrter Herr Müller,</p>
<p>für die mögliche Durchführung einer Bundesgartenschau werden private Flächen benötigt. Die Verwaltung führt z.Z. Gespräche mit den jeweiligen Eigentümer*innen. Vor diesem Hin­tergrund bitten wir zur Sitzung des Ausschusses für Stadtentwicklung, Wirtschaft und Bauen am 27. Juni 2019 um die Beantwortung der folgenden Fragen:<br />
1. Mit wie vielen Eigentümer*innen hat die Verwaltung schon die Gespräche geführt?</p>
<p>2. Sind diese Eigentümer*innen grundsätzlich bereit, ihre jeweiligen Grundstücke zur Ver­fügung zu stellen?</p>
<p>3. Trifft es zu, dass der Eigentümer eines unverzichtbaren Schlüsselgrundstückes nicht bereit ist, das Grundstück zur Verfügung zu stellen?</p>
<p>4. Warum sind die Ratsgremien über diese wichtige Entwicklung bisher nicht informiert worden?</p>
<p>5. Wie muss die Planung für die mögliche Durchführung einer BUGA verändert wer­den?</p>
<p>&nbsp;</p>
<p>Mit freundlichem Gruß</p>
<p>Michael Schulte         Anja Liebert<br />
Sprecher                    Fraktionsvorsitzende</p>

<p>Anfrage der Fraktionen von BÜNDNIS 90/DIE GRÜNEN und CDU an den Ausschuss für Stadtentwicklung, Wirtschaft und Bauen am 27.06.2019 Die Antwort der Verwaltung finden Sie in dieser PDF-Datei: Antwort_BuGa Sehr geehrter Herr Müller, für die mögliche Durchführung einer Bundesgartenschau werden private Flächen benötigt. Die Verwaltung&#8230;</p>

<!-- This site is optimized with the Yoast SEO plugin v21.8 - https://yoast.com/wordpress/plugins/seo/ -->
<title>Flächen für eine Bundesgartenschau - Fraktion von Bündnis 90 / DIE GRÜNEN im Rat der Stadt Wuppertal</title>
<meta name="robots" content="index, follow, max-snippet:-1, max-image-preview:large, max-video-preview:-1" />
<link rel="canonical" href="https://gruene-wuppertal.de/fraktion/anfragen/flachen-fur-eine-bundesgartenschau/" />
<meta property="og:locale" content="de_DE" />
<meta property="og:type" content="article" />
<meta property="og:title" content="Flächen für eine Bundesgartenschau - Fraktion von Bündnis 90 / DIE GRÜNEN im Rat der Stadt Wuppertal" />
<meta property="og:description" content="Anfrage der Fraktionen von BÜNDNIS 90/DIE GRÜNEN und CDU an den Ausschuss für Stadtentwicklung, Wirtschaft und Bauen am 27.06.2019 Die Antwort der Verwaltung finden Sie in dieser PDF-Datei: Antwort_BuGa Sehr geehrter Herr Müller, für die mögliche Durchführung einer Bundesgartenschau werden private Flächen benötigt. Die Verwaltung..." />
<meta property="og:url" content="https://gruene-wuppertal.de/fraktion/anfragen/flachen-fur-eine-bundesgartenschau/" />
<meta property="og:site_name" content="Fraktion von Bündnis 90 / DIE GRÜNEN im Rat der Stadt Wuppertal" />
<meta name="twitter:card" content="summary_large_image" />
<meta name="twitter:label1" content="Geschätzte Lesezeit" />
	<meta name="twitter:data1" content="1 Minute" />
<script type="application/ld+json" class="yoast-schema-graph">{"@context":"https://schema.org","@graph":[{"@type":"WebPage","@id":"https://gruene-wuppertal.de/fraktion/anfragen/flachen-fur-eine-bundesgartenschau/","url":"https://gruene-wuppertal.de/fraktion/anfragen/flachen-fur-eine-bundesgartenschau/","name":"Flächen für eine Bundesgartenschau - Fraktion von Bündnis 90 / DIE GRÜNEN im Rat der Stadt Wuppertal","isPartOf":{"@id":"https://gruene-wuppertal.de/fraktion/#website"},"datePublished":"2019-06-19T12:15:11+00:00","dateModified":"2019-06-19T12:15:11+00:00","breadcrumb":{"@id":"https://gruene-wuppertal.de/fraktion/anfragen/flachen-fur-eine-bundesgartenschau/#breadcrumb"},"inLanguage":"de-DE","potentialAction":[{"@type":"ReadAction","target":["https://gruene-wuppertal.de/fraktion/anfragen/flachen-fur-eine-bundesgartenschau/"]}]},{"@type":"BreadcrumbList","@id":"https://gruene-wuppertal.de/fraktion/anfragen/flachen-fur-eine-bundesgartenschau/#breadcrumb","itemListElement":[{"@type":"ListItem","position":1,"name":"Startseite","item":"https://gruene-wuppertal.de/fraktion/"},{"@type":"ListItem","position":2,"name":"Flächen für eine Bundesgartenschau"}]},{"@type":"WebSite","@id":"https://gruene-wuppertal.de/fraktion/#website","url":"https://gruene-wuppertal.de/fraktion/","name":"Fraktion von Bündnis 90 / DIE GRÜNEN im Rat der Stadt Wuppertal","description":"","potentialAction":[{"@type":"SearchAction","target":{"@type":"EntryPoint","urlTemplate":"https://gruene-wuppertal.de/fraktion/?s={search_term_string}"},"query-input":"required name=search_term_string"}],"inLanguage":"de-DE"}]}</script>
<!-- / Yoast SEO plugin. -->

Flächen für eine Bundesgartenschau - Fraktion von Bündnis 90 / DIE GRÜNEN im Rat der Stadt Wuppertal

Anfrage der Fraktionen von BÜNDNIS 90/DIE GRÜNEN und CDU an den Ausschuss für Stadtentwicklung, Wirtschaft und Bauen am 27.06.2019 Die Antwort der Verwaltung finden Sie in dieser PDF-Datei: Antwort_BuGa Sehr geehrter Herr Müller, für die mögliche Durchführung einer Bundesgartenschau werden private Flächen benötigt. Die Verwaltung...

Fraktion von Bündnis 90 / DIE GRÜNEN im Rat der Stadt Wuppertal
