{"id":14430,"date":"2019-01-29T15:26:09","date_gmt":"2019-01-29T15:26:09","guid":{"rendered":"https:\/\/gruene-wuppertal.de\/fraktion\/?post_type=anfragen&amp;p=14430"},"modified":"2019-01-29T15:26:09","modified_gmt":"2019-01-29T15:26:09","slug":"verteilereinrichtungen-von-wsw-und-telekom-und-elektro-ladesaulen","status":"publish","type":"anfragen","link":"https:\/\/gruene-wuppertal.de\/fraktion\/anfragen\/verteilereinrichtungen-von-wsw-und-telekom-und-elektro-ladesaulen\/","title":{"rendered":"Verteilereinrichtungen von WSW und Telekom und Elektro-Lades\u00e4ulen"},"content":{"rendered":"<p><strong>Anfrage an den Rat der Stadt Wuppertal am 25.02.2019<\/strong><\/p>\n<p>Die Antwort der Verwaltung finden Sie hier:<br \/>\n<a href=\"https:\/\/gruene-wuppertal.de\/fraktion\/wp-content\/uploads\/2019\/01\/Antwort_Verteilerkaesten.pdf\">Antwort_Verteilerkaesten<br \/>\n<\/a><a href=\"https:\/\/gruene-wuppertal.de\/fraktion\/wp-content\/uploads\/2019\/01\/Schnittstellenvereinbarung_Bezirksvertretungen.pdf\">Schnittstellenvereinbarung_Bezirksvertretungen<\/a><\/p>\n<p>Sehr geehrter Herr Oberb\u00fcrgermeister,<\/p>\n<p>wie aus einem Schreiben Ihres B\u00fcros vom 16.01.2019 hervorgeht, haben einige Bezirksvertretungen Kritik an den im Stadtgebiet vorhandenen bzw. neu aufgestellten Verteilerk\u00e4sten ge\u00fcbt. Demzufolge will die Deutsche Telekom ca. 200 weitere Verteilerk\u00e4sten aufbauen. Im vergangenen Jahr wurden besonders in Elberfeld von einem Bautrupp bereits einige Verteilerk\u00e4sten aufgebaut, u.a. am St. Anna-Gymnasium.<\/p>\n<p>In einem Schreiben vom 07.01.2019 weisen die WSW daraufhin, dass die Telekom beabsichtige, die Standorte der Verteilerk\u00e4sten zu Elektroladestationen auszubauen.<\/p>\n<p>Vor diesem Hintergrund bittet die Ratsfraktion B\u00dcNDNIS 90\/DIE GR\u00dcNEN die Verwaltung um die Beantwortung folgender Fragen:<br \/>\n1. Wie viele Standorte f\u00fcr Verteilerk\u00e4sten wurden von der Deutschen Telekom beantragt?<\/p>\n<p>2. Warum werden die geplanten Standorte nicht im \u00fcblichen Verfahren \u00fcber Baulisten den Bezirksvertretungen mitgeteilt?<\/p>\n<p>3. Welche Standorte wurden von den Bezirksvertretungen als st\u00f6rend empfunden? Hat es dazu Gespr\u00e4che mit der Deutschen Telekom gegeben?<\/p>\n<p>4. Gibt es Gespr\u00e4che mit der Deutschen Telekom \u00fcber den Ausbau von Standorten zu Elektroladestationen? Wenn nein, warum nicht?<\/p>\n<p>5. Gibt es eine Karte oder ein Verzeichnis der bestehenden Elektroladestationen (nicht nur WSW)?<\/p>\n<p>6. Welches Konzept verfolgt die Verwaltung, um schnell und preiswert weitere Elektroladestationen einzurichten?<\/p>\n<p>7. H\u00e4lt die Verwaltung den Ausbau des Kupfernetzes im Rahmen von Vectoring f\u00fcr eine zukunftsweisende Technologie?<\/p>\n<p>&nbsp;<\/p>\n<p>Mit freundlichen Gr\u00fc\u00dfen<\/p>\n<p>Klaus L\u00fcdemann\u00a0\u00a0\u00a0\u00a0\u00a0\u00a0\u00a0\u00a0\u00a0\u00a0\u00a0\u00a0\u00a0\u00a0\u00a0\u00a0\u00a0\u00a0\u00a0\u00a0\u00a0\u00a0\u00a0\u00a0\u00a0\u00a0 Anja Liebert<br \/>\nStadtverordneter \u00a0\u00a0\u00a0\u00a0\u00a0\u00a0\u00a0\u00a0\u00a0\u00a0\u00a0\u00a0\u00a0\u00a0\u00a0\u00a0\u00a0\u00a0\u00a0\u00a0\u00a0\u00a0\u00a0\u00a0\u00a0 Fraktionsvorsitzende<\/p>\n","protected":false},"excerpt":{"rendered":"<p>Anfrage an den Rat der Stadt Wuppertal am 25.02.2019 Die Antwort der Verwaltung finden Sie hier: Antwort_Verteilerkaesten Schnittstellenvereinbarung_Bezirksvertretungen Sehr geehrter Herr Oberb\u00fcrgermeister, wie aus einem Schreiben Ihres B\u00fcros vom 16.01.2019 hervorgeht, haben einige Bezirksvertretungen Kritik an den im Stadtgebiet vorhandenen bzw. neu aufgestellten Verteilerk\u00e4sten ge\u00fcbt&#8230;.<\/p>\n","protected":false},"author":20,"featured_media":0,"menu_order":0,"comment_status":"closed","ping_status":"closed","template":"","meta":{"_wp_rev_ctl_limit":""},"themen":[25,61,58],"yoast_head":"<!-- This site is optimized with the Yoast SEO plugin v21.8 - https:\/\/yoast.com\/wordpress\/plugins\/seo\/ -->\n<title>Verteilereinrichtungen von WSW und Telekom und Elektro-Lades\u00e4ulen - Fraktion von B\u00fcndnis 90 \/ DIE GR\u00dcNEN im Rat der Stadt Wuppertal<\/title>\n<meta name=\"robots\" content=\"index, follow, max-snippet:-1, max-image-preview:large, max-video-preview:-1\" \/>\n<link rel=\"canonical\" href=\"https:\/\/gruene-wuppertal.de\/fraktion\/anfragen\/verteilereinrichtungen-von-wsw-und-telekom-und-elektro-ladesaulen\/\" \/>\n<meta property=\"og:locale\" content=\"de_DE\" \/>\n<meta property=\"og:type\" content=\"article\" \/>\n<meta property=\"og:title\" content=\"Verteilereinrichtungen von WSW und Telekom und Elektro-Lades\u00e4ulen - Fraktion von B\u00fcndnis 90 \/ DIE GR\u00dcNEN im Rat der Stadt Wuppertal\" \/>\n<meta property=\"og:description\" content=\"Anfrage an den Rat der Stadt Wuppertal am 25.02.2019 Die Antwort der Verwaltung finden Sie hier: Antwort_Verteilerkaesten Schnittstellenvereinbarung_Bezirksvertretungen Sehr geehrter Herr Oberb\u00fcrgermeister, wie aus einem Schreiben Ihres B\u00fcros vom 16.01.2019 hervorgeht, haben einige Bezirksvertretungen Kritik an den im Stadtgebiet vorhandenen bzw. neu aufgestellten Verteilerk\u00e4sten ge\u00fcbt....\" \/>\n<meta property=\"og:url\" content=\"https:\/\/gruene-wuppertal.de\/fraktion\/anfragen\/verteilereinrichtungen-von-wsw-und-telekom-und-elektro-ladesaulen\/\" \/>\n<meta property=\"og:site_name\" content=\"Fraktion von B\u00fcndnis 90 \/ DIE GR\u00dcNEN im Rat der Stadt Wuppertal\" \/>\n<meta name=\"twitter:card\" content=\"summary_large_image\" \/>\n<meta name=\"twitter:label1\" content=\"Gesch\u00e4tzte Lesezeit\" \/>\n\t<meta name=\"twitter:data1\" content=\"1 Minute\" \/>\n<script type=\"application\/ld+json\" class=\"yoast-schema-graph\">{\"@context\":\"https:\/\/schema.org\",\"@graph\":[{\"@type\":\"WebPage\",\"@id\":\"https:\/\/gruene-wuppertal.de\/fraktion\/anfragen\/verteilereinrichtungen-von-wsw-und-telekom-und-elektro-ladesaulen\/\",\"url\":\"https:\/\/gruene-wuppertal.de\/fraktion\/anfragen\/verteilereinrichtungen-von-wsw-und-telekom-und-elektro-ladesaulen\/\",\"name\":\"Verteilereinrichtungen von WSW und Telekom und Elektro-Lades\u00e4ulen - Fraktion von B\u00fcndnis 90 \/ DIE GR\u00dcNEN im Rat der Stadt Wuppertal\",\"isPartOf\":{\"@id\":\"https:\/\/gruene-wuppertal.de\/fraktion\/#website\"},\"datePublished\":\"2019-01-29T15:26:09+00:00\",\"dateModified\":\"2019-01-29T15:26:09+00:00\",\"breadcrumb\":{\"@id\":\"https:\/\/gruene-wuppertal.de\/fraktion\/anfragen\/verteilereinrichtungen-von-wsw-und-telekom-und-elektro-ladesaulen\/#breadcrumb\"},\"inLanguage\":\"de-DE\",\"potentialAction\":[{\"@type\":\"ReadAction\",\"target\":[\"https:\/\/gruene-wuppertal.de\/fraktion\/anfragen\/verteilereinrichtungen-von-wsw-und-telekom-und-elektro-ladesaulen\/\"]}]},{\"@type\":\"BreadcrumbList\",\"@id\":\"https:\/\/gruene-wuppertal.de\/fraktion\/anfragen\/verteilereinrichtungen-von-wsw-und-telekom-und-elektro-ladesaulen\/#breadcrumb\",\"itemListElement\":[{\"@type\":\"ListItem\",\"position\":1,\"name\":\"Startseite\",\"item\":\"https:\/\/gruene-wuppertal.de\/fraktion\/\"},{\"@type\":\"ListItem\",\"position\":2,\"name\":\"Verteilereinrichtungen von WSW und Telekom und Elektro-Lades\u00e4ulen\"}]},{\"@type\":\"WebSite\",\"@id\":\"https:\/\/gruene-wuppertal.de\/fraktion\/#website\",\"url\":\"https:\/\/gruene-wuppertal.de\/fraktion\/\",\"name\":\"Fraktion von B\u00fcndnis 90 \/ DIE GR\u00dcNEN im Rat der Stadt Wuppertal\",\"description\":\"\",\"potentialAction\":[{\"@type\":\"SearchAction\",\"target\":{\"@type\":\"EntryPoint\",\"urlTemplate\":\"https:\/\/gruene-wuppertal.de\/fraktion\/?s={search_term_string}\"},\"query-input\":\"required name=search_term_string\"}],\"inLanguage\":\"de-DE\"}]}<\/script>\n<!-- \/ Yoast SEO plugin. -->","yoast_head_json":{"title":"Verteilereinrichtungen von WSW und Telekom und Elektro-Lades\u00e4ulen - Fraktion von B\u00fcndnis 90 \/ DIE GR\u00dcNEN im Rat der Stadt Wuppertal","robots":{"index":"index","follow":"follow","max-snippet":"max-snippet:-1","max-image-preview":"max-image-preview:large","max-video-preview":"max-video-preview:-1"},"canonical":"https:\/\/gruene-wuppertal.de\/fraktion\/anfragen\/verteilereinrichtungen-von-wsw-und-telekom-und-elektro-ladesaulen\/","og_locale":"de_DE","og_type":"article","og_title":"Verteilereinrichtungen von WSW und Telekom und Elektro-Lades\u00e4ulen - Fraktion von B\u00fcndnis 90 \/ DIE GR\u00dcNEN im Rat der Stadt Wuppertal","og_description":"Anfrage an den Rat der Stadt Wuppertal am 25.02.2019 Die Antwort der Verwaltung finden Sie hier: Antwort_Verteilerkaesten Schnittstellenvereinbarung_Bezirksvertretungen Sehr geehrter Herr Oberb\u00fcrgermeister, wie aus einem Schreiben Ihres B\u00fcros vom 16.01.2019 hervorgeht, haben einige Bezirksvertretungen Kritik an den im Stadtgebiet vorhandenen bzw. neu aufgestellten Verteilerk\u00e4sten ge\u00fcbt....","og_url":"https:\/\/gruene-wuppertal.de\/fraktion\/anfragen\/verteilereinrichtungen-von-wsw-und-telekom-und-elektro-ladesaulen\/","og_site_name":"Fraktion von B\u00fcndnis 90 \/ DIE GR\u00dcNEN im Rat der Stadt Wuppertal","twitter_card":"summary_large_image","twitter_misc":{"Gesch\u00e4tzte Lesezeit":"1 Minute"},"schema":{"@context":"https:\/\/schema.org","@graph":[{"@type":"WebPage","@id":"https:\/\/gruene-wuppertal.de\/fraktion\/anfragen\/verteilereinrichtungen-von-wsw-und-telekom-und-elektro-ladesaulen\/","url":"https:\/\/gruene-wuppertal.de\/fraktion\/anfragen\/verteilereinrichtungen-von-wsw-und-telekom-und-elektro-ladesaulen\/","name":"Verteilereinrichtungen von WSW und Telekom und Elektro-Lades\u00e4ulen - Fraktion von B\u00fcndnis 90 \/ DIE GR\u00dcNEN im Rat der Stadt Wuppertal","isPartOf":{"@id":"https:\/\/gruene-wuppertal.de\/fraktion\/#website"},"datePublished":"2019-01-29T15:26:09+00:00","dateModified":"2019-01-29T15:26:09+00:00","breadcrumb":{"@id":"https:\/\/gruene-wuppertal.de\/fraktion\/anfragen\/verteilereinrichtungen-von-wsw-und-telekom-und-elektro-ladesaulen\/#breadcrumb"},"inLanguage":"de-DE","potentialAction":[{"@type":"ReadAction","target":["https:\/\/gruene-wuppertal.de\/fraktion\/anfragen\/verteilereinrichtungen-von-wsw-und-telekom-und-elektro-ladesaulen\/"]}]},{"@type":"BreadcrumbList","@id":"https:\/\/gruene-wuppertal.de\/fraktion\/anfragen\/verteilereinrichtungen-von-wsw-und-telekom-und-elektro-ladesaulen\/#breadcrumb","itemListElement":[{"@type":"ListItem","position":1,"name":"Startseite","item":"https:\/\/gruene-wuppertal.de\/fraktion\/"},{"@type":"ListItem","position":2,"name":"Verteilereinrichtungen von WSW und Telekom und Elektro-Lades\u00e4ulen"}]},{"@type":"WebSite","@id":"https:\/\/gruene-wuppertal.de\/fraktion\/#website","url":"https:\/\/gruene-wuppertal.de\/fraktion\/","name":"Fraktion von B\u00fcndnis 90 \/ DIE GR\u00dcNEN im Rat der Stadt Wuppertal","description":"","potentialAction":[{"@type":"SearchAction","target":{"@type":"EntryPoint","urlTemplate":"https:\/\/gruene-wuppertal.de\/fraktion\/?s={search_term_string}"},"query-input":"required name=search_term_string"}],"inLanguage":"de-DE"}]}},"post_mailing_queue_ids":[],"_links":{"self":[{"href":"https:\/\/gruene-wuppertal.de\/fraktion\/wp-json\/wp\/v2\/anfragen\/14430"}],"collection":[{"href":"https:\/\/gruene-wuppertal.de\/fraktion\/wp-json\/wp\/v2\/anfragen"}],"about":[{"href":"https:\/\/gruene-wuppertal.de\/fraktion\/wp-json\/wp\/v2\/types\/anfragen"}],"author":[{"embeddable":true,"href":"https:\/\/gruene-wuppertal.de\/fraktion\/wp-json\/wp\/v2\/users\/20"}],"replies":[{"embeddable":true,"href":"https:\/\/gruene-wuppertal.de\/fraktion\/wp-json\/wp\/v2\/comments?post=14430"}],"version-history":[{"count":0,"href":"https:\/\/gruene-wuppertal.de\/fraktion\/wp-json\/wp\/v2\/anfragen\/14430\/revisions"}],"wp:attachment":[{"href":"https:\/\/gruene-wuppertal.de\/fraktion\/wp-json\/wp\/v2\/media?parent=14430"}],"wp:term":[{"taxonomy":"themen","embeddable":true,"href":"https:\/\/gruene-wuppertal.de\/fraktion\/wp-json\/wp\/v2\/themen?post=14430"}],"curies":[{"name":"wp","href":"https:\/\/api.w.org\/{rel}","templated":true}]}}

Verteilereinrichtungen von WSW und Telekom und Elektro-Ladesäulen

<p><strong>Anfrage an den Rat der Stadt Wuppertal am 25.02.2019</strong></p>
<p>Die Antwort der Verwaltung finden Sie hier:<br />
<a href="https://gruene-wuppertal.de/fraktion/wp-content/uploads/2019/01/Antwort_Verteilerkaesten.pdf">Antwort_Verteilerkaesten<br />
</a><a href="https://gruene-wuppertal.de/fraktion/wp-content/uploads/2019/01/Schnittstellenvereinbarung_Bezirksvertretungen.pdf">Schnittstellenvereinbarung_Bezirksvertretungen</a></p>
<p>Sehr geehrter Herr Oberbürgermeister,</p>
<p>wie aus einem Schreiben Ihres Büros vom 16.01.2019 hervorgeht, haben einige Bezirksvertretungen Kritik an den im Stadtgebiet vorhandenen bzw. neu aufgestellten Verteilerkästen geübt. Demzufolge will die Deutsche Telekom ca. 200 weitere Verteilerkästen aufbauen. Im vergangenen Jahr wurden besonders in Elberfeld von einem Bautrupp bereits einige Verteilerkästen aufgebaut, u.a. am St. Anna-Gymnasium.</p>
<p>In einem Schreiben vom 07.01.2019 weisen die WSW daraufhin, dass die Telekom beabsichtige, die Standorte der Verteilerkästen zu Elektroladestationen auszubauen.</p>
<p>Vor diesem Hintergrund bittet die Ratsfraktion BÜNDNIS 90/DIE GRÜNEN die Verwaltung um die Beantwortung folgender Fragen:<br />
1. Wie viele Standorte für Verteilerkästen wurden von der Deutschen Telekom beantragt?</p>
<p>2. Warum werden die geplanten Standorte nicht im üblichen Verfahren über Baulisten den Bezirksvertretungen mitgeteilt?</p>
<p>3. Welche Standorte wurden von den Bezirksvertretungen als störend empfunden? Hat es dazu Gespräche mit der Deutschen Telekom gegeben?</p>
<p>4. Gibt es Gespräche mit der Deutschen Telekom über den Ausbau von Standorten zu Elektroladestationen? Wenn nein, warum nicht?</p>
<p>5. Gibt es eine Karte oder ein Verzeichnis der bestehenden Elektroladestationen (nicht nur WSW)?</p>
<p>6. Welches Konzept verfolgt die Verwaltung, um schnell und preiswert weitere Elektroladestationen einzurichten?</p>
<p>7. Hält die Verwaltung den Ausbau des Kupfernetzes im Rahmen von Vectoring für eine zukunftsweisende Technologie?</p>
<p>&nbsp;</p>
<p>Mit freundlichen Grüßen</p>
<p>Klaus Lüdemann                           Anja Liebert<br />
Stadtverordneter                           Fraktionsvorsitzende</p>

<p>Anfrage an den Rat der Stadt Wuppertal am 25.02.2019 Die Antwort der Verwaltung finden Sie hier: Antwort_Verteilerkaesten Schnittstellenvereinbarung_Bezirksvertretungen Sehr geehrter Herr Oberbürgermeister, wie aus einem Schreiben Ihres Büros vom 16.01.2019 hervorgeht, haben einige Bezirksvertretungen Kritik an den im Stadtgebiet vorhandenen bzw. neu aufgestellten Verteilerkästen geübt&#8230;.</p>

<!-- This site is optimized with the Yoast SEO plugin v21.8 - https://yoast.com/wordpress/plugins/seo/ -->
<title>Verteilereinrichtungen von WSW und Telekom und Elektro-Ladesäulen - Fraktion von Bündnis 90 / DIE GRÜNEN im Rat der Stadt Wuppertal</title>
<meta name="robots" content="index, follow, max-snippet:-1, max-image-preview:large, max-video-preview:-1" />
<link rel="canonical" href="https://gruene-wuppertal.de/fraktion/anfragen/verteilereinrichtungen-von-wsw-und-telekom-und-elektro-ladesaulen/" />
<meta property="og:locale" content="de_DE" />
<meta property="og:type" content="article" />
<meta property="og:title" content="Verteilereinrichtungen von WSW und Telekom und Elektro-Ladesäulen - Fraktion von Bündnis 90 / DIE GRÜNEN im Rat der Stadt Wuppertal" />
<meta property="og:description" content="Anfrage an den Rat der Stadt Wuppertal am 25.02.2019 Die Antwort der Verwaltung finden Sie hier: Antwort_Verteilerkaesten Schnittstellenvereinbarung_Bezirksvertretungen Sehr geehrter Herr Oberbürgermeister, wie aus einem Schreiben Ihres Büros vom 16.01.2019 hervorgeht, haben einige Bezirksvertretungen Kritik an den im Stadtgebiet vorhandenen bzw. neu aufgestellten Verteilerkästen geübt...." />
<meta property="og:url" content="https://gruene-wuppertal.de/fraktion/anfragen/verteilereinrichtungen-von-wsw-und-telekom-und-elektro-ladesaulen/" />
<meta property="og:site_name" content="Fraktion von Bündnis 90 / DIE GRÜNEN im Rat der Stadt Wuppertal" />
<meta name="twitter:card" content="summary_large_image" />
<meta name="twitter:label1" content="Geschätzte Lesezeit" />
	<meta name="twitter:data1" content="1 Minute" />
<script type="application/ld+json" class="yoast-schema-graph">{"@context":"https://schema.org","@graph":[{"@type":"WebPage","@id":"https://gruene-wuppertal.de/fraktion/anfragen/verteilereinrichtungen-von-wsw-und-telekom-und-elektro-ladesaulen/","url":"https://gruene-wuppertal.de/fraktion/anfragen/verteilereinrichtungen-von-wsw-und-telekom-und-elektro-ladesaulen/","name":"Verteilereinrichtungen von WSW und Telekom und Elektro-Ladesäulen - Fraktion von Bündnis 90 / DIE GRÜNEN im Rat der Stadt Wuppertal","isPartOf":{"@id":"https://gruene-wuppertal.de/fraktion/#website"},"datePublished":"2019-01-29T15:26:09+00:00","dateModified":"2019-01-29T15:26:09+00:00","breadcrumb":{"@id":"https://gruene-wuppertal.de/fraktion/anfragen/verteilereinrichtungen-von-wsw-und-telekom-und-elektro-ladesaulen/#breadcrumb"},"inLanguage":"de-DE","potentialAction":[{"@type":"ReadAction","target":["https://gruene-wuppertal.de/fraktion/anfragen/verteilereinrichtungen-von-wsw-und-telekom-und-elektro-ladesaulen/"]}]},{"@type":"BreadcrumbList","@id":"https://gruene-wuppertal.de/fraktion/anfragen/verteilereinrichtungen-von-wsw-und-telekom-und-elektro-ladesaulen/#breadcrumb","itemListElement":[{"@type":"ListItem","position":1,"name":"Startseite","item":"https://gruene-wuppertal.de/fraktion/"},{"@type":"ListItem","position":2,"name":"Verteilereinrichtungen von WSW und Telekom und Elektro-Ladesäulen"}]},{"@type":"WebSite","@id":"https://gruene-wuppertal.de/fraktion/#website","url":"https://gruene-wuppertal.de/fraktion/","name":"Fraktion von Bündnis 90 / DIE GRÜNEN im Rat der Stadt Wuppertal","description":"","potentialAction":[{"@type":"SearchAction","target":{"@type":"EntryPoint","urlTemplate":"https://gruene-wuppertal.de/fraktion/?s={search_term_string}"},"query-input":"required name=search_term_string"}],"inLanguage":"de-DE"}]}</script>
<!-- / Yoast SEO plugin. -->

Verteilereinrichtungen von WSW und Telekom und Elektro-Ladesäulen - Fraktion von Bündnis 90 / DIE GRÜNEN im Rat der Stadt Wuppertal

Anfrage an den Rat der Stadt Wuppertal am 25.02.2019 Die Antwort der Verwaltung finden Sie hier: Antwort_Verteilerkaesten Schnittstellenvereinbarung_Bezirksvertretungen Sehr geehrter Herr Oberbürgermeister, wie aus einem Schreiben Ihres Büros vom 16.01.2019 hervorgeht, haben einige Bezirksvertretungen Kritik an den im Stadtgebiet vorhandenen bzw. neu aufgestellten Verteilerkästen geübt....

Fraktion von Bündnis 90 / DIE GRÜNEN im Rat der Stadt Wuppertal
