{"version":"1.0","provider_name":"Fraktion von B\u00fcndnis 90 \/ DIE GR\u00dcNEN im Rat der Stadt Wuppertal","provider_url":"https:\/\/gruene-wuppertal.de\/fraktion","author_name":"Bettina Br\u00fccher","author_url":"https:\/\/gruene-wuppertal.de\/fraktion\/author\/bettina-bruecher\/","title":"Der Staffelstab wird weitergereicht! - Fraktion von B\u00fcndnis 90 \/ DIE GR\u00dcNEN im Rat der Stadt Wuppertal","type":"rich","width":600,"height":338,"html":"<blockquote class=\"wp-embedded-content\" data-secret=\"V6ro0bcd29\"><a href=\"https:\/\/gruene-wuppertal.de\/fraktion\/bezirksvertretung\/der-staffelstab-wird-weitergereicht\/\">Der Staffelstab wird weitergereicht!<\/a><\/blockquote><iframe sandbox=\"allow-scripts\" security=\"restricted\" src=\"https:\/\/gruene-wuppertal.de\/fraktion\/bezirksvertretung\/der-staffelstab-wird-weitergereicht\/embed\/#?secret=V6ro0bcd29\" width=\"600\" height=\"338\" title=\"&#8222;Der Staffelstab wird weitergereicht!&#8220; &#8212; Fraktion von B\u00fcndnis 90 \/ DIE GR\u00dcNEN im Rat der Stadt Wuppertal\" data-secret=\"V6ro0bcd29\" frameborder=\"0\" marginwidth=\"0\" marginheight=\"0\" scrolling=\"no\" class=\"wp-embedded-content\"><\/iframe><script type=\"text\/javascript\">\n\/* <![CDATA[ *\/\n\/*! This file is auto-generated *\/\n!function(d,l){\"use strict\";l.querySelector&&d.addEventListener&&\"undefined\"!=typeof URL&&(d.wp=d.wp||{},d.wp.receiveEmbedMessage||(d.wp.receiveEmbedMessage=function(e){var t=e.data;if((t||t.secret||t.message||t.value)&&!\/[^a-zA-Z0-9]\/.test(t.secret)){for(var s,r,n,a=l.querySelectorAll('iframe[data-secret=\"'+t.secret+'\"]'),o=l.querySelectorAll('blockquote[data-secret=\"'+t.secret+'\"]'),c=new RegExp(\"^https?:$\",\"i\"),i=0;i<o.length;i++)o[i].style.display=\"none\";for(i=0;i<a.length;i++)s=a[i],e.source===s.contentWindow&&(s.removeAttribute(\"style\"),\"height\"===t.message?(1e3<(r=parseInt(t.value,10))?r=1e3:~~r<200&&(r=200),s.height=r):\"link\"===t.message&&(r=new URL(s.getAttribute(\"src\")),n=new URL(t.value),c.test(n.protocol))&&n.host===r.host&&l.activeElement===s&&(d.top.location.href=t.value))}},d.addEventListener(\"message\",d.wp.receiveEmbedMessage,!1),l.addEventListener(\"DOMContentLoaded\",function(){for(var e,t,s=l.querySelectorAll(\"iframe.wp-embedded-content\"),r=0;r<s.length;r++)(t=(e=s[r]).getAttribute(\"data-secret\"))||(t=Math.random().toString(36).substring(2,12),e.src+=\"#?secret=\"+t,e.setAttribute(\"data-secret\",t)),e.contentWindow.postMessage({message:\"ready\",secret:t},\"*\")},!1)))}(window,document);\n\/* ]]> *\/\n<\/script>\n","description":"Der verabredete Wechselzeitraum ist erreicht. In den ersten beiden Jahren der Kooperation haben wir mit unserer Gr\u00fcnen B\u00fcrgermeisterin Gabriele Mahnert wichtige Etappenziele (z.B. die F\u00f6rderung der Sanierung der Jakobstreppe zwischen Friedrich-Ebert-Stra\u00dfe und N\u00fctzenberger Stra\u00dfe) und verschiedene kleine Verbesserungen oder Ver\u00e4nderungen (z.B. demn\u00e4chst Sportger\u00e4te im Remigius-Park...","thumbnail_url":"https:\/\/gruene-wuppertal.de\/fraktion\/wp-content\/uploads\/2022\/11\/Trio_Arrenberg_Klein-300x200.jpg"}

Fraktion von Bündnis 90 / DIE GRÜNEN im Rat der Stadt Wuppertal

Bettina Brücher

Der Staffelstab wird weitergereicht! - Fraktion von Bündnis 90 / DIE GRÜNEN im Rat der Stadt Wuppertal

<blockquote class="wp-embedded-content" data-secret="V6ro0bcd29"><a href="https://gruene-wuppertal.de/fraktion/bezirksvertretung/der-staffelstab-wird-weitergereicht/">Der Staffelstab wird weitergereicht!</a></blockquote><iframe sandbox="allow-scripts" security="restricted" src="https://gruene-wuppertal.de/fraktion/bezirksvertretung/der-staffelstab-wird-weitergereicht/embed/#?secret=V6ro0bcd29" width="600" height="338" title="&#8222;Der Staffelstab wird weitergereicht!&#8220; &#8212; Fraktion von Bündnis 90 / DIE GRÜNEN im Rat der Stadt Wuppertal" data-secret="V6ro0bcd29" frameborder="0" marginwidth="0" marginheight="0" scrolling="no" class="wp-embedded-content"></iframe><script type="text/javascript">
/* <![CDATA[ */
/*! This file is auto-generated */
!function(d,l){"use strict";l.querySelector&&d.addEventListener&&"undefined"!=typeof URL&&(d.wp=d.wp||{},d.wp.receiveEmbedMessage||(d.wp.receiveEmbedMessage=function(e){var t=e.data;if((t||t.secret||t.message||t.value)&&!/[^a-zA-Z0-9]/.test(t.secret)){for(var s,r,n,a=l.querySelectorAll('iframe[data-secret="'+t.secret+'"]'),o=l.querySelectorAll('blockquote[data-secret="'+t.secret+'"]'),c=new RegExp("^https?:$","i"),i=0;i<o.length;i++)o[i].style.display="none";for(i=0;i<a.length;i++)s=a[i],e.source===s.contentWindow&&(s.removeAttribute("style"),"height"===t.message?(1e3<(r=parseInt(t.value,10))?r=1e3:~~r<200&&(r=200),s.height=r):"link"===t.message&&(r=new URL(s.getAttribute("src")),n=new URL(t.value),c.test(n.protocol))&&n.host===r.host&&l.activeElement===s&&(d.top.location.href=t.value))}},d.addEventListener("message",d.wp.receiveEmbedMessage,!1),l.addEventListener("DOMContentLoaded",function(){for(var e,t,s=l.querySelectorAll("iframe.wp-embedded-content"),r=0;r<s.length;r++)(t=(e=s[r]).getAttribute("data-secret"))||(t=Math.random().toString(36).substring(2,12),e.src+="#?secret="+t,e.setAttribute("data-secret",t)),e.contentWindow.postMessage({message:"ready",secret:t},"*")},!1)))}(window,document);
/* ]]> */
</script>

Der verabredete Wechselzeitraum ist erreicht. In den ersten beiden Jahren der Kooperation haben wir mit unserer Grünen Bürgermeisterin Gabriele Mahnert wichtige Etappenziele (z.B. die Förderung der Sanierung der Jakobstreppe zwischen Friedrich-Ebert-Straße und Nützenberger Straße) und verschiedene kleine Verbesserungen oder Veränderungen (z.B. demnächst Sportgeräte im Remigius-Park...
