{"version":"1.0","provider_name":"Fraktion von B\u00fcndnis 90 \/ DIE GR\u00dcNEN im Rat der Stadt Wuppertal","provider_url":"https:\/\/gruene-wuppertal.de\/fraktion","author_name":"Karin Bohr","author_url":"https:\/\/gruene-wuppertal.de\/fraktion\/author\/karin-bohr\/","title":"Umsetzung des Kulturentwicklungsprozesses - Fraktion von B\u00fcndnis 90 \/ DIE GR\u00dcNEN im Rat der Stadt Wuppertal","type":"rich","width":600,"height":338,"html":"<blockquote class=\"wp-embedded-content\" data-secret=\"WSxePAQmcN\"><a href=\"https:\/\/gruene-wuppertal.de\/fraktion\/antraege\/umsetzung-des-kulturentwicklungsprozesses\/\">Umsetzung des Kulturentwicklungsprozesses<\/a><\/blockquote><iframe sandbox=\"allow-scripts\" security=\"restricted\" src=\"https:\/\/gruene-wuppertal.de\/fraktion\/antraege\/umsetzung-des-kulturentwicklungsprozesses\/embed\/#?secret=WSxePAQmcN\" width=\"600\" height=\"338\" title=\"&#8222;Umsetzung des Kulturentwicklungsprozesses&#8220; &#8212; Fraktion von B\u00fcndnis 90 \/ DIE GR\u00dcNEN im Rat der Stadt Wuppertal\" data-secret=\"WSxePAQmcN\" frameborder=\"0\" marginwidth=\"0\" marginheight=\"0\" scrolling=\"no\" class=\"wp-embedded-content\"><\/iframe><script type=\"text\/javascript\">\n\/* <![CDATA[ *\/\n\/*! This file is auto-generated *\/\n!function(d,l){\"use strict\";l.querySelector&&d.addEventListener&&\"undefined\"!=typeof URL&&(d.wp=d.wp||{},d.wp.receiveEmbedMessage||(d.wp.receiveEmbedMessage=function(e){var t=e.data;if((t||t.secret||t.message||t.value)&&!\/[^a-zA-Z0-9]\/.test(t.secret)){for(var s,r,n,a=l.querySelectorAll('iframe[data-secret=\"'+t.secret+'\"]'),o=l.querySelectorAll('blockquote[data-secret=\"'+t.secret+'\"]'),c=new RegExp(\"^https?:$\",\"i\"),i=0;i<o.length;i++)o[i].style.display=\"none\";for(i=0;i<a.length;i++)s=a[i],e.source===s.contentWindow&&(s.removeAttribute(\"style\"),\"height\"===t.message?(1e3<(r=parseInt(t.value,10))?r=1e3:~~r<200&&(r=200),s.height=r):\"link\"===t.message&&(r=new URL(s.getAttribute(\"src\")),n=new URL(t.value),c.test(n.protocol))&&n.host===r.host&&l.activeElement===s&&(d.top.location.href=t.value))}},d.addEventListener(\"message\",d.wp.receiveEmbedMessage,!1),l.addEventListener(\"DOMContentLoaded\",function(){for(var e,t,s=l.querySelectorAll(\"iframe.wp-embedded-content\"),r=0;r<s.length;r++)(t=(e=s[r]).getAttribute(\"data-secret\"))||(t=Math.random().toString(36).substring(2,12),e.src+=\"#?secret=\"+t,e.setAttribute(\"data-secret\",t)),e.contentWindow.postMessage({message:\"ready\",secret:t},\"*\")},!1)))}(window,document);\n\/* ]]> *\/\n<\/script>\n","description":"Antrag der Fraktionen von CDU und B\u00dcNDNIS 90\/DIE GR\u00dcNEN an den Ausschuss f\u00fcr Kultur am 26.06.2019 Der Antrag wurde ge\u00e4ndert beschlossen. Sehr geehrter Herr Dr. K\u00f6ster, bereits vor l\u00e4ngerer Zeit wurde in einem breiten Konsens im Kulturausschuss beschlossen, einen Kulturentwicklungsprozess anzusto\u00dfen, der zu verschiedenen, von..."}

Fraktion von Bündnis 90 / DIE GRÜNEN im Rat der Stadt Wuppertal

Umsetzung des Kulturentwicklungsprozesses - Fraktion von Bündnis 90 / DIE GRÜNEN im Rat der Stadt Wuppertal

<blockquote class="wp-embedded-content" data-secret="WSxePAQmcN"><a href="https://gruene-wuppertal.de/fraktion/antraege/umsetzung-des-kulturentwicklungsprozesses/">Umsetzung des Kulturentwicklungsprozesses</a></blockquote><iframe sandbox="allow-scripts" security="restricted" src="https://gruene-wuppertal.de/fraktion/antraege/umsetzung-des-kulturentwicklungsprozesses/embed/#?secret=WSxePAQmcN" width="600" height="338" title="&#8222;Umsetzung des Kulturentwicklungsprozesses&#8220; &#8212; Fraktion von Bündnis 90 / DIE GRÜNEN im Rat der Stadt Wuppertal" data-secret="WSxePAQmcN" frameborder="0" marginwidth="0" marginheight="0" scrolling="no" class="wp-embedded-content"></iframe><script type="text/javascript">
/* <![CDATA[ */
/*! This file is auto-generated */
!function(d,l){"use strict";l.querySelector&&d.addEventListener&&"undefined"!=typeof URL&&(d.wp=d.wp||{},d.wp.receiveEmbedMessage||(d.wp.receiveEmbedMessage=function(e){var t=e.data;if((t||t.secret||t.message||t.value)&&!/[^a-zA-Z0-9]/.test(t.secret)){for(var s,r,n,a=l.querySelectorAll('iframe[data-secret="'+t.secret+'"]'),o=l.querySelectorAll('blockquote[data-secret="'+t.secret+'"]'),c=new RegExp("^https?:$","i"),i=0;i<o.length;i++)o[i].style.display="none";for(i=0;i<a.length;i++)s=a[i],e.source===s.contentWindow&&(s.removeAttribute("style"),"height"===t.message?(1e3<(r=parseInt(t.value,10))?r=1e3:~~r<200&&(r=200),s.height=r):"link"===t.message&&(r=new URL(s.getAttribute("src")),n=new URL(t.value),c.test(n.protocol))&&n.host===r.host&&l.activeElement===s&&(d.top.location.href=t.value))}},d.addEventListener("message",d.wp.receiveEmbedMessage,!1),l.addEventListener("DOMContentLoaded",function(){for(var e,t,s=l.querySelectorAll("iframe.wp-embedded-content"),r=0;r<s.length;r++)(t=(e=s[r]).getAttribute("data-secret"))||(t=Math.random().toString(36).substring(2,12),e.src+="#?secret="+t,e.setAttribute("data-secret",t)),e.contentWindow.postMessage({message:"ready",secret:t},"*")},!1)))}(window,document);
/* ]]> */
</script>

Antrag der Fraktionen von CDU und BÜNDNIS 90/DIE GRÜNEN an den Ausschuss für Kultur am 26.06.2019 Der Antrag wurde geändert beschlossen. Sehr geehrter Herr Dr. Köster, bereits vor längerer Zeit wurde in einem breiten Konsens im Kulturausschuss beschlossen, einen Kulturentwicklungsprozess anzustoßen, der zu verschiedenen, von...
